{"id":10611,"date":"2022-02-03T15:40:03","date_gmt":"2022-02-03T14:40:03","guid":{"rendered":"https:\/\/cultura.santjosep.org\/agenda\/divendres-de-cine-petite-fille\/"},"modified":"2022-02-03T15:40:03","modified_gmt":"2022-02-03T14:40:03","slug":"divendres-de-cine-petite-fille","status":"publish","type":"tribe_events","link":"https:\/\/cultura.santjosep.org\/es\/agenda\/divendres-de-cine-petite-fille\/","title":{"rendered":"Divendres de cine \u2013 \u2018Petite Fille\u2019"},"content":{"rendered":"<p>\u00abPetite Fille\u00bb | VOSE | 2020 |<\/p>\n<p>Duraci\u00f3: 85 min. Fran\u00e7a<br \/>\nDirecci\u00f3: S\u00e9bastien Lifshitz.<br \/>\nSinopsi: Documental per a conscienciar sobre la identitat de g\u00e8nere, en aquest cas des de la perspectiva de Sasha, una nena que des de ben petita ja deia que \u00abquan creixi, ser\u00e9 una nena\u00bb, per\u00f2 en el seu dia a dia sofreix un entorn hostil cap a la seva situaci\u00f3.<\/p>\n<p><img loading=\"lazy\" decoding=\"async\" class=\"alignnone wp-image-10607 size-full\" src=\"https:\/\/cultura.santjosep.org\/wp-content\/uploads\/2022\/02\/50581.jpg\" alt=\"\" width=\"950\" height=\"1267\" srcset=\"https:\/\/cultura.santjosep.org\/wp-content\/uploads\/2022\/02\/50581.jpg 950w, https:\/\/cultura.santjosep.org\/wp-content\/uploads\/2022\/02\/50581-225x300.jpg 225w, https:\/\/cultura.santjosep.org\/wp-content\/uploads\/2022\/02\/50581-768x1024.jpg 768w\" sizes=\"auto, (max-width: 950px) 100vw, 950px\" \/><\/p>\n<p><strong>Entrada lliure fins a completar aforament.<\/strong><\/p>\n","protected":false},"excerpt":{"rendered":"<p>\u00abPetite Fille\u00bb | VOSE | 2020 | Duraci\u00f3: 85 min. Fran\u00e7a Direcci\u00f3: S\u00e9bastien Lifshitz. Sinopsi: Documental per a conscienciar sobre la identitat de g\u00e8nere, en aquest cas des de la &hellip; <\/p>\n<p class=\"link-more\"><a href=\"https:\/\/cultura.santjosep.org\/es\/agenda\/divendres-de-cine-petite-fille\/\" class=\"more-link\">Seguir leyendo<span class=\"screen-reader-text\"> \u00abDivendres de cine \u2013 \u2018Petite Fille\u2019\u00bb<\/span><\/a><\/p>\n","protected":false},"author":1,"featured_media":10606,"template":"","meta":{"_tribe_events_status":"","_tribe_events_status_reason":"","_tribe_events_is_hybrid":"","_tribe_events_is_virtual":"","_tribe_events_virtual_video_source":"","_tribe_events_virtual_embed_video":"","_tribe_events_virtual_linked_button_text":"","_tribe_events_virtual_linked_button":"","_tribe_events_virtual_show_embed_at":"","_tribe_events_virtual_show_embed_to":[],"_tribe_events_virtual_show_on_event":"","_tribe_events_virtual_show_on_views":"","_tribe_events_virtual_url":"","footnotes":""},"tags":[],"tribe_events_cat":[30],"class_list":["post-10611","tribe_events","type-tribe_events","status-publish","has-post-thumbnail","hentry","tribe_events_cat-cine","cat_cine","entry"],"yoast_head":"<!-- This site is optimized with the Yoast SEO plugin v26.6 - https:\/\/yoast.com\/wordpress\/plugins\/seo\/ -->\n<title>Divendres de cine \u2013 \u2018Petite Fille\u2019 - Cultura a Sant Josep de sa Talaia<\/title>\n<meta name=\"robots\" content=\"index, follow, max-snippet:-1, max-image-preview:large, max-video-preview:-1\" \/>\n<link rel=\"canonical\" href=\"https:\/\/cultura.santjosep.org\/es\/agenda\/divendres-de-cine-petite-fille\/\" \/>\n<meta property=\"og:locale\" content=\"es_ES\" \/>\n<meta property=\"og:type\" content=\"article\" \/>\n<meta property=\"og:title\" content=\"Divendres de cine \u2013 \u2018Petite Fille\u2019 - Cultura a Sant Josep de sa Talaia\" \/>\n<meta property=\"og:description\" content=\"\u00abPetite Fille\u00bb | VOSE | 2020 | Duraci\u00f3: 85 min. Fran\u00e7a Direcci\u00f3: S\u00e9bastien Lifshitz. Sinopsi: Documental per a conscienciar sobre la identitat de g\u00e8nere, en aquest cas des de la &hellip; Seguir leyendo \u00abDivendres de cine \u2013 \u2018Petite Fille\u2019\u00bb\" \/>\n<meta property=\"og:url\" content=\"https:\/\/cultura.santjosep.org\/es\/agenda\/divendres-de-cine-petite-fille\/\" \/>\n<meta property=\"og:site_name\" content=\"Cultura a Sant Josep de sa Talaia\" \/>\n<meta property=\"article:publisher\" content=\"https:\/\/www.facebook.com\/Ajuntament-de-Sant-Josep-de-sa-Talaia-197541666931354\/\" \/>\n<meta property=\"og:image\" content=\"https:\/\/cultura.santjosep.org\/wp-content\/uploads\/2022\/02\/50581.jpg\" \/>\n<meta name=\"twitter:card\" content=\"summary_large_image\" \/>\n<meta name=\"twitter:site\" content=\"@DeTalaia\" \/>\n<script type=\"application\/ld+json\" class=\"yoast-schema-graph\">{\"@context\":\"https:\/\/schema.org\",\"@graph\":[{\"@type\":\"WebPage\",\"@id\":\"https:\/\/cultura.santjosep.org\/es\/agenda\/divendres-de-cine-petite-fille\/\",\"url\":\"https:\/\/cultura.santjosep.org\/es\/agenda\/divendres-de-cine-petite-fille\/\",\"name\":\"Divendres de cine \u2013 \u2018Petite Fille\u2019 - Cultura a Sant Josep de sa Talaia\",\"isPartOf\":{\"@id\":\"https:\/\/cultura.santjosep.org\/es\/#website\"},\"primaryImageOfPage\":{\"@id\":\"https:\/\/cultura.santjosep.org\/es\/agenda\/divendres-de-cine-petite-fille\/#primaryimage\"},\"image\":{\"@id\":\"https:\/\/cultura.santjosep.org\/es\/agenda\/divendres-de-cine-petite-fille\/#primaryimage\"},\"thumbnailUrl\":\"https:\/\/cultura.santjosep.org\/wp-content\/uploads\/2022\/02\/800_800_scen_10.jpg\",\"datePublished\":\"2022-02-03T14:40:03+00:00\",\"breadcrumb\":{\"@id\":\"https:\/\/cultura.santjosep.org\/es\/agenda\/divendres-de-cine-petite-fille\/#breadcrumb\"},\"inLanguage\":\"es\",\"potentialAction\":[{\"@type\":\"ReadAction\",\"target\":[\"https:\/\/cultura.santjosep.org\/es\/agenda\/divendres-de-cine-petite-fille\/\"]}]},{\"@type\":\"ImageObject\",\"inLanguage\":\"es\",\"@id\":\"https:\/\/cultura.santjosep.org\/es\/agenda\/divendres-de-cine-petite-fille\/#primaryimage\",\"url\":\"https:\/\/cultura.santjosep.org\/wp-content\/uploads\/2022\/02\/800_800_scen_10.jpg\",\"contentUrl\":\"https:\/\/cultura.santjosep.org\/wp-content\/uploads\/2022\/02\/800_800_scen_10.jpg\",\"width\":800,\"height\":533},{\"@type\":\"BreadcrumbList\",\"@id\":\"https:\/\/cultura.santjosep.org\/es\/agenda\/divendres-de-cine-petite-fille\/#breadcrumb\",\"itemListElement\":[{\"@type\":\"ListItem\",\"position\":1,\"name\":\"Portada\",\"item\":\"https:\/\/cultura.santjosep.org\/es\/\"},{\"@type\":\"ListItem\",\"position\":2,\"name\":\"Eventos\",\"item\":\"https:\/\/cultura.santjosep.org\/agenda\/\"},{\"@type\":\"ListItem\",\"position\":3,\"name\":\"Divendres de cine \u2013 \u2018Petite Fille\u2019\"}]},{\"@type\":\"WebSite\",\"@id\":\"https:\/\/cultura.santjosep.org\/es\/#website\",\"url\":\"https:\/\/cultura.santjosep.org\/es\/\",\"name\":\"Cultura a Sant Josep de sa Talaia\",\"description\":\"\",\"publisher\":{\"@id\":\"https:\/\/cultura.santjosep.org\/es\/#organization\"},\"potentialAction\":[{\"@type\":\"SearchAction\",\"target\":{\"@type\":\"EntryPoint\",\"urlTemplate\":\"https:\/\/cultura.santjosep.org\/es\/?s={search_term_string}\"},\"query-input\":{\"@type\":\"PropertyValueSpecification\",\"valueRequired\":true,\"valueName\":\"search_term_string\"}}],\"inLanguage\":\"es\"},{\"@type\":\"Organization\",\"@id\":\"https:\/\/cultura.santjosep.org\/es\/#organization\",\"name\":\"Ajuntament de Sant Josep de sa Talaia\",\"url\":\"https:\/\/cultura.santjosep.org\/es\/\",\"logo\":{\"@type\":\"ImageObject\",\"inLanguage\":\"es\",\"@id\":\"https:\/\/cultura.santjosep.org\/es\/#\/schema\/logo\/image\/\",\"url\":\"https:\/\/cultura.santjosep.org\/wp-content\/uploads\/2020\/10\/logocolor.jpg\",\"contentUrl\":\"https:\/\/cultura.santjosep.org\/wp-content\/uploads\/2020\/10\/logocolor.jpg\",\"width\":250,\"height\":98,\"caption\":\"Ajuntament de Sant Josep de sa Talaia\"},\"image\":{\"@id\":\"https:\/\/cultura.santjosep.org\/es\/#\/schema\/logo\/image\/\"},\"sameAs\":[\"https:\/\/www.facebook.com\/Ajuntament-de-Sant-Josep-de-sa-Talaia-197541666931354\/\",\"https:\/\/x.com\/DeTalaia\",\"https:\/\/www.instagram.com\/sant_josep_de_sa_talaia\/\"]}]}<\/script>\n<!-- \/ Yoast SEO plugin. -->","yoast_head_json":{"title":"Divendres de cine \u2013 \u2018Petite Fille\u2019 - Cultura a Sant Josep de sa Talaia","robots":{"index":"index","follow":"follow","max-snippet":"max-snippet:-1","max-image-preview":"max-image-preview:large","max-video-preview":"max-video-preview:-1"},"canonical":"https:\/\/cultura.santjosep.org\/es\/agenda\/divendres-de-cine-petite-fille\/","og_locale":"es_ES","og_type":"article","og_title":"Divendres de cine \u2013 \u2018Petite Fille\u2019 - Cultura a Sant Josep de sa Talaia","og_description":"\u00abPetite Fille\u00bb | VOSE | 2020 | Duraci\u00f3: 85 min. Fran\u00e7a Direcci\u00f3: S\u00e9bastien Lifshitz. Sinopsi: Documental per a conscienciar sobre la identitat de g\u00e8nere, en aquest cas des de la &hellip; Seguir leyendo \u00abDivendres de cine \u2013 \u2018Petite Fille\u2019\u00bb","og_url":"https:\/\/cultura.santjosep.org\/es\/agenda\/divendres-de-cine-petite-fille\/","og_site_name":"Cultura a Sant Josep de sa Talaia","article_publisher":"https:\/\/www.facebook.com\/Ajuntament-de-Sant-Josep-de-sa-Talaia-197541666931354\/","og_image":[{"url":"https:\/\/cultura.santjosep.org\/wp-content\/uploads\/2022\/02\/50581.jpg","type":"","width":"","height":""}],"twitter_card":"summary_large_image","twitter_site":"@DeTalaia","schema":{"@context":"https:\/\/schema.org","@graph":[{"@type":"WebPage","@id":"https:\/\/cultura.santjosep.org\/es\/agenda\/divendres-de-cine-petite-fille\/","url":"https:\/\/cultura.santjosep.org\/es\/agenda\/divendres-de-cine-petite-fille\/","name":"Divendres de cine \u2013 \u2018Petite Fille\u2019 - Cultura a Sant Josep de sa Talaia","isPartOf":{"@id":"https:\/\/cultura.santjosep.org\/es\/#website"},"primaryImageOfPage":{"@id":"https:\/\/cultura.santjosep.org\/es\/agenda\/divendres-de-cine-petite-fille\/#primaryimage"},"image":{"@id":"https:\/\/cultura.santjosep.org\/es\/agenda\/divendres-de-cine-petite-fille\/#primaryimage"},"thumbnailUrl":"https:\/\/cultura.santjosep.org\/wp-content\/uploads\/2022\/02\/800_800_scen_10.jpg","datePublished":"2022-02-03T14:40:03+00:00","breadcrumb":{"@id":"https:\/\/cultura.santjosep.org\/es\/agenda\/divendres-de-cine-petite-fille\/#breadcrumb"},"inLanguage":"es","potentialAction":[{"@type":"ReadAction","target":["https:\/\/cultura.santjosep.org\/es\/agenda\/divendres-de-cine-petite-fille\/"]}]},{"@type":"ImageObject","inLanguage":"es","@id":"https:\/\/cultura.santjosep.org\/es\/agenda\/divendres-de-cine-petite-fille\/#primaryimage","url":"https:\/\/cultura.santjosep.org\/wp-content\/uploads\/2022\/02\/800_800_scen_10.jpg","contentUrl":"https:\/\/cultura.santjosep.org\/wp-content\/uploads\/2022\/02\/800_800_scen_10.jpg","width":800,"height":533},{"@type":"BreadcrumbList","@id":"https:\/\/cultura.santjosep.org\/es\/agenda\/divendres-de-cine-petite-fille\/#breadcrumb","itemListElement":[{"@type":"ListItem","position":1,"name":"Portada","item":"https:\/\/cultura.santjosep.org\/es\/"},{"@type":"ListItem","position":2,"name":"Eventos","item":"https:\/\/cultura.santjosep.org\/agenda\/"},{"@type":"ListItem","position":3,"name":"Divendres de cine \u2013 \u2018Petite Fille\u2019"}]},{"@type":"WebSite","@id":"https:\/\/cultura.santjosep.org\/es\/#website","url":"https:\/\/cultura.santjosep.org\/es\/","name":"Cultura a Sant Josep de sa Talaia","description":"","publisher":{"@id":"https:\/\/cultura.santjosep.org\/es\/#organization"},"potentialAction":[{"@type":"SearchAction","target":{"@type":"EntryPoint","urlTemplate":"https:\/\/cultura.santjosep.org\/es\/?s={search_term_string}"},"query-input":{"@type":"PropertyValueSpecification","valueRequired":true,"valueName":"search_term_string"}}],"inLanguage":"es"},{"@type":"Organization","@id":"https:\/\/cultura.santjosep.org\/es\/#organization","name":"Ajuntament de Sant Josep de sa Talaia","url":"https:\/\/cultura.santjosep.org\/es\/","logo":{"@type":"ImageObject","inLanguage":"es","@id":"https:\/\/cultura.santjosep.org\/es\/#\/schema\/logo\/image\/","url":"https:\/\/cultura.santjosep.org\/wp-content\/uploads\/2020\/10\/logocolor.jpg","contentUrl":"https:\/\/cultura.santjosep.org\/wp-content\/uploads\/2020\/10\/logocolor.jpg","width":250,"height":98,"caption":"Ajuntament de Sant Josep de sa Talaia"},"image":{"@id":"https:\/\/cultura.santjosep.org\/es\/#\/schema\/logo\/image\/"},"sameAs":["https:\/\/www.facebook.com\/Ajuntament-de-Sant-Josep-de-sa-Talaia-197541666931354\/","https:\/\/x.com\/DeTalaia","https:\/\/www.instagram.com\/sant_josep_de_sa_talaia\/"]}]}},"_links":{"self":[{"href":"https:\/\/cultura.santjosep.org\/es\/wp-json\/wp\/v2\/tribe_events\/10611","targetHints":{"allow":["GET"]}}],"collection":[{"href":"https:\/\/cultura.santjosep.org\/es\/wp-json\/wp\/v2\/tribe_events"}],"about":[{"href":"https:\/\/cultura.santjosep.org\/es\/wp-json\/wp\/v2\/types\/tribe_events"}],"author":[{"embeddable":true,"href":"https:\/\/cultura.santjosep.org\/es\/wp-json\/wp\/v2\/users\/1"}],"version-history":[{"count":0,"href":"https:\/\/cultura.santjosep.org\/es\/wp-json\/wp\/v2\/tribe_events\/10611\/revisions"}],"wp:featuredmedia":[{"embeddable":true,"href":"https:\/\/cultura.santjosep.org\/es\/wp-json\/wp\/v2\/media\/10606"}],"wp:attachment":[{"href":"https:\/\/cultura.santjosep.org\/es\/wp-json\/wp\/v2\/media?parent=10611"}],"wp:term":[{"taxonomy":"post_tag","embeddable":true,"href":"https:\/\/cultura.santjosep.org\/es\/wp-json\/wp\/v2\/tags?post=10611"},{"taxonomy":"tribe_events_cat","embeddable":true,"href":"https:\/\/cultura.santjosep.org\/es\/wp-json\/wp\/v2\/tribe_events_cat?post=10611"}],"curies":[{"name":"wp","href":"https:\/\/api.w.org\/{rel}","templated":true}]}}

<p>«Petite Fille» | VOSE | 2020 |</p>
<p>Duració: 85 min. França<br />
Direcció: Sébastien Lifshitz.<br />
Sinopsi: Documental per a conscienciar sobre la identitat de gènere, en aquest cas des de la perspectiva de Sasha, una nena que des de ben petita ja deia que «quan creixi, seré una nena», però en el seu dia a dia sofreix un entorn hostil cap a la seva situació.</p>
<p><img loading="lazy" decoding="async" class="alignnone wp-image-10607 size-full" src="https://cultura.santjosep.org/wp-content/uploads/2022/02/50581.jpg" alt="" width="950" height="1267" srcset="https://cultura.santjosep.org/wp-content/uploads/2022/02/50581.jpg 950w, https://cultura.santjosep.org/wp-content/uploads/2022/02/50581-225x300.jpg 225w, https://cultura.santjosep.org/wp-content/uploads/2022/02/50581-768x1024.jpg 768w" sizes="auto, (max-width: 950px) 100vw, 950px" /></p>
<p><strong>Entrada lliure fins a completar aforament.</strong></p>

<p>«Petite Fille» | VOSE | 2020 | Duració: 85 min. França Direcció: Sébastien Lifshitz. Sinopsi: Documental per a conscienciar sobre la identitat de gènere, en aquest cas des de la &hellip; </p>
<p class="link-more"><a href="https://cultura.santjosep.org/es/agenda/divendres-de-cine-petite-fille/" class="more-link">Seguir leyendo<span class="screen-reader-text"> «Divendres de cine – ‘Petite Fille’»</span></a></p>

<!-- This site is optimized with the Yoast SEO plugin v26.6 - https://yoast.com/wordpress/plugins/seo/ -->
<title>Divendres de cine – ‘Petite Fille’ - Cultura a Sant Josep de sa Talaia</title>
<meta name="robots" content="index, follow, max-snippet:-1, max-image-preview:large, max-video-preview:-1" />
<link rel="canonical" href="https://cultura.santjosep.org/es/agenda/divendres-de-cine-petite-fille/" />
<meta property="og:locale" content="es_ES" />
<meta property="og:type" content="article" />
<meta property="og:title" content="Divendres de cine – ‘Petite Fille’ - Cultura a Sant Josep de sa Talaia" />
<meta property="og:description" content="«Petite Fille» | VOSE | 2020 | Duració: 85 min. França Direcció: Sébastien Lifshitz. Sinopsi: Documental per a conscienciar sobre la identitat de gènere, en aquest cas des de la &hellip; Seguir leyendo «Divendres de cine – ‘Petite Fille’»" />
<meta property="og:url" content="https://cultura.santjosep.org/es/agenda/divendres-de-cine-petite-fille/" />
<meta property="og:site_name" content="Cultura a Sant Josep de sa Talaia" />
<meta property="article:publisher" content="https://www.facebook.com/Ajuntament-de-Sant-Josep-de-sa-Talaia-197541666931354/" />
<meta property="og:image" content="https://cultura.santjosep.org/wp-content/uploads/2022/02/50581.jpg" />
<meta name="twitter:card" content="summary_large_image" />
<meta name="twitter:site" content="@DeTalaia" />
<script type="application/ld+json" class="yoast-schema-graph">{"@context":"https://schema.org","@graph":[{"@type":"WebPage","@id":"https://cultura.santjosep.org/es/agenda/divendres-de-cine-petite-fille/","url":"https://cultura.santjosep.org/es/agenda/divendres-de-cine-petite-fille/","name":"Divendres de cine – ‘Petite Fille’ - Cultura a Sant Josep de sa Talaia","isPartOf":{"@id":"https://cultura.santjosep.org/es/#website"},"primaryImageOfPage":{"@id":"https://cultura.santjosep.org/es/agenda/divendres-de-cine-petite-fille/#primaryimage"},"image":{"@id":"https://cultura.santjosep.org/es/agenda/divendres-de-cine-petite-fille/#primaryimage"},"thumbnailUrl":"https://cultura.santjosep.org/wp-content/uploads/2022/02/800_800_scen_10.jpg","datePublished":"2022-02-03T14:40:03+00:00","breadcrumb":{"@id":"https://cultura.santjosep.org/es/agenda/divendres-de-cine-petite-fille/#breadcrumb"},"inLanguage":"es","potentialAction":[{"@type":"ReadAction","target":["https://cultura.santjosep.org/es/agenda/divendres-de-cine-petite-fille/"]}]},{"@type":"ImageObject","inLanguage":"es","@id":"https://cultura.santjosep.org/es/agenda/divendres-de-cine-petite-fille/#primaryimage","url":"https://cultura.santjosep.org/wp-content/uploads/2022/02/800_800_scen_10.jpg","contentUrl":"https://cultura.santjosep.org/wp-content/uploads/2022/02/800_800_scen_10.jpg","width":800,"height":533},{"@type":"BreadcrumbList","@id":"https://cultura.santjosep.org/es/agenda/divendres-de-cine-petite-fille/#breadcrumb","itemListElement":[{"@type":"ListItem","position":1,"name":"Portada","item":"https://cultura.santjosep.org/es/"},{"@type":"ListItem","position":2,"name":"Eventos","item":"https://cultura.santjosep.org/agenda/"},{"@type":"ListItem","position":3,"name":"Divendres de cine – ‘Petite Fille’"}]},{"@type":"WebSite","@id":"https://cultura.santjosep.org/es/#website","url":"https://cultura.santjosep.org/es/","name":"Cultura a Sant Josep de sa Talaia","description":"","publisher":{"@id":"https://cultura.santjosep.org/es/#organization"},"potentialAction":[{"@type":"SearchAction","target":{"@type":"EntryPoint","urlTemplate":"https://cultura.santjosep.org/es/?s={search_term_string}"},"query-input":{"@type":"PropertyValueSpecification","valueRequired":true,"valueName":"search_term_string"}}],"inLanguage":"es"},{"@type":"Organization","@id":"https://cultura.santjosep.org/es/#organization","name":"Ajuntament de Sant Josep de sa Talaia","url":"https://cultura.santjosep.org/es/","logo":{"@type":"ImageObject","inLanguage":"es","@id":"https://cultura.santjosep.org/es/#/schema/logo/image/","url":"https://cultura.santjosep.org/wp-content/uploads/2020/10/logocolor.jpg","contentUrl":"https://cultura.santjosep.org/wp-content/uploads/2020/10/logocolor.jpg","width":250,"height":98,"caption":"Ajuntament de Sant Josep de sa Talaia"},"image":{"@id":"https://cultura.santjosep.org/es/#/schema/logo/image/"},"sameAs":["https://www.facebook.com/Ajuntament-de-Sant-Josep-de-sa-Talaia-197541666931354/","https://x.com/DeTalaia","https://www.instagram.com/sant_josep_de_sa_talaia/"]}]}</script>
<!-- / Yoast SEO plugin. -->

«Petite Fille» | VOSE | 2020 | Duració: 85 min. França Direcció: Sébastien Lifshitz. Sinopsi: Documental per a conscienciar sobre la identitat de gènere, en aquest cas des de la &hellip; Seguir leyendo «Divendres de cine – ‘Petite Fille’»
