{"id":10936,"date":"2022-03-02T14:00:05","date_gmt":"2022-03-02T13:00:05","guid":{"rendered":"https:\/\/cultura.santjosep.org\/?post_type=tribe_events&#038;p=10936"},"modified":"2022-03-02T14:00:08","modified_gmt":"2022-03-02T13:00:08","slug":"viu-sant-josep","status":"publish","type":"tribe_events","link":"https:\/\/cultura.santjosep.org\/es\/agenda\/viu-sant-josep\/","title":{"rendered":"Viu Sant Josep!"},"content":{"rendered":"<p>Festa al carrer des del migdia fins al sol post, per gaudir del poble. Menjar i buguda a c\u00e0rrec de diferents associacions del poble. Al voltant de l&#8217;Ajuntament.<\/p>\n<p>&#8211; <strong>Taller de cuina infantil<\/strong> amb la Xef Pipa. A partir de 4 anys, acompanyats d&#8217;un adult. Imprescindible inscripci\u00f3 a l&#8217;a\/e <a href=\"mailto:festes@santjosep.org\">festes@santjosep.org<\/a> indicant nom, cognoms, edat i telefon de contacte. A continuaci\u00f3 la Xef Pipa estrena programa de televisi\u00f3. Espectacle familiar obert al p\u00fablic en general. A carrec de la companyia Tolo Ferra.<br \/>\n&#8211; <strong>Jocs pera tota la familia<\/strong>. &#8216;Els amics d&#8217;en Crus\u00f3&#8217;, a carrec de Toe de Fusta.<br \/>\n&#8211; <strong>Jukebox<\/strong>. L&#8217;espectacle ambla classica maquina de discos o jukebox. Tria una can\u00e7\u00f3 en d&#8217;entre directe una la l lista interde retaram\u00e9s de 50 i una banda en directe la interpretar\u00e0!<br \/>\n&#8211; <strong>M\u00e0gia<\/strong> de carrer amb Don Gelati<br \/>\n&#8211; <strong>Concert del grup Rels<\/strong> Presenta el nou treball &#8216;Sa rosa des desert&#8217;, que forma part del seu proper \u00e0lbum &#8216;\u00c0nimes Salvatges&#8217;<\/p>\n","protected":false},"excerpt":{"rendered":"<p>Festa al carrer des del migdia fins al sol post, per gaudir del poble. Menjar i buguda a c\u00e0rrec de diferents associacions del poble. Al voltant de l&#8217;Ajuntament. &#8211; Taller &hellip; <\/p>\n<p class=\"link-more\"><a href=\"https:\/\/cultura.santjosep.org\/es\/agenda\/viu-sant-josep\/\" class=\"more-link\">Seguir leyendo<span class=\"screen-reader-text\"> \u00abViu Sant Josep!\u00bb<\/span><\/a><\/p>\n","protected":false},"author":1,"featured_media":9560,"template":"","meta":{"_tribe_events_status":"","_tribe_events_status_reason":"","_tribe_events_is_hybrid":"","_tribe_events_is_virtual":"","_tribe_events_virtual_video_source":"","_tribe_events_virtual_embed_video":"","_tribe_events_virtual_linked_button_text":"","_tribe_events_virtual_linked_button":"","_tribe_events_virtual_show_embed_at":"","_tribe_events_virtual_show_embed_to":[],"_tribe_events_virtual_show_on_event":"","_tribe_events_virtual_show_on_views":"","_tribe_events_virtual_url":"","footnotes":""},"tags":[],"tribe_events_cat":[118],"class_list":["post-10936","tribe_events","type-tribe_events","status-publish","has-post-thumbnail","hentry","tribe_events_cat-festes-sant-josep-2022-es","cat_festes-sant-josep-2022-es","entry"],"yoast_head":"<!-- This site is optimized with the Yoast SEO plugin v26.6 - https:\/\/yoast.com\/wordpress\/plugins\/seo\/ -->\n<title>Viu Sant Josep! - Cultura a Sant Josep de sa Talaia<\/title>\n<meta name=\"robots\" content=\"index, follow, max-snippet:-1, max-image-preview:large, max-video-preview:-1\" \/>\n<link rel=\"canonical\" href=\"https:\/\/cultura.santjosep.org\/es\/agenda\/viu-sant-josep\/\" \/>\n<meta property=\"og:locale\" content=\"es_ES\" \/>\n<meta property=\"og:type\" content=\"article\" \/>\n<meta property=\"og:title\" content=\"Viu Sant Josep! - Cultura a Sant Josep de sa Talaia\" \/>\n<meta property=\"og:description\" content=\"Festa al carrer des del migdia fins al sol post, per gaudir del poble. Menjar i buguda a c\u00e0rrec de diferents associacions del poble. Al voltant de l&#8217;Ajuntament. &#8211; Taller &hellip; Seguir leyendo \u00abViu Sant Josep!\u00bb\" \/>\n<meta property=\"og:url\" content=\"https:\/\/cultura.santjosep.org\/es\/agenda\/viu-sant-josep\/\" \/>\n<meta property=\"og:site_name\" content=\"Cultura a Sant Josep de sa Talaia\" \/>\n<meta property=\"article:publisher\" content=\"https:\/\/www.facebook.com\/Ajuntament-de-Sant-Josep-de-sa-Talaia-197541666931354\/\" \/>\n<meta property=\"article:modified_time\" content=\"2022-03-02T13:00:08+00:00\" \/>\n<meta property=\"og:image\" content=\"https:\/\/cultura.santjosep.org\/wp-content\/uploads\/2021\/12\/iglesiasanjosep.jpg\" \/>\n\t<meta property=\"og:image:width\" content=\"2000\" \/>\n\t<meta property=\"og:image:height\" content=\"1500\" \/>\n\t<meta property=\"og:image:type\" content=\"image\/jpeg\" \/>\n<meta name=\"twitter:card\" content=\"summary_large_image\" \/>\n<meta name=\"twitter:site\" content=\"@DeTalaia\" \/>\n<meta name=\"twitter:label1\" content=\"Tiempo de lectura\" \/>\n\t<meta name=\"twitter:data1\" content=\"1 minuto\" \/>\n<script type=\"application\/ld+json\" class=\"yoast-schema-graph\">{\"@context\":\"https:\/\/schema.org\",\"@graph\":[{\"@type\":\"WebPage\",\"@id\":\"https:\/\/cultura.santjosep.org\/es\/agenda\/viu-sant-josep\/\",\"url\":\"https:\/\/cultura.santjosep.org\/es\/agenda\/viu-sant-josep\/\",\"name\":\"Viu Sant Josep! - Cultura a Sant Josep de sa Talaia\",\"isPartOf\":{\"@id\":\"https:\/\/cultura.santjosep.org\/es\/#website\"},\"primaryImageOfPage\":{\"@id\":\"https:\/\/cultura.santjosep.org\/es\/agenda\/viu-sant-josep\/#primaryimage\"},\"image\":{\"@id\":\"https:\/\/cultura.santjosep.org\/es\/agenda\/viu-sant-josep\/#primaryimage\"},\"thumbnailUrl\":\"https:\/\/cultura.santjosep.org\/wp-content\/uploads\/2021\/12\/iglesiasanjosep.jpg\",\"datePublished\":\"2022-03-02T13:00:05+00:00\",\"dateModified\":\"2022-03-02T13:00:08+00:00\",\"breadcrumb\":{\"@id\":\"https:\/\/cultura.santjosep.org\/es\/agenda\/viu-sant-josep\/#breadcrumb\"},\"inLanguage\":\"es\",\"potentialAction\":[{\"@type\":\"ReadAction\",\"target\":[\"https:\/\/cultura.santjosep.org\/es\/agenda\/viu-sant-josep\/\"]}]},{\"@type\":\"ImageObject\",\"inLanguage\":\"es\",\"@id\":\"https:\/\/cultura.santjosep.org\/es\/agenda\/viu-sant-josep\/#primaryimage\",\"url\":\"https:\/\/cultura.santjosep.org\/wp-content\/uploads\/2021\/12\/iglesiasanjosep.jpg\",\"contentUrl\":\"https:\/\/cultura.santjosep.org\/wp-content\/uploads\/2021\/12\/iglesiasanjosep.jpg\",\"width\":2000,\"height\":1500},{\"@type\":\"BreadcrumbList\",\"@id\":\"https:\/\/cultura.santjosep.org\/es\/agenda\/viu-sant-josep\/#breadcrumb\",\"itemListElement\":[{\"@type\":\"ListItem\",\"position\":1,\"name\":\"Portada\",\"item\":\"https:\/\/cultura.santjosep.org\/es\/\"},{\"@type\":\"ListItem\",\"position\":2,\"name\":\"Eventos\",\"item\":\"https:\/\/cultura.santjosep.org\/agenda\/\"},{\"@type\":\"ListItem\",\"position\":3,\"name\":\"Viu Sant Josep!\"}]},{\"@type\":\"WebSite\",\"@id\":\"https:\/\/cultura.santjosep.org\/es\/#website\",\"url\":\"https:\/\/cultura.santjosep.org\/es\/\",\"name\":\"Cultura a Sant Josep de sa Talaia\",\"description\":\"\",\"publisher\":{\"@id\":\"https:\/\/cultura.santjosep.org\/es\/#organization\"},\"potentialAction\":[{\"@type\":\"SearchAction\",\"target\":{\"@type\":\"EntryPoint\",\"urlTemplate\":\"https:\/\/cultura.santjosep.org\/es\/?s={search_term_string}\"},\"query-input\":{\"@type\":\"PropertyValueSpecification\",\"valueRequired\":true,\"valueName\":\"search_term_string\"}}],\"inLanguage\":\"es\"},{\"@type\":\"Organization\",\"@id\":\"https:\/\/cultura.santjosep.org\/es\/#organization\",\"name\":\"Ajuntament de Sant Josep de sa Talaia\",\"url\":\"https:\/\/cultura.santjosep.org\/es\/\",\"logo\":{\"@type\":\"ImageObject\",\"inLanguage\":\"es\",\"@id\":\"https:\/\/cultura.santjosep.org\/es\/#\/schema\/logo\/image\/\",\"url\":\"https:\/\/cultura.santjosep.org\/wp-content\/uploads\/2020\/10\/logocolor.jpg\",\"contentUrl\":\"https:\/\/cultura.santjosep.org\/wp-content\/uploads\/2020\/10\/logocolor.jpg\",\"width\":250,\"height\":98,\"caption\":\"Ajuntament de Sant Josep de sa Talaia\"},\"image\":{\"@id\":\"https:\/\/cultura.santjosep.org\/es\/#\/schema\/logo\/image\/\"},\"sameAs\":[\"https:\/\/www.facebook.com\/Ajuntament-de-Sant-Josep-de-sa-Talaia-197541666931354\/\",\"https:\/\/x.com\/DeTalaia\",\"https:\/\/www.instagram.com\/sant_josep_de_sa_talaia\/\"]}]}<\/script>\n<!-- \/ Yoast SEO plugin. -->","yoast_head_json":{"title":"Viu Sant Josep! - Cultura a Sant Josep de sa Talaia","robots":{"index":"index","follow":"follow","max-snippet":"max-snippet:-1","max-image-preview":"max-image-preview:large","max-video-preview":"max-video-preview:-1"},"canonical":"https:\/\/cultura.santjosep.org\/es\/agenda\/viu-sant-josep\/","og_locale":"es_ES","og_type":"article","og_title":"Viu Sant Josep! - Cultura a Sant Josep de sa Talaia","og_description":"Festa al carrer des del migdia fins al sol post, per gaudir del poble. Menjar i buguda a c\u00e0rrec de diferents associacions del poble. Al voltant de l&#8217;Ajuntament. &#8211; Taller &hellip; Seguir leyendo \u00abViu Sant Josep!\u00bb","og_url":"https:\/\/cultura.santjosep.org\/es\/agenda\/viu-sant-josep\/","og_site_name":"Cultura a Sant Josep de sa Talaia","article_publisher":"https:\/\/www.facebook.com\/Ajuntament-de-Sant-Josep-de-sa-Talaia-197541666931354\/","article_modified_time":"2022-03-02T13:00:08+00:00","og_image":[{"width":2000,"height":1500,"url":"https:\/\/cultura.santjosep.org\/wp-content\/uploads\/2021\/12\/iglesiasanjosep.jpg","type":"image\/jpeg"}],"twitter_card":"summary_large_image","twitter_site":"@DeTalaia","twitter_misc":{"Tiempo de lectura":"1 minuto"},"schema":{"@context":"https:\/\/schema.org","@graph":[{"@type":"WebPage","@id":"https:\/\/cultura.santjosep.org\/es\/agenda\/viu-sant-josep\/","url":"https:\/\/cultura.santjosep.org\/es\/agenda\/viu-sant-josep\/","name":"Viu Sant Josep! - Cultura a Sant Josep de sa Talaia","isPartOf":{"@id":"https:\/\/cultura.santjosep.org\/es\/#website"},"primaryImageOfPage":{"@id":"https:\/\/cultura.santjosep.org\/es\/agenda\/viu-sant-josep\/#primaryimage"},"image":{"@id":"https:\/\/cultura.santjosep.org\/es\/agenda\/viu-sant-josep\/#primaryimage"},"thumbnailUrl":"https:\/\/cultura.santjosep.org\/wp-content\/uploads\/2021\/12\/iglesiasanjosep.jpg","datePublished":"2022-03-02T13:00:05+00:00","dateModified":"2022-03-02T13:00:08+00:00","breadcrumb":{"@id":"https:\/\/cultura.santjosep.org\/es\/agenda\/viu-sant-josep\/#breadcrumb"},"inLanguage":"es","potentialAction":[{"@type":"ReadAction","target":["https:\/\/cultura.santjosep.org\/es\/agenda\/viu-sant-josep\/"]}]},{"@type":"ImageObject","inLanguage":"es","@id":"https:\/\/cultura.santjosep.org\/es\/agenda\/viu-sant-josep\/#primaryimage","url":"https:\/\/cultura.santjosep.org\/wp-content\/uploads\/2021\/12\/iglesiasanjosep.jpg","contentUrl":"https:\/\/cultura.santjosep.org\/wp-content\/uploads\/2021\/12\/iglesiasanjosep.jpg","width":2000,"height":1500},{"@type":"BreadcrumbList","@id":"https:\/\/cultura.santjosep.org\/es\/agenda\/viu-sant-josep\/#breadcrumb","itemListElement":[{"@type":"ListItem","position":1,"name":"Portada","item":"https:\/\/cultura.santjosep.org\/es\/"},{"@type":"ListItem","position":2,"name":"Eventos","item":"https:\/\/cultura.santjosep.org\/agenda\/"},{"@type":"ListItem","position":3,"name":"Viu Sant Josep!"}]},{"@type":"WebSite","@id":"https:\/\/cultura.santjosep.org\/es\/#website","url":"https:\/\/cultura.santjosep.org\/es\/","name":"Cultura a Sant Josep de sa Talaia","description":"","publisher":{"@id":"https:\/\/cultura.santjosep.org\/es\/#organization"},"potentialAction":[{"@type":"SearchAction","target":{"@type":"EntryPoint","urlTemplate":"https:\/\/cultura.santjosep.org\/es\/?s={search_term_string}"},"query-input":{"@type":"PropertyValueSpecification","valueRequired":true,"valueName":"search_term_string"}}],"inLanguage":"es"},{"@type":"Organization","@id":"https:\/\/cultura.santjosep.org\/es\/#organization","name":"Ajuntament de Sant Josep de sa Talaia","url":"https:\/\/cultura.santjosep.org\/es\/","logo":{"@type":"ImageObject","inLanguage":"es","@id":"https:\/\/cultura.santjosep.org\/es\/#\/schema\/logo\/image\/","url":"https:\/\/cultura.santjosep.org\/wp-content\/uploads\/2020\/10\/logocolor.jpg","contentUrl":"https:\/\/cultura.santjosep.org\/wp-content\/uploads\/2020\/10\/logocolor.jpg","width":250,"height":98,"caption":"Ajuntament de Sant Josep de sa Talaia"},"image":{"@id":"https:\/\/cultura.santjosep.org\/es\/#\/schema\/logo\/image\/"},"sameAs":["https:\/\/www.facebook.com\/Ajuntament-de-Sant-Josep-de-sa-Talaia-197541666931354\/","https:\/\/x.com\/DeTalaia","https:\/\/www.instagram.com\/sant_josep_de_sa_talaia\/"]}]}},"_links":{"self":[{"href":"https:\/\/cultura.santjosep.org\/es\/wp-json\/wp\/v2\/tribe_events\/10936","targetHints":{"allow":["GET"]}}],"collection":[{"href":"https:\/\/cultura.santjosep.org\/es\/wp-json\/wp\/v2\/tribe_events"}],"about":[{"href":"https:\/\/cultura.santjosep.org\/es\/wp-json\/wp\/v2\/types\/tribe_events"}],"author":[{"embeddable":true,"href":"https:\/\/cultura.santjosep.org\/es\/wp-json\/wp\/v2\/users\/1"}],"version-history":[{"count":0,"href":"https:\/\/cultura.santjosep.org\/es\/wp-json\/wp\/v2\/tribe_events\/10936\/revisions"}],"wp:featuredmedia":[{"embeddable":true,"href":"https:\/\/cultura.santjosep.org\/es\/wp-json\/wp\/v2\/media\/9560"}],"wp:attachment":[{"href":"https:\/\/cultura.santjosep.org\/es\/wp-json\/wp\/v2\/media?parent=10936"}],"wp:term":[{"taxonomy":"post_tag","embeddable":true,"href":"https:\/\/cultura.santjosep.org\/es\/wp-json\/wp\/v2\/tags?post=10936"},{"taxonomy":"tribe_events_cat","embeddable":true,"href":"https:\/\/cultura.santjosep.org\/es\/wp-json\/wp\/v2\/tribe_events_cat?post=10936"}],"curies":[{"name":"wp","href":"https:\/\/api.w.org\/{rel}","templated":true}]}}

<p>Festa al carrer des del migdia fins al sol post, per gaudir del poble. Menjar i buguda a càrrec de diferents associacions del poble. Al voltant de l&#8217;Ajuntament.</p>
<p>&#8211; <strong>Taller de cuina infantil</strong> amb la Xef Pipa. A partir de 4 anys, acompanyats d&#8217;un adult. Imprescindible inscripció a l&#8217;a/e <a href="mailto:festes@santjosep.org">festes@santjosep.org</a> indicant nom, cognoms, edat i telefon de contacte. A continuació la Xef Pipa estrena programa de televisió. Espectacle familiar obert al públic en general. A carrec de la companyia Tolo Ferra.<br />
&#8211; <strong>Jocs pera tota la familia</strong>. &#8216;Els amics d&#8217;en Crusó&#8217;, a carrec de Toe de Fusta.<br />
&#8211; <strong>Jukebox</strong>. L&#8217;espectacle ambla classica maquina de discos o jukebox. Tria una cançó en d&#8217;entre directe una la l lista interde retaramés de 50 i una banda en directe la interpretarà!<br />
&#8211; <strong>Màgia</strong> de carrer amb Don Gelati<br />
&#8211; <strong>Concert del grup Rels</strong> Presenta el nou treball &#8216;Sa rosa des desert&#8217;, que forma part del seu proper àlbum &#8216;Ànimes Salvatges&#8217;</p>

<p>Festa al carrer des del migdia fins al sol post, per gaudir del poble. Menjar i buguda a càrrec de diferents associacions del poble. Al voltant de l&#8217;Ajuntament. &#8211; Taller &hellip; </p>
<p class="link-more"><a href="https://cultura.santjosep.org/es/agenda/viu-sant-josep/" class="more-link">Seguir leyendo<span class="screen-reader-text"> «Viu Sant Josep!»</span></a></p>

<!-- This site is optimized with the Yoast SEO plugin v26.6 - https://yoast.com/wordpress/plugins/seo/ -->
<title>Viu Sant Josep! - Cultura a Sant Josep de sa Talaia</title>
<meta name="robots" content="index, follow, max-snippet:-1, max-image-preview:large, max-video-preview:-1" />
<link rel="canonical" href="https://cultura.santjosep.org/es/agenda/viu-sant-josep/" />
<meta property="og:locale" content="es_ES" />
<meta property="og:type" content="article" />
<meta property="og:title" content="Viu Sant Josep! - Cultura a Sant Josep de sa Talaia" />
<meta property="og:description" content="Festa al carrer des del migdia fins al sol post, per gaudir del poble. Menjar i buguda a càrrec de diferents associacions del poble. Al voltant de l&#8217;Ajuntament. &#8211; Taller &hellip; Seguir leyendo «Viu Sant Josep!»" />
<meta property="og:url" content="https://cultura.santjosep.org/es/agenda/viu-sant-josep/" />
<meta property="og:site_name" content="Cultura a Sant Josep de sa Talaia" />
<meta property="article:publisher" content="https://www.facebook.com/Ajuntament-de-Sant-Josep-de-sa-Talaia-197541666931354/" />
<meta property="article:modified_time" content="2022-03-02T13:00:08+00:00" />
<meta property="og:image" content="https://cultura.santjosep.org/wp-content/uploads/2021/12/iglesiasanjosep.jpg" />
	<meta property="og:image:width" content="2000" />
	<meta property="og:image:height" content="1500" />
	<meta property="og:image:type" content="image/jpeg" />
<meta name="twitter:card" content="summary_large_image" />
<meta name="twitter:site" content="@DeTalaia" />
<meta name="twitter:label1" content="Tiempo de lectura" />
	<meta name="twitter:data1" content="1 minuto" />
<script type="application/ld+json" class="yoast-schema-graph">{"@context":"https://schema.org","@graph":[{"@type":"WebPage","@id":"https://cultura.santjosep.org/es/agenda/viu-sant-josep/","url":"https://cultura.santjosep.org/es/agenda/viu-sant-josep/","name":"Viu Sant Josep! - Cultura a Sant Josep de sa Talaia","isPartOf":{"@id":"https://cultura.santjosep.org/es/#website"},"primaryImageOfPage":{"@id":"https://cultura.santjosep.org/es/agenda/viu-sant-josep/#primaryimage"},"image":{"@id":"https://cultura.santjosep.org/es/agenda/viu-sant-josep/#primaryimage"},"thumbnailUrl":"https://cultura.santjosep.org/wp-content/uploads/2021/12/iglesiasanjosep.jpg","datePublished":"2022-03-02T13:00:05+00:00","dateModified":"2022-03-02T13:00:08+00:00","breadcrumb":{"@id":"https://cultura.santjosep.org/es/agenda/viu-sant-josep/#breadcrumb"},"inLanguage":"es","potentialAction":[{"@type":"ReadAction","target":["https://cultura.santjosep.org/es/agenda/viu-sant-josep/"]}]},{"@type":"ImageObject","inLanguage":"es","@id":"https://cultura.santjosep.org/es/agenda/viu-sant-josep/#primaryimage","url":"https://cultura.santjosep.org/wp-content/uploads/2021/12/iglesiasanjosep.jpg","contentUrl":"https://cultura.santjosep.org/wp-content/uploads/2021/12/iglesiasanjosep.jpg","width":2000,"height":1500},{"@type":"BreadcrumbList","@id":"https://cultura.santjosep.org/es/agenda/viu-sant-josep/#breadcrumb","itemListElement":[{"@type":"ListItem","position":1,"name":"Portada","item":"https://cultura.santjosep.org/es/"},{"@type":"ListItem","position":2,"name":"Eventos","item":"https://cultura.santjosep.org/agenda/"},{"@type":"ListItem","position":3,"name":"Viu Sant Josep!"}]},{"@type":"WebSite","@id":"https://cultura.santjosep.org/es/#website","url":"https://cultura.santjosep.org/es/","name":"Cultura a Sant Josep de sa Talaia","description":"","publisher":{"@id":"https://cultura.santjosep.org/es/#organization"},"potentialAction":[{"@type":"SearchAction","target":{"@type":"EntryPoint","urlTemplate":"https://cultura.santjosep.org/es/?s={search_term_string}"},"query-input":{"@type":"PropertyValueSpecification","valueRequired":true,"valueName":"search_term_string"}}],"inLanguage":"es"},{"@type":"Organization","@id":"https://cultura.santjosep.org/es/#organization","name":"Ajuntament de Sant Josep de sa Talaia","url":"https://cultura.santjosep.org/es/","logo":{"@type":"ImageObject","inLanguage":"es","@id":"https://cultura.santjosep.org/es/#/schema/logo/image/","url":"https://cultura.santjosep.org/wp-content/uploads/2020/10/logocolor.jpg","contentUrl":"https://cultura.santjosep.org/wp-content/uploads/2020/10/logocolor.jpg","width":250,"height":98,"caption":"Ajuntament de Sant Josep de sa Talaia"},"image":{"@id":"https://cultura.santjosep.org/es/#/schema/logo/image/"},"sameAs":["https://www.facebook.com/Ajuntament-de-Sant-Josep-de-sa-Talaia-197541666931354/","https://x.com/DeTalaia","https://www.instagram.com/sant_josep_de_sa_talaia/"]}]}</script>
<!-- / Yoast SEO plugin. -->

Festa al carrer des del migdia fins al sol post, per gaudir del poble. Menjar i buguda a càrrec de diferents associacions del poble. Al voltant de l&#8217;Ajuntament. &#8211; Taller &hellip; Seguir leyendo «Viu Sant Josep!»
