{"id":12222,"date":"2022-05-06T11:32:16","date_gmt":"2022-05-06T09:32:16","guid":{"rendered":"https:\/\/cultura.santjosep.org\/agenda\/espectacle-de-dansa-infantil-de-mira-miro\/"},"modified":"2022-05-11T12:02:56","modified_gmt":"2022-05-11T10:02:56","slug":"espectacle-de-dansa-infantil-de-mira-miro","status":"publish","type":"tribe_events","link":"https:\/\/cultura.santjosep.org\/es\/agenda\/espectacle-de-dansa-infantil-de-mira-miro\/","title":{"rendered":"Espectacle de dansa infantil de Mira Mir\u00f3"},"content":{"rendered":"<p><strong>Un espectacle de dansa i animaci\u00f3 de video <\/strong>per als m\u00e9s petits, que neix de l\u2019univers de Joan Mir\u00f3. L\u2019obra s\u2019emmarca a una selecci\u00f3 de la seva obra gr\u00e0fica. Els vius colors, les formes geom\u00e8triques i l\u2019aparent \u201ctotipot\u00e8ncia\u201d de les \u201cfigures i personatges\u201d estimulen la fantasia, deixant entreveure que tot \u00e9s possible. De forma m\u00e0gica les pintures tornen vives i ens transporten a un univers imaginari. L\u2019aventura d\u2019un viatge al cosmos plena de descobriments i sorpreses.<\/p>\n","protected":false},"excerpt":{"rendered":"<p>Un espectacle de dansa i animaci\u00f3 de video per als m\u00e9s petits, que neix de l\u2019univers de Joan Mir\u00f3. L\u2019obra s\u2019emmarca a una selecci\u00f3 de la seva obra gr\u00e0fica. Els &hellip; <\/p>\n<p class=\"link-more\"><a href=\"https:\/\/cultura.santjosep.org\/es\/agenda\/espectacle-de-dansa-infantil-de-mira-miro\/\" class=\"more-link\">Seguir leyendo<span class=\"screen-reader-text\"> \u00abEspectacle de dansa infantil de Mira Mir\u00f3\u00bb<\/span><\/a><\/p>\n","protected":false},"author":1,"featured_media":12328,"template":"","meta":{"_tribe_events_status":"","_tribe_events_status_reason":"","_tribe_events_is_hybrid":"","_tribe_events_is_virtual":"","_tribe_events_virtual_video_source":"","_tribe_events_virtual_embed_video":"","_tribe_events_virtual_linked_button_text":"","_tribe_events_virtual_linked_button":"","_tribe_events_virtual_show_embed_at":"","_tribe_events_virtual_show_embed_to":[],"_tribe_events_virtual_show_on_event":"","_tribe_events_virtual_show_on_views":"","_tribe_events_virtual_url":"","footnotes":""},"tags":[],"tribe_events_cat":[92],"class_list":["post-12222","tribe_events","type-tribe_events","status-publish","has-post-thumbnail","hentry","tribe_events_cat-infantil-es","cat_infantil-es","entry"],"yoast_head":"<!-- This site is optimized with the Yoast SEO plugin v26.6 - https:\/\/yoast.com\/wordpress\/plugins\/seo\/ -->\n<title>Espectacle de dansa infantil de Mira Mir\u00f3 - Cultura a Sant Josep de sa Talaia<\/title>\n<meta name=\"robots\" content=\"index, follow, max-snippet:-1, max-image-preview:large, max-video-preview:-1\" \/>\n<link rel=\"canonical\" href=\"https:\/\/cultura.santjosep.org\/es\/agenda\/espectacle-de-dansa-infantil-de-mira-miro\/\" \/>\n<meta property=\"og:locale\" content=\"es_ES\" \/>\n<meta property=\"og:type\" content=\"article\" \/>\n<meta property=\"og:title\" content=\"Espectacle de dansa infantil de Mira Mir\u00f3 - Cultura a Sant Josep de sa Talaia\" \/>\n<meta property=\"og:description\" content=\"Un espectacle de dansa i animaci\u00f3 de video per als m\u00e9s petits, que neix de l\u2019univers de Joan Mir\u00f3. L\u2019obra s\u2019emmarca a una selecci\u00f3 de la seva obra gr\u00e0fica. Els &hellip; Seguir leyendo \u00abEspectacle de dansa infantil de Mira Mir\u00f3\u00bb\" \/>\n<meta property=\"og:url\" content=\"https:\/\/cultura.santjosep.org\/es\/agenda\/espectacle-de-dansa-infantil-de-mira-miro\/\" \/>\n<meta property=\"og:site_name\" content=\"Cultura a Sant Josep de sa Talaia\" \/>\n<meta property=\"article:publisher\" content=\"https:\/\/www.facebook.com\/Ajuntament-de-Sant-Josep-de-sa-Talaia-197541666931354\/\" \/>\n<meta property=\"article:modified_time\" content=\"2022-05-11T10:02:56+00:00\" \/>\n<meta property=\"og:image\" content=\"https:\/\/cultura.santjosep.org\/wp-content\/uploads\/2022\/05\/MiraMiro-La-magie-des-coleurs_suspes.jpg\" \/>\n\t<meta property=\"og:image:width\" content=\"922\" \/>\n\t<meta property=\"og:image:height\" content=\"645\" \/>\n\t<meta property=\"og:image:type\" content=\"image\/jpeg\" \/>\n<meta name=\"twitter:card\" content=\"summary_large_image\" \/>\n<meta name=\"twitter:site\" content=\"@DeTalaia\" \/>\n<script type=\"application\/ld+json\" class=\"yoast-schema-graph\">{\"@context\":\"https:\/\/schema.org\",\"@graph\":[{\"@type\":\"WebPage\",\"@id\":\"https:\/\/cultura.santjosep.org\/es\/agenda\/espectacle-de-dansa-infantil-de-mira-miro\/\",\"url\":\"https:\/\/cultura.santjosep.org\/es\/agenda\/espectacle-de-dansa-infantil-de-mira-miro\/\",\"name\":\"Espectacle de dansa infantil de Mira Mir\u00f3 - Cultura a Sant Josep de sa Talaia\",\"isPartOf\":{\"@id\":\"https:\/\/cultura.santjosep.org\/es\/#website\"},\"primaryImageOfPage\":{\"@id\":\"https:\/\/cultura.santjosep.org\/es\/agenda\/espectacle-de-dansa-infantil-de-mira-miro\/#primaryimage\"},\"image\":{\"@id\":\"https:\/\/cultura.santjosep.org\/es\/agenda\/espectacle-de-dansa-infantil-de-mira-miro\/#primaryimage\"},\"thumbnailUrl\":\"https:\/\/cultura.santjosep.org\/wp-content\/uploads\/2022\/05\/MiraMiro-La-magie-des-coleurs_suspes.jpg\",\"datePublished\":\"2022-05-06T09:32:16+00:00\",\"dateModified\":\"2022-05-11T10:02:56+00:00\",\"breadcrumb\":{\"@id\":\"https:\/\/cultura.santjosep.org\/es\/agenda\/espectacle-de-dansa-infantil-de-mira-miro\/#breadcrumb\"},\"inLanguage\":\"es\",\"potentialAction\":[{\"@type\":\"ReadAction\",\"target\":[\"https:\/\/cultura.santjosep.org\/es\/agenda\/espectacle-de-dansa-infantil-de-mira-miro\/\"]}]},{\"@type\":\"ImageObject\",\"inLanguage\":\"es\",\"@id\":\"https:\/\/cultura.santjosep.org\/es\/agenda\/espectacle-de-dansa-infantil-de-mira-miro\/#primaryimage\",\"url\":\"https:\/\/cultura.santjosep.org\/wp-content\/uploads\/2022\/05\/MiraMiro-La-magie-des-coleurs_suspes.jpg\",\"contentUrl\":\"https:\/\/cultura.santjosep.org\/wp-content\/uploads\/2022\/05\/MiraMiro-La-magie-des-coleurs_suspes.jpg\",\"width\":922,\"height\":645},{\"@type\":\"BreadcrumbList\",\"@id\":\"https:\/\/cultura.santjosep.org\/es\/agenda\/espectacle-de-dansa-infantil-de-mira-miro\/#breadcrumb\",\"itemListElement\":[{\"@type\":\"ListItem\",\"position\":1,\"name\":\"Portada\",\"item\":\"https:\/\/cultura.santjosep.org\/es\/\"},{\"@type\":\"ListItem\",\"position\":2,\"name\":\"Eventos\",\"item\":\"https:\/\/cultura.santjosep.org\/agenda\/\"},{\"@type\":\"ListItem\",\"position\":3,\"name\":\"Espectacle de dansa infantil de Mira Mir\u00f3\"}]},{\"@type\":\"WebSite\",\"@id\":\"https:\/\/cultura.santjosep.org\/es\/#website\",\"url\":\"https:\/\/cultura.santjosep.org\/es\/\",\"name\":\"Cultura a Sant Josep de sa Talaia\",\"description\":\"\",\"publisher\":{\"@id\":\"https:\/\/cultura.santjosep.org\/es\/#organization\"},\"potentialAction\":[{\"@type\":\"SearchAction\",\"target\":{\"@type\":\"EntryPoint\",\"urlTemplate\":\"https:\/\/cultura.santjosep.org\/es\/?s={search_term_string}\"},\"query-input\":{\"@type\":\"PropertyValueSpecification\",\"valueRequired\":true,\"valueName\":\"search_term_string\"}}],\"inLanguage\":\"es\"},{\"@type\":\"Organization\",\"@id\":\"https:\/\/cultura.santjosep.org\/es\/#organization\",\"name\":\"Ajuntament de Sant Josep de sa Talaia\",\"url\":\"https:\/\/cultura.santjosep.org\/es\/\",\"logo\":{\"@type\":\"ImageObject\",\"inLanguage\":\"es\",\"@id\":\"https:\/\/cultura.santjosep.org\/es\/#\/schema\/logo\/image\/\",\"url\":\"https:\/\/cultura.santjosep.org\/wp-content\/uploads\/2020\/10\/logocolor.jpg\",\"contentUrl\":\"https:\/\/cultura.santjosep.org\/wp-content\/uploads\/2020\/10\/logocolor.jpg\",\"width\":250,\"height\":98,\"caption\":\"Ajuntament de Sant Josep de sa Talaia\"},\"image\":{\"@id\":\"https:\/\/cultura.santjosep.org\/es\/#\/schema\/logo\/image\/\"},\"sameAs\":[\"https:\/\/www.facebook.com\/Ajuntament-de-Sant-Josep-de-sa-Talaia-197541666931354\/\",\"https:\/\/x.com\/DeTalaia\",\"https:\/\/www.instagram.com\/sant_josep_de_sa_talaia\/\"]}]}<\/script>\n<!-- \/ Yoast SEO plugin. -->","yoast_head_json":{"title":"Espectacle de dansa infantil de Mira Mir\u00f3 - Cultura a Sant Josep de sa Talaia","robots":{"index":"index","follow":"follow","max-snippet":"max-snippet:-1","max-image-preview":"max-image-preview:large","max-video-preview":"max-video-preview:-1"},"canonical":"https:\/\/cultura.santjosep.org\/es\/agenda\/espectacle-de-dansa-infantil-de-mira-miro\/","og_locale":"es_ES","og_type":"article","og_title":"Espectacle de dansa infantil de Mira Mir\u00f3 - Cultura a Sant Josep de sa Talaia","og_description":"Un espectacle de dansa i animaci\u00f3 de video per als m\u00e9s petits, que neix de l\u2019univers de Joan Mir\u00f3. L\u2019obra s\u2019emmarca a una selecci\u00f3 de la seva obra gr\u00e0fica. Els &hellip; Seguir leyendo \u00abEspectacle de dansa infantil de Mira Mir\u00f3\u00bb","og_url":"https:\/\/cultura.santjosep.org\/es\/agenda\/espectacle-de-dansa-infantil-de-mira-miro\/","og_site_name":"Cultura a Sant Josep de sa Talaia","article_publisher":"https:\/\/www.facebook.com\/Ajuntament-de-Sant-Josep-de-sa-Talaia-197541666931354\/","article_modified_time":"2022-05-11T10:02:56+00:00","og_image":[{"width":922,"height":645,"url":"https:\/\/cultura.santjosep.org\/wp-content\/uploads\/2022\/05\/MiraMiro-La-magie-des-coleurs_suspes.jpg","type":"image\/jpeg"}],"twitter_card":"summary_large_image","twitter_site":"@DeTalaia","schema":{"@context":"https:\/\/schema.org","@graph":[{"@type":"WebPage","@id":"https:\/\/cultura.santjosep.org\/es\/agenda\/espectacle-de-dansa-infantil-de-mira-miro\/","url":"https:\/\/cultura.santjosep.org\/es\/agenda\/espectacle-de-dansa-infantil-de-mira-miro\/","name":"Espectacle de dansa infantil de Mira Mir\u00f3 - Cultura a Sant Josep de sa Talaia","isPartOf":{"@id":"https:\/\/cultura.santjosep.org\/es\/#website"},"primaryImageOfPage":{"@id":"https:\/\/cultura.santjosep.org\/es\/agenda\/espectacle-de-dansa-infantil-de-mira-miro\/#primaryimage"},"image":{"@id":"https:\/\/cultura.santjosep.org\/es\/agenda\/espectacle-de-dansa-infantil-de-mira-miro\/#primaryimage"},"thumbnailUrl":"https:\/\/cultura.santjosep.org\/wp-content\/uploads\/2022\/05\/MiraMiro-La-magie-des-coleurs_suspes.jpg","datePublished":"2022-05-06T09:32:16+00:00","dateModified":"2022-05-11T10:02:56+00:00","breadcrumb":{"@id":"https:\/\/cultura.santjosep.org\/es\/agenda\/espectacle-de-dansa-infantil-de-mira-miro\/#breadcrumb"},"inLanguage":"es","potentialAction":[{"@type":"ReadAction","target":["https:\/\/cultura.santjosep.org\/es\/agenda\/espectacle-de-dansa-infantil-de-mira-miro\/"]}]},{"@type":"ImageObject","inLanguage":"es","@id":"https:\/\/cultura.santjosep.org\/es\/agenda\/espectacle-de-dansa-infantil-de-mira-miro\/#primaryimage","url":"https:\/\/cultura.santjosep.org\/wp-content\/uploads\/2022\/05\/MiraMiro-La-magie-des-coleurs_suspes.jpg","contentUrl":"https:\/\/cultura.santjosep.org\/wp-content\/uploads\/2022\/05\/MiraMiro-La-magie-des-coleurs_suspes.jpg","width":922,"height":645},{"@type":"BreadcrumbList","@id":"https:\/\/cultura.santjosep.org\/es\/agenda\/espectacle-de-dansa-infantil-de-mira-miro\/#breadcrumb","itemListElement":[{"@type":"ListItem","position":1,"name":"Portada","item":"https:\/\/cultura.santjosep.org\/es\/"},{"@type":"ListItem","position":2,"name":"Eventos","item":"https:\/\/cultura.santjosep.org\/agenda\/"},{"@type":"ListItem","position":3,"name":"Espectacle de dansa infantil de Mira Mir\u00f3"}]},{"@type":"WebSite","@id":"https:\/\/cultura.santjosep.org\/es\/#website","url":"https:\/\/cultura.santjosep.org\/es\/","name":"Cultura a Sant Josep de sa Talaia","description":"","publisher":{"@id":"https:\/\/cultura.santjosep.org\/es\/#organization"},"potentialAction":[{"@type":"SearchAction","target":{"@type":"EntryPoint","urlTemplate":"https:\/\/cultura.santjosep.org\/es\/?s={search_term_string}"},"query-input":{"@type":"PropertyValueSpecification","valueRequired":true,"valueName":"search_term_string"}}],"inLanguage":"es"},{"@type":"Organization","@id":"https:\/\/cultura.santjosep.org\/es\/#organization","name":"Ajuntament de Sant Josep de sa Talaia","url":"https:\/\/cultura.santjosep.org\/es\/","logo":{"@type":"ImageObject","inLanguage":"es","@id":"https:\/\/cultura.santjosep.org\/es\/#\/schema\/logo\/image\/","url":"https:\/\/cultura.santjosep.org\/wp-content\/uploads\/2020\/10\/logocolor.jpg","contentUrl":"https:\/\/cultura.santjosep.org\/wp-content\/uploads\/2020\/10\/logocolor.jpg","width":250,"height":98,"caption":"Ajuntament de Sant Josep de sa Talaia"},"image":{"@id":"https:\/\/cultura.santjosep.org\/es\/#\/schema\/logo\/image\/"},"sameAs":["https:\/\/www.facebook.com\/Ajuntament-de-Sant-Josep-de-sa-Talaia-197541666931354\/","https:\/\/x.com\/DeTalaia","https:\/\/www.instagram.com\/sant_josep_de_sa_talaia\/"]}]}},"_links":{"self":[{"href":"https:\/\/cultura.santjosep.org\/es\/wp-json\/wp\/v2\/tribe_events\/12222","targetHints":{"allow":["GET"]}}],"collection":[{"href":"https:\/\/cultura.santjosep.org\/es\/wp-json\/wp\/v2\/tribe_events"}],"about":[{"href":"https:\/\/cultura.santjosep.org\/es\/wp-json\/wp\/v2\/types\/tribe_events"}],"author":[{"embeddable":true,"href":"https:\/\/cultura.santjosep.org\/es\/wp-json\/wp\/v2\/users\/1"}],"version-history":[{"count":0,"href":"https:\/\/cultura.santjosep.org\/es\/wp-json\/wp\/v2\/tribe_events\/12222\/revisions"}],"wp:featuredmedia":[{"embeddable":true,"href":"https:\/\/cultura.santjosep.org\/es\/wp-json\/wp\/v2\/media\/12328"}],"wp:attachment":[{"href":"https:\/\/cultura.santjosep.org\/es\/wp-json\/wp\/v2\/media?parent=12222"}],"wp:term":[{"taxonomy":"post_tag","embeddable":true,"href":"https:\/\/cultura.santjosep.org\/es\/wp-json\/wp\/v2\/tags?post=12222"},{"taxonomy":"tribe_events_cat","embeddable":true,"href":"https:\/\/cultura.santjosep.org\/es\/wp-json\/wp\/v2\/tribe_events_cat?post=12222"}],"curies":[{"name":"wp","href":"https:\/\/api.w.org\/{rel}","templated":true}]}}

Espectacle de dansa infantil de Mira Miró

<p><strong>Un espectacle de dansa i animació de video </strong>per als més petits, que neix de l’univers de Joan Miró. L’obra s’emmarca a una selecció de la seva obra gràfica. Els vius colors, les formes geomètriques i l’aparent “totipotència” de les “figures i personatges” estimulen la fantasia, deixant entreveure que tot és possible. De forma màgica les pintures tornen vives i ens transporten a un univers imaginari. L’aventura d’un viatge al cosmos plena de descobriments i sorpreses.</p>

<p>Un espectacle de dansa i animació de video per als més petits, que neix de l’univers de Joan Miró. L’obra s’emmarca a una selecció de la seva obra gràfica. Els &hellip; </p>
<p class="link-more"><a href="https://cultura.santjosep.org/es/agenda/espectacle-de-dansa-infantil-de-mira-miro/" class="more-link">Seguir leyendo<span class="screen-reader-text"> «Espectacle de dansa infantil de Mira Miró»</span></a></p>

<!-- This site is optimized with the Yoast SEO plugin v26.6 - https://yoast.com/wordpress/plugins/seo/ -->
<title>Espectacle de dansa infantil de Mira Miró - Cultura a Sant Josep de sa Talaia</title>
<meta name="robots" content="index, follow, max-snippet:-1, max-image-preview:large, max-video-preview:-1" />
<link rel="canonical" href="https://cultura.santjosep.org/es/agenda/espectacle-de-dansa-infantil-de-mira-miro/" />
<meta property="og:locale" content="es_ES" />
<meta property="og:type" content="article" />
<meta property="og:title" content="Espectacle de dansa infantil de Mira Miró - Cultura a Sant Josep de sa Talaia" />
<meta property="og:description" content="Un espectacle de dansa i animació de video per als més petits, que neix de l’univers de Joan Miró. L’obra s’emmarca a una selecció de la seva obra gràfica. Els &hellip; Seguir leyendo «Espectacle de dansa infantil de Mira Miró»" />
<meta property="og:url" content="https://cultura.santjosep.org/es/agenda/espectacle-de-dansa-infantil-de-mira-miro/" />
<meta property="og:site_name" content="Cultura a Sant Josep de sa Talaia" />
<meta property="article:publisher" content="https://www.facebook.com/Ajuntament-de-Sant-Josep-de-sa-Talaia-197541666931354/" />
<meta property="article:modified_time" content="2022-05-11T10:02:56+00:00" />
<meta property="og:image" content="https://cultura.santjosep.org/wp-content/uploads/2022/05/MiraMiro-La-magie-des-coleurs_suspes.jpg" />
	<meta property="og:image:width" content="922" />
	<meta property="og:image:height" content="645" />
	<meta property="og:image:type" content="image/jpeg" />
<meta name="twitter:card" content="summary_large_image" />
<meta name="twitter:site" content="@DeTalaia" />
<script type="application/ld+json" class="yoast-schema-graph">{"@context":"https://schema.org","@graph":[{"@type":"WebPage","@id":"https://cultura.santjosep.org/es/agenda/espectacle-de-dansa-infantil-de-mira-miro/","url":"https://cultura.santjosep.org/es/agenda/espectacle-de-dansa-infantil-de-mira-miro/","name":"Espectacle de dansa infantil de Mira Miró - Cultura a Sant Josep de sa Talaia","isPartOf":{"@id":"https://cultura.santjosep.org/es/#website"},"primaryImageOfPage":{"@id":"https://cultura.santjosep.org/es/agenda/espectacle-de-dansa-infantil-de-mira-miro/#primaryimage"},"image":{"@id":"https://cultura.santjosep.org/es/agenda/espectacle-de-dansa-infantil-de-mira-miro/#primaryimage"},"thumbnailUrl":"https://cultura.santjosep.org/wp-content/uploads/2022/05/MiraMiro-La-magie-des-coleurs_suspes.jpg","datePublished":"2022-05-06T09:32:16+00:00","dateModified":"2022-05-11T10:02:56+00:00","breadcrumb":{"@id":"https://cultura.santjosep.org/es/agenda/espectacle-de-dansa-infantil-de-mira-miro/#breadcrumb"},"inLanguage":"es","potentialAction":[{"@type":"ReadAction","target":["https://cultura.santjosep.org/es/agenda/espectacle-de-dansa-infantil-de-mira-miro/"]}]},{"@type":"ImageObject","inLanguage":"es","@id":"https://cultura.santjosep.org/es/agenda/espectacle-de-dansa-infantil-de-mira-miro/#primaryimage","url":"https://cultura.santjosep.org/wp-content/uploads/2022/05/MiraMiro-La-magie-des-coleurs_suspes.jpg","contentUrl":"https://cultura.santjosep.org/wp-content/uploads/2022/05/MiraMiro-La-magie-des-coleurs_suspes.jpg","width":922,"height":645},{"@type":"BreadcrumbList","@id":"https://cultura.santjosep.org/es/agenda/espectacle-de-dansa-infantil-de-mira-miro/#breadcrumb","itemListElement":[{"@type":"ListItem","position":1,"name":"Portada","item":"https://cultura.santjosep.org/es/"},{"@type":"ListItem","position":2,"name":"Eventos","item":"https://cultura.santjosep.org/agenda/"},{"@type":"ListItem","position":3,"name":"Espectacle de dansa infantil de Mira Miró"}]},{"@type":"WebSite","@id":"https://cultura.santjosep.org/es/#website","url":"https://cultura.santjosep.org/es/","name":"Cultura a Sant Josep de sa Talaia","description":"","publisher":{"@id":"https://cultura.santjosep.org/es/#organization"},"potentialAction":[{"@type":"SearchAction","target":{"@type":"EntryPoint","urlTemplate":"https://cultura.santjosep.org/es/?s={search_term_string}"},"query-input":{"@type":"PropertyValueSpecification","valueRequired":true,"valueName":"search_term_string"}}],"inLanguage":"es"},{"@type":"Organization","@id":"https://cultura.santjosep.org/es/#organization","name":"Ajuntament de Sant Josep de sa Talaia","url":"https://cultura.santjosep.org/es/","logo":{"@type":"ImageObject","inLanguage":"es","@id":"https://cultura.santjosep.org/es/#/schema/logo/image/","url":"https://cultura.santjosep.org/wp-content/uploads/2020/10/logocolor.jpg","contentUrl":"https://cultura.santjosep.org/wp-content/uploads/2020/10/logocolor.jpg","width":250,"height":98,"caption":"Ajuntament de Sant Josep de sa Talaia"},"image":{"@id":"https://cultura.santjosep.org/es/#/schema/logo/image/"},"sameAs":["https://www.facebook.com/Ajuntament-de-Sant-Josep-de-sa-Talaia-197541666931354/","https://x.com/DeTalaia","https://www.instagram.com/sant_josep_de_sa_talaia/"]}]}</script>
<!-- / Yoast SEO plugin. -->

Espectacle de dansa infantil de Mira Miró - Cultura a Sant Josep de sa Talaia

Un espectacle de dansa i animació de video per als més petits, que neix de l’univers de Joan Miró. L’obra s’emmarca a una selecció de la seva obra gràfica. Els &hellip; Seguir leyendo «Espectacle de dansa infantil de Mira Miró»
