{"id":12849,"date":"2022-06-21T10:19:02","date_gmt":"2022-06-21T08:19:02","guid":{"rendered":"https:\/\/cultura.santjosep.org\/?post_type=tribe_events&#038;p=12849"},"modified":"2022-06-21T10:19:02","modified_gmt":"2022-06-21T08:19:02","slug":"concert-tony-tixier-trio","status":"publish","type":"tribe_events","link":"https:\/\/cultura.santjosep.org\/es\/agenda\/concert-tony-tixier-trio\/","title":{"rendered":"Concert Tony Tixier Trio"},"content":{"rendered":"<p>30 juny &#8211; 20:30 h.| Auditori Cal\u00f3 de s&#8217;Oli | El Tony Tixier Trio actua a l\u2019Auditori Cal\u00f3 de s\u2019Oli en una cita irrepetible amb el millor jazz<\/p>\n<p>L\u2019Ajuntament de Sant Josep de sa Talaia organitza un concert \u00fanic amb un dels grups m\u00e9s potents del jazz internacional, Tony Tixier Trio, formada per tres m\u00fasics de gran prestigi, que actuaran el proper 30 de juny a les 20.30 hores a l\u2019Auditori Cal\u00f3 de s\u2019Oli. Una escapada improvisada a l\u2019illa d\u2019aquesta formaci\u00f3, que ha afegit aquesta parada imprevista en la seva gira per Europa aprofitant l\u2019\u00fanica nit lliure que els quedava en el seu pas per festivals i sales de jazz d\u2019arreu del continent, entre les que tenen previst passar per Vit\u00f2ria, M\u00e0laga, nom\u00e9s a l\u2019estat.<br \/>\n<strong><br \/>\nL\u2019entrada ser\u00e0 lliure fins a completar aforament.<\/strong><\/p>\n","protected":false},"excerpt":{"rendered":"<p>30 juny &#8211; 20:30 h.| Auditori Cal\u00f3 de s&#8217;Oli | El Tony Tixier Trio actua a l\u2019Auditori Cal\u00f3 de s\u2019Oli en una cita irrepetible amb el millor jazz L\u2019Ajuntament de &hellip; <\/p>\n<p class=\"link-more\"><a href=\"https:\/\/cultura.santjosep.org\/es\/agenda\/concert-tony-tixier-trio\/\" class=\"more-link\">Seguir leyendo<span class=\"screen-reader-text\"> \u00abConcert Tony Tixier Trio\u00bb<\/span><\/a><\/p>\n","protected":false},"author":1,"featured_media":12850,"template":"","meta":{"_tribe_events_status":"","_tribe_events_status_reason":"","_tribe_events_is_hybrid":"","_tribe_events_is_virtual":"","_tribe_events_virtual_video_source":"","_tribe_events_virtual_embed_video":"","_tribe_events_virtual_linked_button_text":"","_tribe_events_virtual_linked_button":"","_tribe_events_virtual_show_embed_at":"","_tribe_events_virtual_show_embed_to":[],"_tribe_events_virtual_show_on_event":"","_tribe_events_virtual_show_on_views":"","_tribe_events_virtual_url":"","footnotes":""},"tags":[],"tribe_events_cat":[31],"class_list":["post-12849","tribe_events","type-tribe_events","status-publish","has-post-thumbnail","hentry","tribe_events_cat-conciertos","cat_conciertos","entry"],"yoast_head":"<!-- This site is optimized with the Yoast SEO plugin v26.6 - https:\/\/yoast.com\/wordpress\/plugins\/seo\/ -->\n<title>Concert Tony Tixier Trio - Cultura a Sant Josep de sa Talaia<\/title>\n<meta name=\"robots\" content=\"index, follow, max-snippet:-1, max-image-preview:large, max-video-preview:-1\" \/>\n<link rel=\"canonical\" href=\"https:\/\/cultura.santjosep.org\/es\/agenda\/concert-tony-tixier-trio\/\" \/>\n<meta property=\"og:locale\" content=\"es_ES\" \/>\n<meta property=\"og:type\" content=\"article\" \/>\n<meta property=\"og:title\" content=\"Concert Tony Tixier Trio - Cultura a Sant Josep de sa Talaia\" \/>\n<meta property=\"og:description\" content=\"30 juny &#8211; 20:30 h.| Auditori Cal\u00f3 de s&#8217;Oli | El Tony Tixier Trio actua a l\u2019Auditori Cal\u00f3 de s\u2019Oli en una cita irrepetible amb el millor jazz L\u2019Ajuntament de &hellip; Seguir leyendo \u00abConcert Tony Tixier Trio\u00bb\" \/>\n<meta property=\"og:url\" content=\"https:\/\/cultura.santjosep.org\/es\/agenda\/concert-tony-tixier-trio\/\" \/>\n<meta property=\"og:site_name\" content=\"Cultura a Sant Josep de sa Talaia\" \/>\n<meta property=\"article:publisher\" content=\"https:\/\/www.facebook.com\/Ajuntament-de-Sant-Josep-de-sa-Talaia-197541666931354\/\" \/>\n<meta property=\"og:image\" content=\"https:\/\/cultura.santjosep.org\/wp-content\/uploads\/2022\/06\/tixier-1.jpg\" \/>\n\t<meta property=\"og:image:width\" content=\"960\" \/>\n\t<meta property=\"og:image:height\" content=\"720\" \/>\n\t<meta property=\"og:image:type\" content=\"image\/jpeg\" \/>\n<meta name=\"twitter:card\" content=\"summary_large_image\" \/>\n<meta name=\"twitter:site\" content=\"@DeTalaia\" \/>\n<meta name=\"twitter:label1\" content=\"Tiempo de lectura\" \/>\n\t<meta name=\"twitter:data1\" content=\"1 minuto\" \/>\n<script type=\"application\/ld+json\" class=\"yoast-schema-graph\">{\"@context\":\"https:\/\/schema.org\",\"@graph\":[{\"@type\":\"WebPage\",\"@id\":\"https:\/\/cultura.santjosep.org\/es\/agenda\/concert-tony-tixier-trio\/\",\"url\":\"https:\/\/cultura.santjosep.org\/es\/agenda\/concert-tony-tixier-trio\/\",\"name\":\"Concert Tony Tixier Trio - Cultura a Sant Josep de sa Talaia\",\"isPartOf\":{\"@id\":\"https:\/\/cultura.santjosep.org\/es\/#website\"},\"primaryImageOfPage\":{\"@id\":\"https:\/\/cultura.santjosep.org\/es\/agenda\/concert-tony-tixier-trio\/#primaryimage\"},\"image\":{\"@id\":\"https:\/\/cultura.santjosep.org\/es\/agenda\/concert-tony-tixier-trio\/#primaryimage\"},\"thumbnailUrl\":\"https:\/\/cultura.santjosep.org\/wp-content\/uploads\/2022\/06\/tixier-1.jpg\",\"datePublished\":\"2022-06-21T08:19:02+00:00\",\"breadcrumb\":{\"@id\":\"https:\/\/cultura.santjosep.org\/es\/agenda\/concert-tony-tixier-trio\/#breadcrumb\"},\"inLanguage\":\"es\",\"potentialAction\":[{\"@type\":\"ReadAction\",\"target\":[\"https:\/\/cultura.santjosep.org\/es\/agenda\/concert-tony-tixier-trio\/\"]}]},{\"@type\":\"ImageObject\",\"inLanguage\":\"es\",\"@id\":\"https:\/\/cultura.santjosep.org\/es\/agenda\/concert-tony-tixier-trio\/#primaryimage\",\"url\":\"https:\/\/cultura.santjosep.org\/wp-content\/uploads\/2022\/06\/tixier-1.jpg\",\"contentUrl\":\"https:\/\/cultura.santjosep.org\/wp-content\/uploads\/2022\/06\/tixier-1.jpg\",\"width\":960,\"height\":720},{\"@type\":\"BreadcrumbList\",\"@id\":\"https:\/\/cultura.santjosep.org\/es\/agenda\/concert-tony-tixier-trio\/#breadcrumb\",\"itemListElement\":[{\"@type\":\"ListItem\",\"position\":1,\"name\":\"Portada\",\"item\":\"https:\/\/cultura.santjosep.org\/es\/\"},{\"@type\":\"ListItem\",\"position\":2,\"name\":\"Eventos\",\"item\":\"https:\/\/cultura.santjosep.org\/agenda\/\"},{\"@type\":\"ListItem\",\"position\":3,\"name\":\"Concert Tony Tixier Trio\"}]},{\"@type\":\"WebSite\",\"@id\":\"https:\/\/cultura.santjosep.org\/es\/#website\",\"url\":\"https:\/\/cultura.santjosep.org\/es\/\",\"name\":\"Cultura a Sant Josep de sa Talaia\",\"description\":\"\",\"publisher\":{\"@id\":\"https:\/\/cultura.santjosep.org\/es\/#organization\"},\"potentialAction\":[{\"@type\":\"SearchAction\",\"target\":{\"@type\":\"EntryPoint\",\"urlTemplate\":\"https:\/\/cultura.santjosep.org\/es\/?s={search_term_string}\"},\"query-input\":{\"@type\":\"PropertyValueSpecification\",\"valueRequired\":true,\"valueName\":\"search_term_string\"}}],\"inLanguage\":\"es\"},{\"@type\":\"Organization\",\"@id\":\"https:\/\/cultura.santjosep.org\/es\/#organization\",\"name\":\"Ajuntament de Sant Josep de sa Talaia\",\"url\":\"https:\/\/cultura.santjosep.org\/es\/\",\"logo\":{\"@type\":\"ImageObject\",\"inLanguage\":\"es\",\"@id\":\"https:\/\/cultura.santjosep.org\/es\/#\/schema\/logo\/image\/\",\"url\":\"https:\/\/cultura.santjosep.org\/wp-content\/uploads\/2020\/10\/logocolor.jpg\",\"contentUrl\":\"https:\/\/cultura.santjosep.org\/wp-content\/uploads\/2020\/10\/logocolor.jpg\",\"width\":250,\"height\":98,\"caption\":\"Ajuntament de Sant Josep de sa Talaia\"},\"image\":{\"@id\":\"https:\/\/cultura.santjosep.org\/es\/#\/schema\/logo\/image\/\"},\"sameAs\":[\"https:\/\/www.facebook.com\/Ajuntament-de-Sant-Josep-de-sa-Talaia-197541666931354\/\",\"https:\/\/x.com\/DeTalaia\",\"https:\/\/www.instagram.com\/sant_josep_de_sa_talaia\/\"]}]}<\/script>\n<!-- \/ Yoast SEO plugin. -->","yoast_head_json":{"title":"Concert Tony Tixier Trio - Cultura a Sant Josep de sa Talaia","robots":{"index":"index","follow":"follow","max-snippet":"max-snippet:-1","max-image-preview":"max-image-preview:large","max-video-preview":"max-video-preview:-1"},"canonical":"https:\/\/cultura.santjosep.org\/es\/agenda\/concert-tony-tixier-trio\/","og_locale":"es_ES","og_type":"article","og_title":"Concert Tony Tixier Trio - Cultura a Sant Josep de sa Talaia","og_description":"30 juny &#8211; 20:30 h.| Auditori Cal\u00f3 de s&#8217;Oli | El Tony Tixier Trio actua a l\u2019Auditori Cal\u00f3 de s\u2019Oli en una cita irrepetible amb el millor jazz L\u2019Ajuntament de &hellip; Seguir leyendo \u00abConcert Tony Tixier Trio\u00bb","og_url":"https:\/\/cultura.santjosep.org\/es\/agenda\/concert-tony-tixier-trio\/","og_site_name":"Cultura a Sant Josep de sa Talaia","article_publisher":"https:\/\/www.facebook.com\/Ajuntament-de-Sant-Josep-de-sa-Talaia-197541666931354\/","og_image":[{"width":960,"height":720,"url":"https:\/\/cultura.santjosep.org\/wp-content\/uploads\/2022\/06\/tixier-1.jpg","type":"image\/jpeg"}],"twitter_card":"summary_large_image","twitter_site":"@DeTalaia","twitter_misc":{"Tiempo de lectura":"1 minuto"},"schema":{"@context":"https:\/\/schema.org","@graph":[{"@type":"WebPage","@id":"https:\/\/cultura.santjosep.org\/es\/agenda\/concert-tony-tixier-trio\/","url":"https:\/\/cultura.santjosep.org\/es\/agenda\/concert-tony-tixier-trio\/","name":"Concert Tony Tixier Trio - Cultura a Sant Josep de sa Talaia","isPartOf":{"@id":"https:\/\/cultura.santjosep.org\/es\/#website"},"primaryImageOfPage":{"@id":"https:\/\/cultura.santjosep.org\/es\/agenda\/concert-tony-tixier-trio\/#primaryimage"},"image":{"@id":"https:\/\/cultura.santjosep.org\/es\/agenda\/concert-tony-tixier-trio\/#primaryimage"},"thumbnailUrl":"https:\/\/cultura.santjosep.org\/wp-content\/uploads\/2022\/06\/tixier-1.jpg","datePublished":"2022-06-21T08:19:02+00:00","breadcrumb":{"@id":"https:\/\/cultura.santjosep.org\/es\/agenda\/concert-tony-tixier-trio\/#breadcrumb"},"inLanguage":"es","potentialAction":[{"@type":"ReadAction","target":["https:\/\/cultura.santjosep.org\/es\/agenda\/concert-tony-tixier-trio\/"]}]},{"@type":"ImageObject","inLanguage":"es","@id":"https:\/\/cultura.santjosep.org\/es\/agenda\/concert-tony-tixier-trio\/#primaryimage","url":"https:\/\/cultura.santjosep.org\/wp-content\/uploads\/2022\/06\/tixier-1.jpg","contentUrl":"https:\/\/cultura.santjosep.org\/wp-content\/uploads\/2022\/06\/tixier-1.jpg","width":960,"height":720},{"@type":"BreadcrumbList","@id":"https:\/\/cultura.santjosep.org\/es\/agenda\/concert-tony-tixier-trio\/#breadcrumb","itemListElement":[{"@type":"ListItem","position":1,"name":"Portada","item":"https:\/\/cultura.santjosep.org\/es\/"},{"@type":"ListItem","position":2,"name":"Eventos","item":"https:\/\/cultura.santjosep.org\/agenda\/"},{"@type":"ListItem","position":3,"name":"Concert Tony Tixier Trio"}]},{"@type":"WebSite","@id":"https:\/\/cultura.santjosep.org\/es\/#website","url":"https:\/\/cultura.santjosep.org\/es\/","name":"Cultura a Sant Josep de sa Talaia","description":"","publisher":{"@id":"https:\/\/cultura.santjosep.org\/es\/#organization"},"potentialAction":[{"@type":"SearchAction","target":{"@type":"EntryPoint","urlTemplate":"https:\/\/cultura.santjosep.org\/es\/?s={search_term_string}"},"query-input":{"@type":"PropertyValueSpecification","valueRequired":true,"valueName":"search_term_string"}}],"inLanguage":"es"},{"@type":"Organization","@id":"https:\/\/cultura.santjosep.org\/es\/#organization","name":"Ajuntament de Sant Josep de sa Talaia","url":"https:\/\/cultura.santjosep.org\/es\/","logo":{"@type":"ImageObject","inLanguage":"es","@id":"https:\/\/cultura.santjosep.org\/es\/#\/schema\/logo\/image\/","url":"https:\/\/cultura.santjosep.org\/wp-content\/uploads\/2020\/10\/logocolor.jpg","contentUrl":"https:\/\/cultura.santjosep.org\/wp-content\/uploads\/2020\/10\/logocolor.jpg","width":250,"height":98,"caption":"Ajuntament de Sant Josep de sa Talaia"},"image":{"@id":"https:\/\/cultura.santjosep.org\/es\/#\/schema\/logo\/image\/"},"sameAs":["https:\/\/www.facebook.com\/Ajuntament-de-Sant-Josep-de-sa-Talaia-197541666931354\/","https:\/\/x.com\/DeTalaia","https:\/\/www.instagram.com\/sant_josep_de_sa_talaia\/"]}]}},"_links":{"self":[{"href":"https:\/\/cultura.santjosep.org\/es\/wp-json\/wp\/v2\/tribe_events\/12849","targetHints":{"allow":["GET"]}}],"collection":[{"href":"https:\/\/cultura.santjosep.org\/es\/wp-json\/wp\/v2\/tribe_events"}],"about":[{"href":"https:\/\/cultura.santjosep.org\/es\/wp-json\/wp\/v2\/types\/tribe_events"}],"author":[{"embeddable":true,"href":"https:\/\/cultura.santjosep.org\/es\/wp-json\/wp\/v2\/users\/1"}],"version-history":[{"count":0,"href":"https:\/\/cultura.santjosep.org\/es\/wp-json\/wp\/v2\/tribe_events\/12849\/revisions"}],"wp:featuredmedia":[{"embeddable":true,"href":"https:\/\/cultura.santjosep.org\/es\/wp-json\/wp\/v2\/media\/12850"}],"wp:attachment":[{"href":"https:\/\/cultura.santjosep.org\/es\/wp-json\/wp\/v2\/media?parent=12849"}],"wp:term":[{"taxonomy":"post_tag","embeddable":true,"href":"https:\/\/cultura.santjosep.org\/es\/wp-json\/wp\/v2\/tags?post=12849"},{"taxonomy":"tribe_events_cat","embeddable":true,"href":"https:\/\/cultura.santjosep.org\/es\/wp-json\/wp\/v2\/tribe_events_cat?post=12849"}],"curies":[{"name":"wp","href":"https:\/\/api.w.org\/{rel}","templated":true}]}}

<p>30 juny &#8211; 20:30 h.| Auditori Caló de s&#8217;Oli | El Tony Tixier Trio actua a l’Auditori Caló de s’Oli en una cita irrepetible amb el millor jazz</p>
<p>L’Ajuntament de Sant Josep de sa Talaia organitza un concert únic amb un dels grups més potents del jazz internacional, Tony Tixier Trio, formada per tres músics de gran prestigi, que actuaran el proper 30 de juny a les 20.30 hores a l’Auditori Caló de s’Oli. Una escapada improvisada a l’illa d’aquesta formació, que ha afegit aquesta parada imprevista en la seva gira per Europa aprofitant l’única nit lliure que els quedava en el seu pas per festivals i sales de jazz d’arreu del continent, entre les que tenen previst passar per Vitòria, Màlaga, només a l’estat.<br />
<strong><br />
L’entrada serà lliure fins a completar aforament.</strong></p>

<p>30 juny &#8211; 20:30 h.| Auditori Caló de s&#8217;Oli | El Tony Tixier Trio actua a l’Auditori Caló de s’Oli en una cita irrepetible amb el millor jazz L’Ajuntament de &hellip; </p>
<p class="link-more"><a href="https://cultura.santjosep.org/es/agenda/concert-tony-tixier-trio/" class="more-link">Seguir leyendo<span class="screen-reader-text"> «Concert Tony Tixier Trio»</span></a></p>

<!-- This site is optimized with the Yoast SEO plugin v26.6 - https://yoast.com/wordpress/plugins/seo/ -->
<title>Concert Tony Tixier Trio - Cultura a Sant Josep de sa Talaia</title>
<meta name="robots" content="index, follow, max-snippet:-1, max-image-preview:large, max-video-preview:-1" />
<link rel="canonical" href="https://cultura.santjosep.org/es/agenda/concert-tony-tixier-trio/" />
<meta property="og:locale" content="es_ES" />
<meta property="og:type" content="article" />
<meta property="og:title" content="Concert Tony Tixier Trio - Cultura a Sant Josep de sa Talaia" />
<meta property="og:description" content="30 juny &#8211; 20:30 h.| Auditori Caló de s&#8217;Oli | El Tony Tixier Trio actua a l’Auditori Caló de s’Oli en una cita irrepetible amb el millor jazz L’Ajuntament de &hellip; Seguir leyendo «Concert Tony Tixier Trio»" />
<meta property="og:url" content="https://cultura.santjosep.org/es/agenda/concert-tony-tixier-trio/" />
<meta property="og:site_name" content="Cultura a Sant Josep de sa Talaia" />
<meta property="article:publisher" content="https://www.facebook.com/Ajuntament-de-Sant-Josep-de-sa-Talaia-197541666931354/" />
<meta property="og:image" content="https://cultura.santjosep.org/wp-content/uploads/2022/06/tixier-1.jpg" />
	<meta property="og:image:width" content="960" />
	<meta property="og:image:height" content="720" />
	<meta property="og:image:type" content="image/jpeg" />
<meta name="twitter:card" content="summary_large_image" />
<meta name="twitter:site" content="@DeTalaia" />
<meta name="twitter:label1" content="Tiempo de lectura" />
	<meta name="twitter:data1" content="1 minuto" />
<script type="application/ld+json" class="yoast-schema-graph">{"@context":"https://schema.org","@graph":[{"@type":"WebPage","@id":"https://cultura.santjosep.org/es/agenda/concert-tony-tixier-trio/","url":"https://cultura.santjosep.org/es/agenda/concert-tony-tixier-trio/","name":"Concert Tony Tixier Trio - Cultura a Sant Josep de sa Talaia","isPartOf":{"@id":"https://cultura.santjosep.org/es/#website"},"primaryImageOfPage":{"@id":"https://cultura.santjosep.org/es/agenda/concert-tony-tixier-trio/#primaryimage"},"image":{"@id":"https://cultura.santjosep.org/es/agenda/concert-tony-tixier-trio/#primaryimage"},"thumbnailUrl":"https://cultura.santjosep.org/wp-content/uploads/2022/06/tixier-1.jpg","datePublished":"2022-06-21T08:19:02+00:00","breadcrumb":{"@id":"https://cultura.santjosep.org/es/agenda/concert-tony-tixier-trio/#breadcrumb"},"inLanguage":"es","potentialAction":[{"@type":"ReadAction","target":["https://cultura.santjosep.org/es/agenda/concert-tony-tixier-trio/"]}]},{"@type":"ImageObject","inLanguage":"es","@id":"https://cultura.santjosep.org/es/agenda/concert-tony-tixier-trio/#primaryimage","url":"https://cultura.santjosep.org/wp-content/uploads/2022/06/tixier-1.jpg","contentUrl":"https://cultura.santjosep.org/wp-content/uploads/2022/06/tixier-1.jpg","width":960,"height":720},{"@type":"BreadcrumbList","@id":"https://cultura.santjosep.org/es/agenda/concert-tony-tixier-trio/#breadcrumb","itemListElement":[{"@type":"ListItem","position":1,"name":"Portada","item":"https://cultura.santjosep.org/es/"},{"@type":"ListItem","position":2,"name":"Eventos","item":"https://cultura.santjosep.org/agenda/"},{"@type":"ListItem","position":3,"name":"Concert Tony Tixier Trio"}]},{"@type":"WebSite","@id":"https://cultura.santjosep.org/es/#website","url":"https://cultura.santjosep.org/es/","name":"Cultura a Sant Josep de sa Talaia","description":"","publisher":{"@id":"https://cultura.santjosep.org/es/#organization"},"potentialAction":[{"@type":"SearchAction","target":{"@type":"EntryPoint","urlTemplate":"https://cultura.santjosep.org/es/?s={search_term_string}"},"query-input":{"@type":"PropertyValueSpecification","valueRequired":true,"valueName":"search_term_string"}}],"inLanguage":"es"},{"@type":"Organization","@id":"https://cultura.santjosep.org/es/#organization","name":"Ajuntament de Sant Josep de sa Talaia","url":"https://cultura.santjosep.org/es/","logo":{"@type":"ImageObject","inLanguage":"es","@id":"https://cultura.santjosep.org/es/#/schema/logo/image/","url":"https://cultura.santjosep.org/wp-content/uploads/2020/10/logocolor.jpg","contentUrl":"https://cultura.santjosep.org/wp-content/uploads/2020/10/logocolor.jpg","width":250,"height":98,"caption":"Ajuntament de Sant Josep de sa Talaia"},"image":{"@id":"https://cultura.santjosep.org/es/#/schema/logo/image/"},"sameAs":["https://www.facebook.com/Ajuntament-de-Sant-Josep-de-sa-Talaia-197541666931354/","https://x.com/DeTalaia","https://www.instagram.com/sant_josep_de_sa_talaia/"]}]}</script>
<!-- / Yoast SEO plugin. -->

30 juny &#8211; 20:30 h.| Auditori Caló de s&#8217;Oli | El Tony Tixier Trio actua a l’Auditori Caló de s’Oli en una cita irrepetible amb el millor jazz L’Ajuntament de &hellip; Seguir leyendo «Concert Tony Tixier Trio»
