{"id":13362,"date":"2022-06-29T14:24:00","date_gmt":"2022-06-29T12:24:00","guid":{"rendered":"https:\/\/cultura.santjosep.org\/agenda\/festival-air-mecal-de-curtmetratges-cortos-cortisimos\/"},"modified":"2022-07-07T08:59:32","modified_gmt":"2022-07-07T06:59:32","slug":"festival-air-mecal-de-curtmetratges-cortos-cortisimos","status":"publish","type":"tribe_events","link":"https:\/\/cultura.santjosep.org\/es\/agenda\/festival-air-mecal-de-curtmetratges-cortos-cortisimos\/","title":{"rendered":"Festival Air Mecal de Curtmetratges &#8211; &#8216;Cortos Cort\u00edsimos&#8217;"},"content":{"rendered":"<p><b data-stringify-type=\"bold\">Festival Air Mecal de Curtmetratges<\/b> &#8211; <strong>&#8216;Cortos Cort\u00edsimos&#8217;<\/strong><\/p>\n<p><strong>Tem\u00e0tica:<\/strong> Cortos Cort\u00edsimos<br \/>\n<strong>Lloc:<\/strong> Parc infantil de Sant Agust\u00ed<br \/>\n<strong>Hora:<\/strong> 22:00 hrs<\/p>\n<p>&nbsp;<\/p>\n","protected":false},"excerpt":{"rendered":"<p>Festival Air Mecal de Curtmetratges &#8211; &#8216;Cortos Cort\u00edsimos&#8217; Tem\u00e0tica: Cortos Cort\u00edsimos Lloc: Parc infantil de Sant Agust\u00ed Hora: 22:00 hrs &nbsp;<\/p>\n","protected":false},"author":1,"featured_media":13348,"template":"","meta":{"_tribe_events_status":"","_tribe_events_status_reason":"","_tribe_events_is_hybrid":"","_tribe_events_is_virtual":"","_tribe_events_virtual_video_source":"","_tribe_events_virtual_embed_video":"","_tribe_events_virtual_linked_button_text":"","_tribe_events_virtual_linked_button":"","_tribe_events_virtual_show_embed_at":"","_tribe_events_virtual_show_embed_to":[],"_tribe_events_virtual_show_on_event":"","_tribe_events_virtual_show_on_views":"","_tribe_events_virtual_url":"","footnotes":""},"tags":[],"tribe_events_cat":[30,137],"class_list":["post-13362","tribe_events","type-tribe_events","status-publish","has-post-thumbnail","hentry","tribe_events_cat-cine","tribe_events_cat-festival-air-mecal-es","cat_cine","cat_festival-air-mecal-es","entry"],"yoast_head":"<!-- This site is optimized with the Yoast SEO plugin v26.6 - https:\/\/yoast.com\/wordpress\/plugins\/seo\/ -->\n<title>Festival Air Mecal de Curtmetratges - &#039;Cortos Cort\u00edsimos&#039; - Cultura a Sant Josep de sa Talaia<\/title>\n<meta name=\"robots\" content=\"index, follow, max-snippet:-1, max-image-preview:large, max-video-preview:-1\" \/>\n<link rel=\"canonical\" href=\"https:\/\/cultura.santjosep.org\/es\/agenda\/festival-air-mecal-de-curtmetratges-cortos-cortisimos\/\" \/>\n<meta property=\"og:locale\" content=\"es_ES\" \/>\n<meta property=\"og:type\" content=\"article\" \/>\n<meta property=\"og:title\" content=\"Festival Air Mecal de Curtmetratges - &#039;Cortos Cort\u00edsimos&#039; - Cultura a Sant Josep de sa Talaia\" \/>\n<meta property=\"og:description\" content=\"Festival Air Mecal de Curtmetratges &#8211; &#8216;Cortos Cort\u00edsimos&#8217; Tem\u00e0tica: Cortos Cort\u00edsimos Lloc: Parc infantil de Sant Agust\u00ed Hora: 22:00 hrs &nbsp;\" \/>\n<meta property=\"og:url\" content=\"https:\/\/cultura.santjosep.org\/es\/agenda\/festival-air-mecal-de-curtmetratges-cortos-cortisimos\/\" \/>\n<meta property=\"og:site_name\" content=\"Cultura a Sant Josep de sa Talaia\" \/>\n<meta property=\"article:publisher\" content=\"https:\/\/www.facebook.com\/Ajuntament-de-Sant-Josep-de-sa-Talaia-197541666931354\/\" \/>\n<meta property=\"article:modified_time\" content=\"2022-07-07T06:59:32+00:00\" \/>\n<meta property=\"og:image\" content=\"https:\/\/cultura.santjosep.org\/wp-content\/uploads\/2022\/06\/mecal.jpeg\" \/>\n\t<meta property=\"og:image:width\" content=\"1600\" \/>\n\t<meta property=\"og:image:height\" content=\"825\" \/>\n\t<meta property=\"og:image:type\" content=\"image\/jpeg\" \/>\n<meta name=\"twitter:card\" content=\"summary_large_image\" \/>\n<meta name=\"twitter:site\" content=\"@DeTalaia\" \/>\n<script type=\"application\/ld+json\" class=\"yoast-schema-graph\">{\"@context\":\"https:\/\/schema.org\",\"@graph\":[{\"@type\":\"WebPage\",\"@id\":\"https:\/\/cultura.santjosep.org\/es\/agenda\/festival-air-mecal-de-curtmetratges-cortos-cortisimos\/\",\"url\":\"https:\/\/cultura.santjosep.org\/es\/agenda\/festival-air-mecal-de-curtmetratges-cortos-cortisimos\/\",\"name\":\"Festival Air Mecal de Curtmetratges - 'Cortos Cort\u00edsimos' - Cultura a Sant Josep de sa Talaia\",\"isPartOf\":{\"@id\":\"https:\/\/cultura.santjosep.org\/es\/#website\"},\"primaryImageOfPage\":{\"@id\":\"https:\/\/cultura.santjosep.org\/es\/agenda\/festival-air-mecal-de-curtmetratges-cortos-cortisimos\/#primaryimage\"},\"image\":{\"@id\":\"https:\/\/cultura.santjosep.org\/es\/agenda\/festival-air-mecal-de-curtmetratges-cortos-cortisimos\/#primaryimage\"},\"thumbnailUrl\":\"https:\/\/cultura.santjosep.org\/wp-content\/uploads\/2022\/06\/mecal.jpeg\",\"datePublished\":\"2022-06-29T12:24:00+00:00\",\"dateModified\":\"2022-07-07T06:59:32+00:00\",\"breadcrumb\":{\"@id\":\"https:\/\/cultura.santjosep.org\/es\/agenda\/festival-air-mecal-de-curtmetratges-cortos-cortisimos\/#breadcrumb\"},\"inLanguage\":\"es\",\"potentialAction\":[{\"@type\":\"ReadAction\",\"target\":[\"https:\/\/cultura.santjosep.org\/es\/agenda\/festival-air-mecal-de-curtmetratges-cortos-cortisimos\/\"]}]},{\"@type\":\"ImageObject\",\"inLanguage\":\"es\",\"@id\":\"https:\/\/cultura.santjosep.org\/es\/agenda\/festival-air-mecal-de-curtmetratges-cortos-cortisimos\/#primaryimage\",\"url\":\"https:\/\/cultura.santjosep.org\/wp-content\/uploads\/2022\/06\/mecal.jpeg\",\"contentUrl\":\"https:\/\/cultura.santjosep.org\/wp-content\/uploads\/2022\/06\/mecal.jpeg\",\"width\":1600,\"height\":825},{\"@type\":\"BreadcrumbList\",\"@id\":\"https:\/\/cultura.santjosep.org\/es\/agenda\/festival-air-mecal-de-curtmetratges-cortos-cortisimos\/#breadcrumb\",\"itemListElement\":[{\"@type\":\"ListItem\",\"position\":1,\"name\":\"Portada\",\"item\":\"https:\/\/cultura.santjosep.org\/es\/\"},{\"@type\":\"ListItem\",\"position\":2,\"name\":\"Eventos\",\"item\":\"https:\/\/cultura.santjosep.org\/agenda\/\"},{\"@type\":\"ListItem\",\"position\":3,\"name\":\"Festival Air Mecal de Curtmetratges &#8211; &#8216;Cortos Cort\u00edsimos&#8217;\"}]},{\"@type\":\"WebSite\",\"@id\":\"https:\/\/cultura.santjosep.org\/es\/#website\",\"url\":\"https:\/\/cultura.santjosep.org\/es\/\",\"name\":\"Cultura a Sant Josep de sa Talaia\",\"description\":\"\",\"publisher\":{\"@id\":\"https:\/\/cultura.santjosep.org\/es\/#organization\"},\"potentialAction\":[{\"@type\":\"SearchAction\",\"target\":{\"@type\":\"EntryPoint\",\"urlTemplate\":\"https:\/\/cultura.santjosep.org\/es\/?s={search_term_string}\"},\"query-input\":{\"@type\":\"PropertyValueSpecification\",\"valueRequired\":true,\"valueName\":\"search_term_string\"}}],\"inLanguage\":\"es\"},{\"@type\":\"Organization\",\"@id\":\"https:\/\/cultura.santjosep.org\/es\/#organization\",\"name\":\"Ajuntament de Sant Josep de sa Talaia\",\"url\":\"https:\/\/cultura.santjosep.org\/es\/\",\"logo\":{\"@type\":\"ImageObject\",\"inLanguage\":\"es\",\"@id\":\"https:\/\/cultura.santjosep.org\/es\/#\/schema\/logo\/image\/\",\"url\":\"https:\/\/cultura.santjosep.org\/wp-content\/uploads\/2020\/10\/logocolor.jpg\",\"contentUrl\":\"https:\/\/cultura.santjosep.org\/wp-content\/uploads\/2020\/10\/logocolor.jpg\",\"width\":250,\"height\":98,\"caption\":\"Ajuntament de Sant Josep de sa Talaia\"},\"image\":{\"@id\":\"https:\/\/cultura.santjosep.org\/es\/#\/schema\/logo\/image\/\"},\"sameAs\":[\"https:\/\/www.facebook.com\/Ajuntament-de-Sant-Josep-de-sa-Talaia-197541666931354\/\",\"https:\/\/x.com\/DeTalaia\",\"https:\/\/www.instagram.com\/sant_josep_de_sa_talaia\/\"]}]}<\/script>\n<!-- \/ Yoast SEO plugin. -->","yoast_head_json":{"title":"Festival Air Mecal de Curtmetratges - 'Cortos Cort\u00edsimos' - Cultura a Sant Josep de sa Talaia","robots":{"index":"index","follow":"follow","max-snippet":"max-snippet:-1","max-image-preview":"max-image-preview:large","max-video-preview":"max-video-preview:-1"},"canonical":"https:\/\/cultura.santjosep.org\/es\/agenda\/festival-air-mecal-de-curtmetratges-cortos-cortisimos\/","og_locale":"es_ES","og_type":"article","og_title":"Festival Air Mecal de Curtmetratges - 'Cortos Cort\u00edsimos' - Cultura a Sant Josep de sa Talaia","og_description":"Festival Air Mecal de Curtmetratges &#8211; &#8216;Cortos Cort\u00edsimos&#8217; Tem\u00e0tica: Cortos Cort\u00edsimos Lloc: Parc infantil de Sant Agust\u00ed Hora: 22:00 hrs &nbsp;","og_url":"https:\/\/cultura.santjosep.org\/es\/agenda\/festival-air-mecal-de-curtmetratges-cortos-cortisimos\/","og_site_name":"Cultura a Sant Josep de sa Talaia","article_publisher":"https:\/\/www.facebook.com\/Ajuntament-de-Sant-Josep-de-sa-Talaia-197541666931354\/","article_modified_time":"2022-07-07T06:59:32+00:00","og_image":[{"width":1600,"height":825,"url":"https:\/\/cultura.santjosep.org\/wp-content\/uploads\/2022\/06\/mecal.jpeg","type":"image\/jpeg"}],"twitter_card":"summary_large_image","twitter_site":"@DeTalaia","schema":{"@context":"https:\/\/schema.org","@graph":[{"@type":"WebPage","@id":"https:\/\/cultura.santjosep.org\/es\/agenda\/festival-air-mecal-de-curtmetratges-cortos-cortisimos\/","url":"https:\/\/cultura.santjosep.org\/es\/agenda\/festival-air-mecal-de-curtmetratges-cortos-cortisimos\/","name":"Festival Air Mecal de Curtmetratges - 'Cortos Cort\u00edsimos' - Cultura a Sant Josep de sa Talaia","isPartOf":{"@id":"https:\/\/cultura.santjosep.org\/es\/#website"},"primaryImageOfPage":{"@id":"https:\/\/cultura.santjosep.org\/es\/agenda\/festival-air-mecal-de-curtmetratges-cortos-cortisimos\/#primaryimage"},"image":{"@id":"https:\/\/cultura.santjosep.org\/es\/agenda\/festival-air-mecal-de-curtmetratges-cortos-cortisimos\/#primaryimage"},"thumbnailUrl":"https:\/\/cultura.santjosep.org\/wp-content\/uploads\/2022\/06\/mecal.jpeg","datePublished":"2022-06-29T12:24:00+00:00","dateModified":"2022-07-07T06:59:32+00:00","breadcrumb":{"@id":"https:\/\/cultura.santjosep.org\/es\/agenda\/festival-air-mecal-de-curtmetratges-cortos-cortisimos\/#breadcrumb"},"inLanguage":"es","potentialAction":[{"@type":"ReadAction","target":["https:\/\/cultura.santjosep.org\/es\/agenda\/festival-air-mecal-de-curtmetratges-cortos-cortisimos\/"]}]},{"@type":"ImageObject","inLanguage":"es","@id":"https:\/\/cultura.santjosep.org\/es\/agenda\/festival-air-mecal-de-curtmetratges-cortos-cortisimos\/#primaryimage","url":"https:\/\/cultura.santjosep.org\/wp-content\/uploads\/2022\/06\/mecal.jpeg","contentUrl":"https:\/\/cultura.santjosep.org\/wp-content\/uploads\/2022\/06\/mecal.jpeg","width":1600,"height":825},{"@type":"BreadcrumbList","@id":"https:\/\/cultura.santjosep.org\/es\/agenda\/festival-air-mecal-de-curtmetratges-cortos-cortisimos\/#breadcrumb","itemListElement":[{"@type":"ListItem","position":1,"name":"Portada","item":"https:\/\/cultura.santjosep.org\/es\/"},{"@type":"ListItem","position":2,"name":"Eventos","item":"https:\/\/cultura.santjosep.org\/agenda\/"},{"@type":"ListItem","position":3,"name":"Festival Air Mecal de Curtmetratges &#8211; &#8216;Cortos Cort\u00edsimos&#8217;"}]},{"@type":"WebSite","@id":"https:\/\/cultura.santjosep.org\/es\/#website","url":"https:\/\/cultura.santjosep.org\/es\/","name":"Cultura a Sant Josep de sa Talaia","description":"","publisher":{"@id":"https:\/\/cultura.santjosep.org\/es\/#organization"},"potentialAction":[{"@type":"SearchAction","target":{"@type":"EntryPoint","urlTemplate":"https:\/\/cultura.santjosep.org\/es\/?s={search_term_string}"},"query-input":{"@type":"PropertyValueSpecification","valueRequired":true,"valueName":"search_term_string"}}],"inLanguage":"es"},{"@type":"Organization","@id":"https:\/\/cultura.santjosep.org\/es\/#organization","name":"Ajuntament de Sant Josep de sa Talaia","url":"https:\/\/cultura.santjosep.org\/es\/","logo":{"@type":"ImageObject","inLanguage":"es","@id":"https:\/\/cultura.santjosep.org\/es\/#\/schema\/logo\/image\/","url":"https:\/\/cultura.santjosep.org\/wp-content\/uploads\/2020\/10\/logocolor.jpg","contentUrl":"https:\/\/cultura.santjosep.org\/wp-content\/uploads\/2020\/10\/logocolor.jpg","width":250,"height":98,"caption":"Ajuntament de Sant Josep de sa Talaia"},"image":{"@id":"https:\/\/cultura.santjosep.org\/es\/#\/schema\/logo\/image\/"},"sameAs":["https:\/\/www.facebook.com\/Ajuntament-de-Sant-Josep-de-sa-Talaia-197541666931354\/","https:\/\/x.com\/DeTalaia","https:\/\/www.instagram.com\/sant_josep_de_sa_talaia\/"]}]}},"_links":{"self":[{"href":"https:\/\/cultura.santjosep.org\/es\/wp-json\/wp\/v2\/tribe_events\/13362","targetHints":{"allow":["GET"]}}],"collection":[{"href":"https:\/\/cultura.santjosep.org\/es\/wp-json\/wp\/v2\/tribe_events"}],"about":[{"href":"https:\/\/cultura.santjosep.org\/es\/wp-json\/wp\/v2\/types\/tribe_events"}],"author":[{"embeddable":true,"href":"https:\/\/cultura.santjosep.org\/es\/wp-json\/wp\/v2\/users\/1"}],"version-history":[{"count":0,"href":"https:\/\/cultura.santjosep.org\/es\/wp-json\/wp\/v2\/tribe_events\/13362\/revisions"}],"wp:featuredmedia":[{"embeddable":true,"href":"https:\/\/cultura.santjosep.org\/es\/wp-json\/wp\/v2\/media\/13348"}],"wp:attachment":[{"href":"https:\/\/cultura.santjosep.org\/es\/wp-json\/wp\/v2\/media?parent=13362"}],"wp:term":[{"taxonomy":"post_tag","embeddable":true,"href":"https:\/\/cultura.santjosep.org\/es\/wp-json\/wp\/v2\/tags?post=13362"},{"taxonomy":"tribe_events_cat","embeddable":true,"href":"https:\/\/cultura.santjosep.org\/es\/wp-json\/wp\/v2\/tribe_events_cat?post=13362"}],"curies":[{"name":"wp","href":"https:\/\/api.w.org\/{rel}","templated":true}]}}

Festival Air Mecal de Curtmetratges &#8211; &#8216;Cortos Cortísimos&#8217;

<p><b data-stringify-type="bold">Festival Air Mecal de Curtmetratges</b> &#8211; <strong>&#8216;Cortos Cortísimos&#8217;</strong></p>
<p><strong>Temàtica:</strong> Cortos Cortísimos<br />
<strong>Lloc:</strong> Parc infantil de Sant Agustí<br />
<strong>Hora:</strong> 22:00 hrs</p>
<p>&nbsp;</p>

<p>Festival Air Mecal de Curtmetratges &#8211; &#8216;Cortos Cortísimos&#8217; Temàtica: Cortos Cortísimos Lloc: Parc infantil de Sant Agustí Hora: 22:00 hrs &nbsp;</p>

<!-- This site is optimized with the Yoast SEO plugin v26.6 - https://yoast.com/wordpress/plugins/seo/ -->
<title>Festival Air Mecal de Curtmetratges - &#039;Cortos Cortísimos&#039; - Cultura a Sant Josep de sa Talaia</title>
<meta name="robots" content="index, follow, max-snippet:-1, max-image-preview:large, max-video-preview:-1" />
<link rel="canonical" href="https://cultura.santjosep.org/es/agenda/festival-air-mecal-de-curtmetratges-cortos-cortisimos/" />
<meta property="og:locale" content="es_ES" />
<meta property="og:type" content="article" />
<meta property="og:title" content="Festival Air Mecal de Curtmetratges - &#039;Cortos Cortísimos&#039; - Cultura a Sant Josep de sa Talaia" />
<meta property="og:description" content="Festival Air Mecal de Curtmetratges &#8211; &#8216;Cortos Cortísimos&#8217; Temàtica: Cortos Cortísimos Lloc: Parc infantil de Sant Agustí Hora: 22:00 hrs &nbsp;" />
<meta property="og:url" content="https://cultura.santjosep.org/es/agenda/festival-air-mecal-de-curtmetratges-cortos-cortisimos/" />
<meta property="og:site_name" content="Cultura a Sant Josep de sa Talaia" />
<meta property="article:publisher" content="https://www.facebook.com/Ajuntament-de-Sant-Josep-de-sa-Talaia-197541666931354/" />
<meta property="article:modified_time" content="2022-07-07T06:59:32+00:00" />
<meta property="og:image" content="https://cultura.santjosep.org/wp-content/uploads/2022/06/mecal.jpeg" />
	<meta property="og:image:width" content="1600" />
	<meta property="og:image:height" content="825" />
	<meta property="og:image:type" content="image/jpeg" />
<meta name="twitter:card" content="summary_large_image" />
<meta name="twitter:site" content="@DeTalaia" />
<script type="application/ld+json" class="yoast-schema-graph">{"@context":"https://schema.org","@graph":[{"@type":"WebPage","@id":"https://cultura.santjosep.org/es/agenda/festival-air-mecal-de-curtmetratges-cortos-cortisimos/","url":"https://cultura.santjosep.org/es/agenda/festival-air-mecal-de-curtmetratges-cortos-cortisimos/","name":"Festival Air Mecal de Curtmetratges - 'Cortos Cortísimos' - Cultura a Sant Josep de sa Talaia","isPartOf":{"@id":"https://cultura.santjosep.org/es/#website"},"primaryImageOfPage":{"@id":"https://cultura.santjosep.org/es/agenda/festival-air-mecal-de-curtmetratges-cortos-cortisimos/#primaryimage"},"image":{"@id":"https://cultura.santjosep.org/es/agenda/festival-air-mecal-de-curtmetratges-cortos-cortisimos/#primaryimage"},"thumbnailUrl":"https://cultura.santjosep.org/wp-content/uploads/2022/06/mecal.jpeg","datePublished":"2022-06-29T12:24:00+00:00","dateModified":"2022-07-07T06:59:32+00:00","breadcrumb":{"@id":"https://cultura.santjosep.org/es/agenda/festival-air-mecal-de-curtmetratges-cortos-cortisimos/#breadcrumb"},"inLanguage":"es","potentialAction":[{"@type":"ReadAction","target":["https://cultura.santjosep.org/es/agenda/festival-air-mecal-de-curtmetratges-cortos-cortisimos/"]}]},{"@type":"ImageObject","inLanguage":"es","@id":"https://cultura.santjosep.org/es/agenda/festival-air-mecal-de-curtmetratges-cortos-cortisimos/#primaryimage","url":"https://cultura.santjosep.org/wp-content/uploads/2022/06/mecal.jpeg","contentUrl":"https://cultura.santjosep.org/wp-content/uploads/2022/06/mecal.jpeg","width":1600,"height":825},{"@type":"BreadcrumbList","@id":"https://cultura.santjosep.org/es/agenda/festival-air-mecal-de-curtmetratges-cortos-cortisimos/#breadcrumb","itemListElement":[{"@type":"ListItem","position":1,"name":"Portada","item":"https://cultura.santjosep.org/es/"},{"@type":"ListItem","position":2,"name":"Eventos","item":"https://cultura.santjosep.org/agenda/"},{"@type":"ListItem","position":3,"name":"Festival Air Mecal de Curtmetratges &#8211; &#8216;Cortos Cortísimos&#8217;"}]},{"@type":"WebSite","@id":"https://cultura.santjosep.org/es/#website","url":"https://cultura.santjosep.org/es/","name":"Cultura a Sant Josep de sa Talaia","description":"","publisher":{"@id":"https://cultura.santjosep.org/es/#organization"},"potentialAction":[{"@type":"SearchAction","target":{"@type":"EntryPoint","urlTemplate":"https://cultura.santjosep.org/es/?s={search_term_string}"},"query-input":{"@type":"PropertyValueSpecification","valueRequired":true,"valueName":"search_term_string"}}],"inLanguage":"es"},{"@type":"Organization","@id":"https://cultura.santjosep.org/es/#organization","name":"Ajuntament de Sant Josep de sa Talaia","url":"https://cultura.santjosep.org/es/","logo":{"@type":"ImageObject","inLanguage":"es","@id":"https://cultura.santjosep.org/es/#/schema/logo/image/","url":"https://cultura.santjosep.org/wp-content/uploads/2020/10/logocolor.jpg","contentUrl":"https://cultura.santjosep.org/wp-content/uploads/2020/10/logocolor.jpg","width":250,"height":98,"caption":"Ajuntament de Sant Josep de sa Talaia"},"image":{"@id":"https://cultura.santjosep.org/es/#/schema/logo/image/"},"sameAs":["https://www.facebook.com/Ajuntament-de-Sant-Josep-de-sa-Talaia-197541666931354/","https://x.com/DeTalaia","https://www.instagram.com/sant_josep_de_sa_talaia/"]}]}</script>
<!-- / Yoast SEO plugin. -->

Festival Air Mecal de Curtmetratges - 'Cortos Cortísimos' - Cultura a Sant Josep de sa Talaia

Festival Air Mecal de Curtmetratges &#8211; &#8216;Cortos Cortísimos&#8217; Temàtica: Cortos Cortísimos Lloc: Parc infantil de Sant Agustí Hora: 22:00 hrs &nbsp;
