{"id":13860,"date":"2022-08-16T09:03:50","date_gmt":"2022-08-16T07:03:50","guid":{"rendered":"https:\/\/cultura.santjosep.org\/agenda\/treulallengua-concerts-rels-o-erra\/"},"modified":"2022-08-16T09:03:50","modified_gmt":"2022-08-16T07:03:50","slug":"treulallengua-concerts-rels-o-erra","status":"publish","type":"tribe_events","link":"https:\/\/cultura.santjosep.org\/es\/agenda\/treulallengua-concerts-rels-o-erra\/","title":{"rendered":"Treulallengua &#8211; Concerts &#8216;Rels&#8217; + &#8216;O-Erra&#8217;"},"content":{"rendered":"<p><strong>Treulallengua 2022 amb els concerts dels grups &#8216;Rels&#8217; i &#8216;O-Erra&#8217;<\/strong><br \/>\nData: 21 d&#8217;agost<br \/>\nHora: 21:30 h.<br \/>\nLloc: Pla\u00e7a de l&#8217;Esgl\u00e9sia de Sant Agust\u00ed des Vedr\u00e0<\/p>\n<p><img loading=\"lazy\" decoding=\"async\" class=\"alignnone size-full wp-image-13857\" src=\"https:\/\/cultura.santjosep.org\/wp-content\/uploads\/2022\/08\/WhatsApp-Image-2022-08-16-at-8.41.35-AM.jpeg\" alt=\"\" width=\"1131\" height=\"1600\" srcset=\"https:\/\/cultura.santjosep.org\/wp-content\/uploads\/2022\/08\/WhatsApp-Image-2022-08-16-at-8.41.35-AM.jpeg 1131w, https:\/\/cultura.santjosep.org\/wp-content\/uploads\/2022\/08\/WhatsApp-Image-2022-08-16-at-8.41.35-AM-212x300.jpeg 212w, https:\/\/cultura.santjosep.org\/wp-content\/uploads\/2022\/08\/WhatsApp-Image-2022-08-16-at-8.41.35-AM-724x1024.jpeg 724w, https:\/\/cultura.santjosep.org\/wp-content\/uploads\/2022\/08\/WhatsApp-Image-2022-08-16-at-8.41.35-AM-768x1086.jpeg 768w, https:\/\/cultura.santjosep.org\/wp-content\/uploads\/2022\/08\/WhatsApp-Image-2022-08-16-at-8.41.35-AM-1086x1536.jpeg 1086w\" sizes=\"auto, (max-width: 1131px) 100vw, 1131px\" \/><\/p>\n","protected":false},"excerpt":{"rendered":"<p>Treulallengua 2022 amb els concerts dels grups &#8216;Rels&#8217; i &#8216;O-Erra&#8217; Data: 21 d&#8217;agost Hora: 21:30 h. Lloc: Pla\u00e7a de l&#8217;Esgl\u00e9sia de Sant Agust\u00ed des Vedr\u00e0<\/p>\n","protected":false},"author":1,"featured_media":13856,"template":"","meta":{"_tribe_events_status":"","_tribe_events_status_reason":"","_tribe_events_is_hybrid":"","_tribe_events_is_virtual":"","_tribe_events_virtual_video_source":"","_tribe_events_virtual_embed_video":"","_tribe_events_virtual_linked_button_text":"","_tribe_events_virtual_linked_button":"","_tribe_events_virtual_show_embed_at":"","_tribe_events_virtual_show_embed_to":[],"_tribe_events_virtual_show_on_event":"","_tribe_events_virtual_show_on_views":"","_tribe_events_virtual_url":"","footnotes":""},"tags":[],"tribe_events_cat":[31],"class_list":["post-13860","tribe_events","type-tribe_events","status-publish","has-post-thumbnail","hentry","tribe_events_cat-conciertos","cat_conciertos","entry"],"yoast_head":"<!-- This site is optimized with the Yoast SEO plugin v26.6 - https:\/\/yoast.com\/wordpress\/plugins\/seo\/ -->\n<title>Treulallengua - Concerts &#039;Rels&#039; + &#039;O-Erra&#039; - Cultura a Sant Josep de sa Talaia<\/title>\n<meta name=\"robots\" content=\"index, follow, max-snippet:-1, max-image-preview:large, max-video-preview:-1\" \/>\n<link rel=\"canonical\" href=\"https:\/\/cultura.santjosep.org\/es\/agenda\/treulallengua-concerts-rels-o-erra\/\" \/>\n<meta property=\"og:locale\" content=\"es_ES\" \/>\n<meta property=\"og:type\" content=\"article\" \/>\n<meta property=\"og:title\" content=\"Treulallengua - Concerts &#039;Rels&#039; + &#039;O-Erra&#039; - Cultura a Sant Josep de sa Talaia\" \/>\n<meta property=\"og:description\" content=\"Treulallengua 2022 amb els concerts dels grups &#8216;Rels&#8217; i &#8216;O-Erra&#8217; Data: 21 d&#8217;agost Hora: 21:30 h. Lloc: Pla\u00e7a de l&#8217;Esgl\u00e9sia de Sant Agust\u00ed des Vedr\u00e0\" \/>\n<meta property=\"og:url\" content=\"https:\/\/cultura.santjosep.org\/es\/agenda\/treulallengua-concerts-rels-o-erra\/\" \/>\n<meta property=\"og:site_name\" content=\"Cultura a Sant Josep de sa Talaia\" \/>\n<meta property=\"article:publisher\" content=\"https:\/\/www.facebook.com\/Ajuntament-de-Sant-Josep-de-sa-Talaia-197541666931354\/\" \/>\n<meta property=\"og:image\" content=\"https:\/\/cultura.santjosep.org\/wp-content\/uploads\/2022\/08\/WhatsApp-Image-2022-08-16-at-8.41.35-AM.jpeg\" \/>\n<meta name=\"twitter:card\" content=\"summary_large_image\" \/>\n<meta name=\"twitter:site\" content=\"@DeTalaia\" \/>\n<script type=\"application\/ld+json\" class=\"yoast-schema-graph\">{\"@context\":\"https:\/\/schema.org\",\"@graph\":[{\"@type\":\"WebPage\",\"@id\":\"https:\/\/cultura.santjosep.org\/es\/agenda\/treulallengua-concerts-rels-o-erra\/\",\"url\":\"https:\/\/cultura.santjosep.org\/es\/agenda\/treulallengua-concerts-rels-o-erra\/\",\"name\":\"Treulallengua - Concerts 'Rels' + 'O-Erra' - Cultura a Sant Josep de sa Talaia\",\"isPartOf\":{\"@id\":\"https:\/\/cultura.santjosep.org\/es\/#website\"},\"primaryImageOfPage\":{\"@id\":\"https:\/\/cultura.santjosep.org\/es\/agenda\/treulallengua-concerts-rels-o-erra\/#primaryimage\"},\"image\":{\"@id\":\"https:\/\/cultura.santjosep.org\/es\/agenda\/treulallengua-concerts-rels-o-erra\/#primaryimage\"},\"thumbnailUrl\":\"https:\/\/cultura.santjosep.org\/wp-content\/uploads\/2022\/08\/oerra.jpg\",\"datePublished\":\"2022-08-16T07:03:50+00:00\",\"breadcrumb\":{\"@id\":\"https:\/\/cultura.santjosep.org\/es\/agenda\/treulallengua-concerts-rels-o-erra\/#breadcrumb\"},\"inLanguage\":\"es\",\"potentialAction\":[{\"@type\":\"ReadAction\",\"target\":[\"https:\/\/cultura.santjosep.org\/es\/agenda\/treulallengua-concerts-rels-o-erra\/\"]}]},{\"@type\":\"ImageObject\",\"inLanguage\":\"es\",\"@id\":\"https:\/\/cultura.santjosep.org\/es\/agenda\/treulallengua-concerts-rels-o-erra\/#primaryimage\",\"url\":\"https:\/\/cultura.santjosep.org\/wp-content\/uploads\/2022\/08\/oerra.jpg\",\"contentUrl\":\"https:\/\/cultura.santjosep.org\/wp-content\/uploads\/2022\/08\/oerra.jpg\",\"width\":1440,\"height\":1079},{\"@type\":\"BreadcrumbList\",\"@id\":\"https:\/\/cultura.santjosep.org\/es\/agenda\/treulallengua-concerts-rels-o-erra\/#breadcrumb\",\"itemListElement\":[{\"@type\":\"ListItem\",\"position\":1,\"name\":\"Portada\",\"item\":\"https:\/\/cultura.santjosep.org\/es\/\"},{\"@type\":\"ListItem\",\"position\":2,\"name\":\"Eventos\",\"item\":\"https:\/\/cultura.santjosep.org\/agenda\/\"},{\"@type\":\"ListItem\",\"position\":3,\"name\":\"Treulallengua &#8211; Concerts &#8216;Rels&#8217; + &#8216;O-Erra&#8217;\"}]},{\"@type\":\"WebSite\",\"@id\":\"https:\/\/cultura.santjosep.org\/es\/#website\",\"url\":\"https:\/\/cultura.santjosep.org\/es\/\",\"name\":\"Cultura a Sant Josep de sa Talaia\",\"description\":\"\",\"publisher\":{\"@id\":\"https:\/\/cultura.santjosep.org\/es\/#organization\"},\"potentialAction\":[{\"@type\":\"SearchAction\",\"target\":{\"@type\":\"EntryPoint\",\"urlTemplate\":\"https:\/\/cultura.santjosep.org\/es\/?s={search_term_string}\"},\"query-input\":{\"@type\":\"PropertyValueSpecification\",\"valueRequired\":true,\"valueName\":\"search_term_string\"}}],\"inLanguage\":\"es\"},{\"@type\":\"Organization\",\"@id\":\"https:\/\/cultura.santjosep.org\/es\/#organization\",\"name\":\"Ajuntament de Sant Josep de sa Talaia\",\"url\":\"https:\/\/cultura.santjosep.org\/es\/\",\"logo\":{\"@type\":\"ImageObject\",\"inLanguage\":\"es\",\"@id\":\"https:\/\/cultura.santjosep.org\/es\/#\/schema\/logo\/image\/\",\"url\":\"https:\/\/cultura.santjosep.org\/wp-content\/uploads\/2020\/10\/logocolor.jpg\",\"contentUrl\":\"https:\/\/cultura.santjosep.org\/wp-content\/uploads\/2020\/10\/logocolor.jpg\",\"width\":250,\"height\":98,\"caption\":\"Ajuntament de Sant Josep de sa Talaia\"},\"image\":{\"@id\":\"https:\/\/cultura.santjosep.org\/es\/#\/schema\/logo\/image\/\"},\"sameAs\":[\"https:\/\/www.facebook.com\/Ajuntament-de-Sant-Josep-de-sa-Talaia-197541666931354\/\",\"https:\/\/x.com\/DeTalaia\",\"https:\/\/www.instagram.com\/sant_josep_de_sa_talaia\/\"]}]}<\/script>\n<!-- \/ Yoast SEO plugin. -->","yoast_head_json":{"title":"Treulallengua - Concerts 'Rels' + 'O-Erra' - Cultura a Sant Josep de sa Talaia","robots":{"index":"index","follow":"follow","max-snippet":"max-snippet:-1","max-image-preview":"max-image-preview:large","max-video-preview":"max-video-preview:-1"},"canonical":"https:\/\/cultura.santjosep.org\/es\/agenda\/treulallengua-concerts-rels-o-erra\/","og_locale":"es_ES","og_type":"article","og_title":"Treulallengua - Concerts 'Rels' + 'O-Erra' - Cultura a Sant Josep de sa Talaia","og_description":"Treulallengua 2022 amb els concerts dels grups &#8216;Rels&#8217; i &#8216;O-Erra&#8217; Data: 21 d&#8217;agost Hora: 21:30 h. Lloc: Pla\u00e7a de l&#8217;Esgl\u00e9sia de Sant Agust\u00ed des Vedr\u00e0","og_url":"https:\/\/cultura.santjosep.org\/es\/agenda\/treulallengua-concerts-rels-o-erra\/","og_site_name":"Cultura a Sant Josep de sa Talaia","article_publisher":"https:\/\/www.facebook.com\/Ajuntament-de-Sant-Josep-de-sa-Talaia-197541666931354\/","og_image":[{"url":"https:\/\/cultura.santjosep.org\/wp-content\/uploads\/2022\/08\/WhatsApp-Image-2022-08-16-at-8.41.35-AM.jpeg","type":"","width":"","height":""}],"twitter_card":"summary_large_image","twitter_site":"@DeTalaia","schema":{"@context":"https:\/\/schema.org","@graph":[{"@type":"WebPage","@id":"https:\/\/cultura.santjosep.org\/es\/agenda\/treulallengua-concerts-rels-o-erra\/","url":"https:\/\/cultura.santjosep.org\/es\/agenda\/treulallengua-concerts-rels-o-erra\/","name":"Treulallengua - Concerts 'Rels' + 'O-Erra' - Cultura a Sant Josep de sa Talaia","isPartOf":{"@id":"https:\/\/cultura.santjosep.org\/es\/#website"},"primaryImageOfPage":{"@id":"https:\/\/cultura.santjosep.org\/es\/agenda\/treulallengua-concerts-rels-o-erra\/#primaryimage"},"image":{"@id":"https:\/\/cultura.santjosep.org\/es\/agenda\/treulallengua-concerts-rels-o-erra\/#primaryimage"},"thumbnailUrl":"https:\/\/cultura.santjosep.org\/wp-content\/uploads\/2022\/08\/oerra.jpg","datePublished":"2022-08-16T07:03:50+00:00","breadcrumb":{"@id":"https:\/\/cultura.santjosep.org\/es\/agenda\/treulallengua-concerts-rels-o-erra\/#breadcrumb"},"inLanguage":"es","potentialAction":[{"@type":"ReadAction","target":["https:\/\/cultura.santjosep.org\/es\/agenda\/treulallengua-concerts-rels-o-erra\/"]}]},{"@type":"ImageObject","inLanguage":"es","@id":"https:\/\/cultura.santjosep.org\/es\/agenda\/treulallengua-concerts-rels-o-erra\/#primaryimage","url":"https:\/\/cultura.santjosep.org\/wp-content\/uploads\/2022\/08\/oerra.jpg","contentUrl":"https:\/\/cultura.santjosep.org\/wp-content\/uploads\/2022\/08\/oerra.jpg","width":1440,"height":1079},{"@type":"BreadcrumbList","@id":"https:\/\/cultura.santjosep.org\/es\/agenda\/treulallengua-concerts-rels-o-erra\/#breadcrumb","itemListElement":[{"@type":"ListItem","position":1,"name":"Portada","item":"https:\/\/cultura.santjosep.org\/es\/"},{"@type":"ListItem","position":2,"name":"Eventos","item":"https:\/\/cultura.santjosep.org\/agenda\/"},{"@type":"ListItem","position":3,"name":"Treulallengua &#8211; Concerts &#8216;Rels&#8217; + &#8216;O-Erra&#8217;"}]},{"@type":"WebSite","@id":"https:\/\/cultura.santjosep.org\/es\/#website","url":"https:\/\/cultura.santjosep.org\/es\/","name":"Cultura a Sant Josep de sa Talaia","description":"","publisher":{"@id":"https:\/\/cultura.santjosep.org\/es\/#organization"},"potentialAction":[{"@type":"SearchAction","target":{"@type":"EntryPoint","urlTemplate":"https:\/\/cultura.santjosep.org\/es\/?s={search_term_string}"},"query-input":{"@type":"PropertyValueSpecification","valueRequired":true,"valueName":"search_term_string"}}],"inLanguage":"es"},{"@type":"Organization","@id":"https:\/\/cultura.santjosep.org\/es\/#organization","name":"Ajuntament de Sant Josep de sa Talaia","url":"https:\/\/cultura.santjosep.org\/es\/","logo":{"@type":"ImageObject","inLanguage":"es","@id":"https:\/\/cultura.santjosep.org\/es\/#\/schema\/logo\/image\/","url":"https:\/\/cultura.santjosep.org\/wp-content\/uploads\/2020\/10\/logocolor.jpg","contentUrl":"https:\/\/cultura.santjosep.org\/wp-content\/uploads\/2020\/10\/logocolor.jpg","width":250,"height":98,"caption":"Ajuntament de Sant Josep de sa Talaia"},"image":{"@id":"https:\/\/cultura.santjosep.org\/es\/#\/schema\/logo\/image\/"},"sameAs":["https:\/\/www.facebook.com\/Ajuntament-de-Sant-Josep-de-sa-Talaia-197541666931354\/","https:\/\/x.com\/DeTalaia","https:\/\/www.instagram.com\/sant_josep_de_sa_talaia\/"]}]}},"_links":{"self":[{"href":"https:\/\/cultura.santjosep.org\/es\/wp-json\/wp\/v2\/tribe_events\/13860","targetHints":{"allow":["GET"]}}],"collection":[{"href":"https:\/\/cultura.santjosep.org\/es\/wp-json\/wp\/v2\/tribe_events"}],"about":[{"href":"https:\/\/cultura.santjosep.org\/es\/wp-json\/wp\/v2\/types\/tribe_events"}],"author":[{"embeddable":true,"href":"https:\/\/cultura.santjosep.org\/es\/wp-json\/wp\/v2\/users\/1"}],"version-history":[{"count":0,"href":"https:\/\/cultura.santjosep.org\/es\/wp-json\/wp\/v2\/tribe_events\/13860\/revisions"}],"wp:featuredmedia":[{"embeddable":true,"href":"https:\/\/cultura.santjosep.org\/es\/wp-json\/wp\/v2\/media\/13856"}],"wp:attachment":[{"href":"https:\/\/cultura.santjosep.org\/es\/wp-json\/wp\/v2\/media?parent=13860"}],"wp:term":[{"taxonomy":"post_tag","embeddable":true,"href":"https:\/\/cultura.santjosep.org\/es\/wp-json\/wp\/v2\/tags?post=13860"},{"taxonomy":"tribe_events_cat","embeddable":true,"href":"https:\/\/cultura.santjosep.org\/es\/wp-json\/wp\/v2\/tribe_events_cat?post=13860"}],"curies":[{"name":"wp","href":"https:\/\/api.w.org\/{rel}","templated":true}]}}

<p><strong>Treulallengua 2022 amb els concerts dels grups &#8216;Rels&#8217; i &#8216;O-Erra&#8217;</strong><br />
Data: 21 d&#8217;agost<br />
Hora: 21:30 h.<br />
Lloc: Plaça de l&#8217;Església de Sant Agustí des Vedrà</p>
<p><img loading="lazy" decoding="async" class="alignnone size-full wp-image-13857" src="https://cultura.santjosep.org/wp-content/uploads/2022/08/WhatsApp-Image-2022-08-16-at-8.41.35-AM.jpeg" alt="" width="1131" height="1600" srcset="https://cultura.santjosep.org/wp-content/uploads/2022/08/WhatsApp-Image-2022-08-16-at-8.41.35-AM.jpeg 1131w, https://cultura.santjosep.org/wp-content/uploads/2022/08/WhatsApp-Image-2022-08-16-at-8.41.35-AM-212x300.jpeg 212w, https://cultura.santjosep.org/wp-content/uploads/2022/08/WhatsApp-Image-2022-08-16-at-8.41.35-AM-724x1024.jpeg 724w, https://cultura.santjosep.org/wp-content/uploads/2022/08/WhatsApp-Image-2022-08-16-at-8.41.35-AM-768x1086.jpeg 768w, https://cultura.santjosep.org/wp-content/uploads/2022/08/WhatsApp-Image-2022-08-16-at-8.41.35-AM-1086x1536.jpeg 1086w" sizes="auto, (max-width: 1131px) 100vw, 1131px" /></p>

<p>Treulallengua 2022 amb els concerts dels grups &#8216;Rels&#8217; i &#8216;O-Erra&#8217; Data: 21 d&#8217;agost Hora: 21:30 h. Lloc: Plaça de l&#8217;Església de Sant Agustí des Vedrà</p>

<!-- This site is optimized with the Yoast SEO plugin v26.6 - https://yoast.com/wordpress/plugins/seo/ -->
<title>Treulallengua - Concerts &#039;Rels&#039; + &#039;O-Erra&#039; - Cultura a Sant Josep de sa Talaia</title>
<meta name="robots" content="index, follow, max-snippet:-1, max-image-preview:large, max-video-preview:-1" />
<link rel="canonical" href="https://cultura.santjosep.org/es/agenda/treulallengua-concerts-rels-o-erra/" />
<meta property="og:locale" content="es_ES" />
<meta property="og:type" content="article" />
<meta property="og:title" content="Treulallengua - Concerts &#039;Rels&#039; + &#039;O-Erra&#039; - Cultura a Sant Josep de sa Talaia" />
<meta property="og:description" content="Treulallengua 2022 amb els concerts dels grups &#8216;Rels&#8217; i &#8216;O-Erra&#8217; Data: 21 d&#8217;agost Hora: 21:30 h. Lloc: Plaça de l&#8217;Església de Sant Agustí des Vedrà" />
<meta property="og:url" content="https://cultura.santjosep.org/es/agenda/treulallengua-concerts-rels-o-erra/" />
<meta property="og:site_name" content="Cultura a Sant Josep de sa Talaia" />
<meta property="article:publisher" content="https://www.facebook.com/Ajuntament-de-Sant-Josep-de-sa-Talaia-197541666931354/" />
<meta property="og:image" content="https://cultura.santjosep.org/wp-content/uploads/2022/08/WhatsApp-Image-2022-08-16-at-8.41.35-AM.jpeg" />
<meta name="twitter:card" content="summary_large_image" />
<meta name="twitter:site" content="@DeTalaia" />
<script type="application/ld+json" class="yoast-schema-graph">{"@context":"https://schema.org","@graph":[{"@type":"WebPage","@id":"https://cultura.santjosep.org/es/agenda/treulallengua-concerts-rels-o-erra/","url":"https://cultura.santjosep.org/es/agenda/treulallengua-concerts-rels-o-erra/","name":"Treulallengua - Concerts 'Rels' + 'O-Erra' - Cultura a Sant Josep de sa Talaia","isPartOf":{"@id":"https://cultura.santjosep.org/es/#website"},"primaryImageOfPage":{"@id":"https://cultura.santjosep.org/es/agenda/treulallengua-concerts-rels-o-erra/#primaryimage"},"image":{"@id":"https://cultura.santjosep.org/es/agenda/treulallengua-concerts-rels-o-erra/#primaryimage"},"thumbnailUrl":"https://cultura.santjosep.org/wp-content/uploads/2022/08/oerra.jpg","datePublished":"2022-08-16T07:03:50+00:00","breadcrumb":{"@id":"https://cultura.santjosep.org/es/agenda/treulallengua-concerts-rels-o-erra/#breadcrumb"},"inLanguage":"es","potentialAction":[{"@type":"ReadAction","target":["https://cultura.santjosep.org/es/agenda/treulallengua-concerts-rels-o-erra/"]}]},{"@type":"ImageObject","inLanguage":"es","@id":"https://cultura.santjosep.org/es/agenda/treulallengua-concerts-rels-o-erra/#primaryimage","url":"https://cultura.santjosep.org/wp-content/uploads/2022/08/oerra.jpg","contentUrl":"https://cultura.santjosep.org/wp-content/uploads/2022/08/oerra.jpg","width":1440,"height":1079},{"@type":"BreadcrumbList","@id":"https://cultura.santjosep.org/es/agenda/treulallengua-concerts-rels-o-erra/#breadcrumb","itemListElement":[{"@type":"ListItem","position":1,"name":"Portada","item":"https://cultura.santjosep.org/es/"},{"@type":"ListItem","position":2,"name":"Eventos","item":"https://cultura.santjosep.org/agenda/"},{"@type":"ListItem","position":3,"name":"Treulallengua &#8211; Concerts &#8216;Rels&#8217; + &#8216;O-Erra&#8217;"}]},{"@type":"WebSite","@id":"https://cultura.santjosep.org/es/#website","url":"https://cultura.santjosep.org/es/","name":"Cultura a Sant Josep de sa Talaia","description":"","publisher":{"@id":"https://cultura.santjosep.org/es/#organization"},"potentialAction":[{"@type":"SearchAction","target":{"@type":"EntryPoint","urlTemplate":"https://cultura.santjosep.org/es/?s={search_term_string}"},"query-input":{"@type":"PropertyValueSpecification","valueRequired":true,"valueName":"search_term_string"}}],"inLanguage":"es"},{"@type":"Organization","@id":"https://cultura.santjosep.org/es/#organization","name":"Ajuntament de Sant Josep de sa Talaia","url":"https://cultura.santjosep.org/es/","logo":{"@type":"ImageObject","inLanguage":"es","@id":"https://cultura.santjosep.org/es/#/schema/logo/image/","url":"https://cultura.santjosep.org/wp-content/uploads/2020/10/logocolor.jpg","contentUrl":"https://cultura.santjosep.org/wp-content/uploads/2020/10/logocolor.jpg","width":250,"height":98,"caption":"Ajuntament de Sant Josep de sa Talaia"},"image":{"@id":"https://cultura.santjosep.org/es/#/schema/logo/image/"},"sameAs":["https://www.facebook.com/Ajuntament-de-Sant-Josep-de-sa-Talaia-197541666931354/","https://x.com/DeTalaia","https://www.instagram.com/sant_josep_de_sa_talaia/"]}]}</script>
<!-- / Yoast SEO plugin. -->

Treulallengua 2022 amb els concerts dels grups &#8216;Rels&#8217; i &#8216;O-Erra&#8217; Data: 21 d&#8217;agost Hora: 21:30 h. Lloc: Plaça de l&#8217;Església de Sant Agustí des Vedrà
