{"id":15952,"date":"2022-12-09T11:34:59","date_gmt":"2022-12-09T10:34:59","guid":{"rendered":"https:\/\/cultura.santjosep.org\/agenda\/concurs-de-salsa-de-nadal\/"},"modified":"2022-12-09T11:34:59","modified_gmt":"2022-12-09T10:34:59","slug":"concurs-de-salsa-de-nadal","status":"publish","type":"tribe_events","link":"https:\/\/cultura.santjosep.org\/es\/agenda\/concurs-de-salsa-de-nadal\/","title":{"rendered":"Concurs de salsa de Nadal"},"content":{"rendered":"<p><strong>Concurs de salsa de Nadal<\/strong><\/p>\n<p>Per poder participar-ho s&#8217;ha de portar una olleta de salsa a la casa parroquial el mateix dia a partir de les 18:30 h es far\u00e0 la degustaci\u00f3 popular de les salses participants i es premiar\u00e0 la salsa guanyadora. L&#8217;organitza el Grup Folkl\u00f2ric de Sant Jordi de ses Salines.<\/p>\n<p><a href=\"https:\/\/cultura.santjosep.org\/\/wp-content\/uploads\/2022\/12\/ProgramaFestesNadal.pdf\" target=\"_blank\" rel=\"noopener\"><strong><span style=\"color: #b32920;\">Descarrega el programa de festes de Nadal 2022\/23<\/span><\/strong><\/a><\/p>\n","protected":false},"excerpt":{"rendered":"<p>Concurs de salsa de Nadal Per poder participar-ho s&#8217;ha de portar una olleta de salsa a la casa parroquial el mateix dia a partir de les 18:30 h es far\u00e0 &hellip; <\/p>\n<p class=\"link-more\"><a href=\"https:\/\/cultura.santjosep.org\/es\/agenda\/concurs-de-salsa-de-nadal\/\" class=\"more-link\">Seguir leyendo<span class=\"screen-reader-text\"> \u00abConcurs de salsa de Nadal\u00bb<\/span><\/a><\/p>\n","protected":false},"author":1,"featured_media":15737,"template":"","meta":{"_tribe_events_status":"","_tribe_events_status_reason":"","_tribe_events_is_hybrid":"","_tribe_events_is_virtual":"","_tribe_events_virtual_video_source":"","_tribe_events_virtual_embed_video":"","_tribe_events_virtual_linked_button_text":"","_tribe_events_virtual_linked_button":"","_tribe_events_virtual_show_embed_at":"","_tribe_events_virtual_show_embed_to":[],"_tribe_events_virtual_show_on_event":"","_tribe_events_virtual_show_on_views":"","_tribe_events_virtual_url":"","footnotes":""},"tags":[],"tribe_events_cat":[32,157],"class_list":["post-15952","tribe_events","type-tribe_events","status-publish","has-post-thumbnail","hentry","tribe_events_cat-concursos","tribe_events_cat-fiestas-de-navidad","cat_concursos","cat_fiestas-de-navidad","entry"],"yoast_head":"<!-- This site is optimized with the Yoast SEO plugin v26.6 - https:\/\/yoast.com\/wordpress\/plugins\/seo\/ -->\n<title>Concurs de salsa de Nadal - Cultura a Sant Josep de sa Talaia<\/title>\n<meta name=\"robots\" content=\"index, follow, max-snippet:-1, max-image-preview:large, max-video-preview:-1\" \/>\n<link rel=\"canonical\" href=\"https:\/\/cultura.santjosep.org\/es\/agenda\/concurs-de-salsa-de-nadal\/\" \/>\n<meta property=\"og:locale\" content=\"es_ES\" \/>\n<meta property=\"og:type\" content=\"article\" \/>\n<meta property=\"og:title\" content=\"Concurs de salsa de Nadal - Cultura a Sant Josep de sa Talaia\" \/>\n<meta property=\"og:description\" content=\"Concurs de salsa de Nadal Per poder participar-ho s&#8217;ha de portar una olleta de salsa a la casa parroquial el mateix dia a partir de les 18:30 h es far\u00e0 &hellip; Seguir leyendo \u00abConcurs de salsa de Nadal\u00bb\" \/>\n<meta property=\"og:url\" content=\"https:\/\/cultura.santjosep.org\/es\/agenda\/concurs-de-salsa-de-nadal\/\" \/>\n<meta property=\"og:site_name\" content=\"Cultura a Sant Josep de sa Talaia\" \/>\n<meta property=\"article:publisher\" content=\"https:\/\/www.facebook.com\/Ajuntament-de-Sant-Josep-de-sa-Talaia-197541666931354\/\" \/>\n<meta name=\"twitter:card\" content=\"summary_large_image\" \/>\n<meta name=\"twitter:site\" content=\"@DeTalaia\" \/>\n<script type=\"application\/ld+json\" class=\"yoast-schema-graph\">{\"@context\":\"https:\/\/schema.org\",\"@graph\":[{\"@type\":\"WebPage\",\"@id\":\"https:\/\/cultura.santjosep.org\/es\/agenda\/concurs-de-salsa-de-nadal\/\",\"url\":\"https:\/\/cultura.santjosep.org\/es\/agenda\/concurs-de-salsa-de-nadal\/\",\"name\":\"Concurs de salsa de Nadal - Cultura a Sant Josep de sa Talaia\",\"isPartOf\":{\"@id\":\"https:\/\/cultura.santjosep.org\/es\/#website\"},\"primaryImageOfPage\":{\"@id\":\"https:\/\/cultura.santjosep.org\/es\/agenda\/concurs-de-salsa-de-nadal\/#primaryimage\"},\"image\":{\"@id\":\"https:\/\/cultura.santjosep.org\/es\/agenda\/concurs-de-salsa-de-nadal\/#primaryimage\"},\"thumbnailUrl\":\"https:\/\/cultura.santjosep.org\/wp-content\/uploads\/2022\/12\/salsa-nadal-reducida.jpeg\",\"datePublished\":\"2022-12-09T10:34:59+00:00\",\"breadcrumb\":{\"@id\":\"https:\/\/cultura.santjosep.org\/es\/agenda\/concurs-de-salsa-de-nadal\/#breadcrumb\"},\"inLanguage\":\"es\",\"potentialAction\":[{\"@type\":\"ReadAction\",\"target\":[\"https:\/\/cultura.santjosep.org\/es\/agenda\/concurs-de-salsa-de-nadal\/\"]}]},{\"@type\":\"ImageObject\",\"inLanguage\":\"es\",\"@id\":\"https:\/\/cultura.santjosep.org\/es\/agenda\/concurs-de-salsa-de-nadal\/#primaryimage\",\"url\":\"https:\/\/cultura.santjosep.org\/wp-content\/uploads\/2022\/12\/salsa-nadal-reducida.jpeg\",\"contentUrl\":\"https:\/\/cultura.santjosep.org\/wp-content\/uploads\/2022\/12\/salsa-nadal-reducida.jpeg\",\"width\":1024,\"height\":682},{\"@type\":\"BreadcrumbList\",\"@id\":\"https:\/\/cultura.santjosep.org\/es\/agenda\/concurs-de-salsa-de-nadal\/#breadcrumb\",\"itemListElement\":[{\"@type\":\"ListItem\",\"position\":1,\"name\":\"Portada\",\"item\":\"https:\/\/cultura.santjosep.org\/es\/\"},{\"@type\":\"ListItem\",\"position\":2,\"name\":\"Eventos\",\"item\":\"https:\/\/cultura.santjosep.org\/agenda\/\"},{\"@type\":\"ListItem\",\"position\":3,\"name\":\"Concurs de salsa de Nadal\"}]},{\"@type\":\"WebSite\",\"@id\":\"https:\/\/cultura.santjosep.org\/es\/#website\",\"url\":\"https:\/\/cultura.santjosep.org\/es\/\",\"name\":\"Cultura a Sant Josep de sa Talaia\",\"description\":\"\",\"publisher\":{\"@id\":\"https:\/\/cultura.santjosep.org\/es\/#organization\"},\"potentialAction\":[{\"@type\":\"SearchAction\",\"target\":{\"@type\":\"EntryPoint\",\"urlTemplate\":\"https:\/\/cultura.santjosep.org\/es\/?s={search_term_string}\"},\"query-input\":{\"@type\":\"PropertyValueSpecification\",\"valueRequired\":true,\"valueName\":\"search_term_string\"}}],\"inLanguage\":\"es\"},{\"@type\":\"Organization\",\"@id\":\"https:\/\/cultura.santjosep.org\/es\/#organization\",\"name\":\"Ajuntament de Sant Josep de sa Talaia\",\"url\":\"https:\/\/cultura.santjosep.org\/es\/\",\"logo\":{\"@type\":\"ImageObject\",\"inLanguage\":\"es\",\"@id\":\"https:\/\/cultura.santjosep.org\/es\/#\/schema\/logo\/image\/\",\"url\":\"https:\/\/cultura.santjosep.org\/wp-content\/uploads\/2020\/10\/logocolor.jpg\",\"contentUrl\":\"https:\/\/cultura.santjosep.org\/wp-content\/uploads\/2020\/10\/logocolor.jpg\",\"width\":250,\"height\":98,\"caption\":\"Ajuntament de Sant Josep de sa Talaia\"},\"image\":{\"@id\":\"https:\/\/cultura.santjosep.org\/es\/#\/schema\/logo\/image\/\"},\"sameAs\":[\"https:\/\/www.facebook.com\/Ajuntament-de-Sant-Josep-de-sa-Talaia-197541666931354\/\",\"https:\/\/x.com\/DeTalaia\",\"https:\/\/www.instagram.com\/sant_josep_de_sa_talaia\/\"]}]}<\/script>\n<!-- \/ Yoast SEO plugin. -->","yoast_head_json":{"title":"Concurs de salsa de Nadal - Cultura a Sant Josep de sa Talaia","robots":{"index":"index","follow":"follow","max-snippet":"max-snippet:-1","max-image-preview":"max-image-preview:large","max-video-preview":"max-video-preview:-1"},"canonical":"https:\/\/cultura.santjosep.org\/es\/agenda\/concurs-de-salsa-de-nadal\/","og_locale":"es_ES","og_type":"article","og_title":"Concurs de salsa de Nadal - Cultura a Sant Josep de sa Talaia","og_description":"Concurs de salsa de Nadal Per poder participar-ho s&#8217;ha de portar una olleta de salsa a la casa parroquial el mateix dia a partir de les 18:30 h es far\u00e0 &hellip; Seguir leyendo \u00abConcurs de salsa de Nadal\u00bb","og_url":"https:\/\/cultura.santjosep.org\/es\/agenda\/concurs-de-salsa-de-nadal\/","og_site_name":"Cultura a Sant Josep de sa Talaia","article_publisher":"https:\/\/www.facebook.com\/Ajuntament-de-Sant-Josep-de-sa-Talaia-197541666931354\/","twitter_card":"summary_large_image","twitter_site":"@DeTalaia","schema":{"@context":"https:\/\/schema.org","@graph":[{"@type":"WebPage","@id":"https:\/\/cultura.santjosep.org\/es\/agenda\/concurs-de-salsa-de-nadal\/","url":"https:\/\/cultura.santjosep.org\/es\/agenda\/concurs-de-salsa-de-nadal\/","name":"Concurs de salsa de Nadal - Cultura a Sant Josep de sa Talaia","isPartOf":{"@id":"https:\/\/cultura.santjosep.org\/es\/#website"},"primaryImageOfPage":{"@id":"https:\/\/cultura.santjosep.org\/es\/agenda\/concurs-de-salsa-de-nadal\/#primaryimage"},"image":{"@id":"https:\/\/cultura.santjosep.org\/es\/agenda\/concurs-de-salsa-de-nadal\/#primaryimage"},"thumbnailUrl":"https:\/\/cultura.santjosep.org\/wp-content\/uploads\/2022\/12\/salsa-nadal-reducida.jpeg","datePublished":"2022-12-09T10:34:59+00:00","breadcrumb":{"@id":"https:\/\/cultura.santjosep.org\/es\/agenda\/concurs-de-salsa-de-nadal\/#breadcrumb"},"inLanguage":"es","potentialAction":[{"@type":"ReadAction","target":["https:\/\/cultura.santjosep.org\/es\/agenda\/concurs-de-salsa-de-nadal\/"]}]},{"@type":"ImageObject","inLanguage":"es","@id":"https:\/\/cultura.santjosep.org\/es\/agenda\/concurs-de-salsa-de-nadal\/#primaryimage","url":"https:\/\/cultura.santjosep.org\/wp-content\/uploads\/2022\/12\/salsa-nadal-reducida.jpeg","contentUrl":"https:\/\/cultura.santjosep.org\/wp-content\/uploads\/2022\/12\/salsa-nadal-reducida.jpeg","width":1024,"height":682},{"@type":"BreadcrumbList","@id":"https:\/\/cultura.santjosep.org\/es\/agenda\/concurs-de-salsa-de-nadal\/#breadcrumb","itemListElement":[{"@type":"ListItem","position":1,"name":"Portada","item":"https:\/\/cultura.santjosep.org\/es\/"},{"@type":"ListItem","position":2,"name":"Eventos","item":"https:\/\/cultura.santjosep.org\/agenda\/"},{"@type":"ListItem","position":3,"name":"Concurs de salsa de Nadal"}]},{"@type":"WebSite","@id":"https:\/\/cultura.santjosep.org\/es\/#website","url":"https:\/\/cultura.santjosep.org\/es\/","name":"Cultura a Sant Josep de sa Talaia","description":"","publisher":{"@id":"https:\/\/cultura.santjosep.org\/es\/#organization"},"potentialAction":[{"@type":"SearchAction","target":{"@type":"EntryPoint","urlTemplate":"https:\/\/cultura.santjosep.org\/es\/?s={search_term_string}"},"query-input":{"@type":"PropertyValueSpecification","valueRequired":true,"valueName":"search_term_string"}}],"inLanguage":"es"},{"@type":"Organization","@id":"https:\/\/cultura.santjosep.org\/es\/#organization","name":"Ajuntament de Sant Josep de sa Talaia","url":"https:\/\/cultura.santjosep.org\/es\/","logo":{"@type":"ImageObject","inLanguage":"es","@id":"https:\/\/cultura.santjosep.org\/es\/#\/schema\/logo\/image\/","url":"https:\/\/cultura.santjosep.org\/wp-content\/uploads\/2020\/10\/logocolor.jpg","contentUrl":"https:\/\/cultura.santjosep.org\/wp-content\/uploads\/2020\/10\/logocolor.jpg","width":250,"height":98,"caption":"Ajuntament de Sant Josep de sa Talaia"},"image":{"@id":"https:\/\/cultura.santjosep.org\/es\/#\/schema\/logo\/image\/"},"sameAs":["https:\/\/www.facebook.com\/Ajuntament-de-Sant-Josep-de-sa-Talaia-197541666931354\/","https:\/\/x.com\/DeTalaia","https:\/\/www.instagram.com\/sant_josep_de_sa_talaia\/"]}]}},"_links":{"self":[{"href":"https:\/\/cultura.santjosep.org\/es\/wp-json\/wp\/v2\/tribe_events\/15952","targetHints":{"allow":["GET"]}}],"collection":[{"href":"https:\/\/cultura.santjosep.org\/es\/wp-json\/wp\/v2\/tribe_events"}],"about":[{"href":"https:\/\/cultura.santjosep.org\/es\/wp-json\/wp\/v2\/types\/tribe_events"}],"author":[{"embeddable":true,"href":"https:\/\/cultura.santjosep.org\/es\/wp-json\/wp\/v2\/users\/1"}],"version-history":[{"count":0,"href":"https:\/\/cultura.santjosep.org\/es\/wp-json\/wp\/v2\/tribe_events\/15952\/revisions"}],"wp:featuredmedia":[{"embeddable":true,"href":"https:\/\/cultura.santjosep.org\/es\/wp-json\/wp\/v2\/media\/15737"}],"wp:attachment":[{"href":"https:\/\/cultura.santjosep.org\/es\/wp-json\/wp\/v2\/media?parent=15952"}],"wp:term":[{"taxonomy":"post_tag","embeddable":true,"href":"https:\/\/cultura.santjosep.org\/es\/wp-json\/wp\/v2\/tags?post=15952"},{"taxonomy":"tribe_events_cat","embeddable":true,"href":"https:\/\/cultura.santjosep.org\/es\/wp-json\/wp\/v2\/tribe_events_cat?post=15952"}],"curies":[{"name":"wp","href":"https:\/\/api.w.org\/{rel}","templated":true}]}}

<p><strong>Concurs de salsa de Nadal</strong></p>
<p>Per poder participar-ho s&#8217;ha de portar una olleta de salsa a la casa parroquial el mateix dia a partir de les 18:30 h es farà la degustació popular de les salses participants i es premiarà la salsa guanyadora. L&#8217;organitza el Grup Folklòric de Sant Jordi de ses Salines.</p>
<p><a href="https://cultura.santjosep.org//wp-content/uploads/2022/12/ProgramaFestesNadal.pdf" target="_blank" rel="noopener"><strong><span style="color: #b32920;">Descarrega el programa de festes de Nadal 2022/23</span></strong></a></p>

<p>Concurs de salsa de Nadal Per poder participar-ho s&#8217;ha de portar una olleta de salsa a la casa parroquial el mateix dia a partir de les 18:30 h es farà &hellip; </p>
<p class="link-more"><a href="https://cultura.santjosep.org/es/agenda/concurs-de-salsa-de-nadal/" class="more-link">Seguir leyendo<span class="screen-reader-text"> «Concurs de salsa de Nadal»</span></a></p>

<!-- This site is optimized with the Yoast SEO plugin v26.6 - https://yoast.com/wordpress/plugins/seo/ -->
<title>Concurs de salsa de Nadal - Cultura a Sant Josep de sa Talaia</title>
<meta name="robots" content="index, follow, max-snippet:-1, max-image-preview:large, max-video-preview:-1" />
<link rel="canonical" href="https://cultura.santjosep.org/es/agenda/concurs-de-salsa-de-nadal/" />
<meta property="og:locale" content="es_ES" />
<meta property="og:type" content="article" />
<meta property="og:title" content="Concurs de salsa de Nadal - Cultura a Sant Josep de sa Talaia" />
<meta property="og:description" content="Concurs de salsa de Nadal Per poder participar-ho s&#8217;ha de portar una olleta de salsa a la casa parroquial el mateix dia a partir de les 18:30 h es farà &hellip; Seguir leyendo «Concurs de salsa de Nadal»" />
<meta property="og:url" content="https://cultura.santjosep.org/es/agenda/concurs-de-salsa-de-nadal/" />
<meta property="og:site_name" content="Cultura a Sant Josep de sa Talaia" />
<meta property="article:publisher" content="https://www.facebook.com/Ajuntament-de-Sant-Josep-de-sa-Talaia-197541666931354/" />
<meta name="twitter:card" content="summary_large_image" />
<meta name="twitter:site" content="@DeTalaia" />
<script type="application/ld+json" class="yoast-schema-graph">{"@context":"https://schema.org","@graph":[{"@type":"WebPage","@id":"https://cultura.santjosep.org/es/agenda/concurs-de-salsa-de-nadal/","url":"https://cultura.santjosep.org/es/agenda/concurs-de-salsa-de-nadal/","name":"Concurs de salsa de Nadal - Cultura a Sant Josep de sa Talaia","isPartOf":{"@id":"https://cultura.santjosep.org/es/#website"},"primaryImageOfPage":{"@id":"https://cultura.santjosep.org/es/agenda/concurs-de-salsa-de-nadal/#primaryimage"},"image":{"@id":"https://cultura.santjosep.org/es/agenda/concurs-de-salsa-de-nadal/#primaryimage"},"thumbnailUrl":"https://cultura.santjosep.org/wp-content/uploads/2022/12/salsa-nadal-reducida.jpeg","datePublished":"2022-12-09T10:34:59+00:00","breadcrumb":{"@id":"https://cultura.santjosep.org/es/agenda/concurs-de-salsa-de-nadal/#breadcrumb"},"inLanguage":"es","potentialAction":[{"@type":"ReadAction","target":["https://cultura.santjosep.org/es/agenda/concurs-de-salsa-de-nadal/"]}]},{"@type":"ImageObject","inLanguage":"es","@id":"https://cultura.santjosep.org/es/agenda/concurs-de-salsa-de-nadal/#primaryimage","url":"https://cultura.santjosep.org/wp-content/uploads/2022/12/salsa-nadal-reducida.jpeg","contentUrl":"https://cultura.santjosep.org/wp-content/uploads/2022/12/salsa-nadal-reducida.jpeg","width":1024,"height":682},{"@type":"BreadcrumbList","@id":"https://cultura.santjosep.org/es/agenda/concurs-de-salsa-de-nadal/#breadcrumb","itemListElement":[{"@type":"ListItem","position":1,"name":"Portada","item":"https://cultura.santjosep.org/es/"},{"@type":"ListItem","position":2,"name":"Eventos","item":"https://cultura.santjosep.org/agenda/"},{"@type":"ListItem","position":3,"name":"Concurs de salsa de Nadal"}]},{"@type":"WebSite","@id":"https://cultura.santjosep.org/es/#website","url":"https://cultura.santjosep.org/es/","name":"Cultura a Sant Josep de sa Talaia","description":"","publisher":{"@id":"https://cultura.santjosep.org/es/#organization"},"potentialAction":[{"@type":"SearchAction","target":{"@type":"EntryPoint","urlTemplate":"https://cultura.santjosep.org/es/?s={search_term_string}"},"query-input":{"@type":"PropertyValueSpecification","valueRequired":true,"valueName":"search_term_string"}}],"inLanguage":"es"},{"@type":"Organization","@id":"https://cultura.santjosep.org/es/#organization","name":"Ajuntament de Sant Josep de sa Talaia","url":"https://cultura.santjosep.org/es/","logo":{"@type":"ImageObject","inLanguage":"es","@id":"https://cultura.santjosep.org/es/#/schema/logo/image/","url":"https://cultura.santjosep.org/wp-content/uploads/2020/10/logocolor.jpg","contentUrl":"https://cultura.santjosep.org/wp-content/uploads/2020/10/logocolor.jpg","width":250,"height":98,"caption":"Ajuntament de Sant Josep de sa Talaia"},"image":{"@id":"https://cultura.santjosep.org/es/#/schema/logo/image/"},"sameAs":["https://www.facebook.com/Ajuntament-de-Sant-Josep-de-sa-Talaia-197541666931354/","https://x.com/DeTalaia","https://www.instagram.com/sant_josep_de_sa_talaia/"]}]}</script>
<!-- / Yoast SEO plugin. -->

Concurs de salsa de Nadal Per poder participar-ho s&#8217;ha de portar una olleta de salsa a la casa parroquial el mateix dia a partir de les 18:30 h es farà &hellip; Seguir leyendo «Concurs de salsa de Nadal»
