{"id":16554,"date":"2023-01-19T11:19:30","date_gmt":"2023-01-19T10:19:30","guid":{"rendered":"https:\/\/cultura.santjosep.org\/agenda\/inaguracio-mini-rampa-sant-jordi\/"},"modified":"2023-01-19T11:24:38","modified_gmt":"2023-01-19T10:24:38","slug":"inaguracio-mini-rampa-sant-jordi","status":"publish","type":"tribe_events","link":"https:\/\/cultura.santjosep.org\/es\/agenda\/inaguracio-mini-rampa-sant-jordi\/","title":{"rendered":"Inauguraci\u00f3 mini rampa Sant Jordi"},"content":{"rendered":"<p><strong>12:00 h | Inaguraci\u00f3 mini rampa Sant Jordi<\/strong><\/p>\n<p>Exhibici\u00f3 de convidats de les 14:00 h a les 16:00 h:<\/p>\n<ul>\n<li><strong>Valentina Planes<\/strong> (Coru\u00f1a)<\/li>\n<li><strong>El Gran Toni<\/strong> (Mallorca)<\/li>\n<li><strong>Gabriel Salazar<\/strong> (Madrid)<\/li>\n<li><strong>Team EZK8<\/strong><\/li>\n<\/ul>\n<p>Campionat local de les 16:00 h a les 20:00 h.<\/p>\n<p><strong>Premis:<\/strong><\/p>\n<ul>\n<li>Primer: 150 \u20ac<\/li>\n<li>Segon: 100 \u20ac<\/li>\n<li>Tercer: 50 \u20ac<\/li>\n<\/ul>\n<p>Grafit amb <strong>Fossi i Shine<\/strong>. M\u00fasica amb <strong>DJ Kace.<\/strong><br \/>\nCurs de <strong>Skateboard gratu\u00eft<\/strong> de 12:00 h a 14:00 h.<br \/>\n<strong>Mejar i beguda<\/strong> amb preus populars.<\/p>\n","protected":false},"excerpt":{"rendered":"<p>12:00 h | Inaguraci\u00f3 mini rampa Sant Jordi Exhibici\u00f3 de convidats de les 14:00 h a les 16:00 h: Valentina Planes (Coru\u00f1a) El Gran Toni (Mallorca) Gabriel Salazar (Madrid) Team &hellip; <\/p>\n<p class=\"link-more\"><a href=\"https:\/\/cultura.santjosep.org\/es\/agenda\/inaguracio-mini-rampa-sant-jordi\/\" class=\"more-link\">Seguir leyendo<span class=\"screen-reader-text\"> \u00abInauguraci\u00f3 mini rampa Sant Jordi\u00bb<\/span><\/a><\/p>\n","protected":false},"author":1,"featured_media":16552,"template":"","meta":{"_tribe_events_status":"","_tribe_events_status_reason":"","_tribe_events_is_hybrid":"","_tribe_events_is_virtual":"","_tribe_events_virtual_video_source":"","_tribe_events_virtual_embed_video":"","_tribe_events_virtual_linked_button_text":"","_tribe_events_virtual_linked_button":"","_tribe_events_virtual_show_embed_at":"","_tribe_events_virtual_show_embed_to":[],"_tribe_events_virtual_show_on_event":"","_tribe_events_virtual_show_on_views":"","_tribe_events_virtual_url":"","footnotes":""},"tags":[],"tribe_events_cat":[67],"class_list":["post-16554","tribe_events","type-tribe_events","status-publish","has-post-thumbnail","hentry","tribe_events_cat-deportes","cat_deportes","entry"],"yoast_head":"<!-- This site is optimized with the Yoast SEO plugin v26.6 - https:\/\/yoast.com\/wordpress\/plugins\/seo\/ -->\n<title>Inauguraci\u00f3 mini rampa Sant Jordi - Cultura a Sant Josep de sa Talaia<\/title>\n<meta name=\"robots\" content=\"index, follow, max-snippet:-1, max-image-preview:large, max-video-preview:-1\" \/>\n<link rel=\"canonical\" href=\"https:\/\/cultura.santjosep.org\/es\/agenda\/inaguracio-mini-rampa-sant-jordi\/\" \/>\n<meta property=\"og:locale\" content=\"es_ES\" \/>\n<meta property=\"og:type\" content=\"article\" \/>\n<meta property=\"og:title\" content=\"Inauguraci\u00f3 mini rampa Sant Jordi - Cultura a Sant Josep de sa Talaia\" \/>\n<meta property=\"og:description\" content=\"12:00 h | Inaguraci\u00f3 mini rampa Sant Jordi Exhibici\u00f3 de convidats de les 14:00 h a les 16:00 h: Valentina Planes (Coru\u00f1a) El Gran Toni (Mallorca) Gabriel Salazar (Madrid) Team &hellip; Seguir leyendo \u00abInauguraci\u00f3 mini rampa Sant Jordi\u00bb\" \/>\n<meta property=\"og:url\" content=\"https:\/\/cultura.santjosep.org\/es\/agenda\/inaguracio-mini-rampa-sant-jordi\/\" \/>\n<meta property=\"og:site_name\" content=\"Cultura a Sant Josep de sa Talaia\" \/>\n<meta property=\"article:publisher\" content=\"https:\/\/www.facebook.com\/Ajuntament-de-Sant-Josep-de-sa-Talaia-197541666931354\/\" \/>\n<meta property=\"article:modified_time\" content=\"2023-01-19T10:24:38+00:00\" \/>\n<meta property=\"og:image\" content=\"https:\/\/cultura.santjosep.org\/wp-content\/uploads\/2023\/01\/eventskate.jpeg\" \/>\n\t<meta property=\"og:image:width\" content=\"848\" \/>\n\t<meta property=\"og:image:height\" content=\"1200\" \/>\n\t<meta property=\"og:image:type\" content=\"image\/jpeg\" \/>\n<meta name=\"twitter:card\" content=\"summary_large_image\" \/>\n<meta name=\"twitter:site\" content=\"@DeTalaia\" \/>\n<script type=\"application\/ld+json\" class=\"yoast-schema-graph\">{\"@context\":\"https:\/\/schema.org\",\"@graph\":[{\"@type\":\"WebPage\",\"@id\":\"https:\/\/cultura.santjosep.org\/es\/agenda\/inaguracio-mini-rampa-sant-jordi\/\",\"url\":\"https:\/\/cultura.santjosep.org\/es\/agenda\/inaguracio-mini-rampa-sant-jordi\/\",\"name\":\"Inauguraci\u00f3 mini rampa Sant Jordi - Cultura a Sant Josep de sa Talaia\",\"isPartOf\":{\"@id\":\"https:\/\/cultura.santjosep.org\/es\/#website\"},\"primaryImageOfPage\":{\"@id\":\"https:\/\/cultura.santjosep.org\/es\/agenda\/inaguracio-mini-rampa-sant-jordi\/#primaryimage\"},\"image\":{\"@id\":\"https:\/\/cultura.santjosep.org\/es\/agenda\/inaguracio-mini-rampa-sant-jordi\/#primaryimage\"},\"thumbnailUrl\":\"https:\/\/cultura.santjosep.org\/wp-content\/uploads\/2023\/01\/eventskate.jpeg\",\"datePublished\":\"2023-01-19T10:19:30+00:00\",\"dateModified\":\"2023-01-19T10:24:38+00:00\",\"breadcrumb\":{\"@id\":\"https:\/\/cultura.santjosep.org\/es\/agenda\/inaguracio-mini-rampa-sant-jordi\/#breadcrumb\"},\"inLanguage\":\"es\",\"potentialAction\":[{\"@type\":\"ReadAction\",\"target\":[\"https:\/\/cultura.santjosep.org\/es\/agenda\/inaguracio-mini-rampa-sant-jordi\/\"]}]},{\"@type\":\"ImageObject\",\"inLanguage\":\"es\",\"@id\":\"https:\/\/cultura.santjosep.org\/es\/agenda\/inaguracio-mini-rampa-sant-jordi\/#primaryimage\",\"url\":\"https:\/\/cultura.santjosep.org\/wp-content\/uploads\/2023\/01\/eventskate.jpeg\",\"contentUrl\":\"https:\/\/cultura.santjosep.org\/wp-content\/uploads\/2023\/01\/eventskate.jpeg\",\"width\":848,\"height\":1200},{\"@type\":\"BreadcrumbList\",\"@id\":\"https:\/\/cultura.santjosep.org\/es\/agenda\/inaguracio-mini-rampa-sant-jordi\/#breadcrumb\",\"itemListElement\":[{\"@type\":\"ListItem\",\"position\":1,\"name\":\"Portada\",\"item\":\"https:\/\/cultura.santjosep.org\/es\/\"},{\"@type\":\"ListItem\",\"position\":2,\"name\":\"Eventos\",\"item\":\"https:\/\/cultura.santjosep.org\/agenda\/\"},{\"@type\":\"ListItem\",\"position\":3,\"name\":\"Inauguraci\u00f3 mini rampa Sant Jordi\"}]},{\"@type\":\"WebSite\",\"@id\":\"https:\/\/cultura.santjosep.org\/es\/#website\",\"url\":\"https:\/\/cultura.santjosep.org\/es\/\",\"name\":\"Cultura a Sant Josep de sa Talaia\",\"description\":\"\",\"publisher\":{\"@id\":\"https:\/\/cultura.santjosep.org\/es\/#organization\"},\"potentialAction\":[{\"@type\":\"SearchAction\",\"target\":{\"@type\":\"EntryPoint\",\"urlTemplate\":\"https:\/\/cultura.santjosep.org\/es\/?s={search_term_string}\"},\"query-input\":{\"@type\":\"PropertyValueSpecification\",\"valueRequired\":true,\"valueName\":\"search_term_string\"}}],\"inLanguage\":\"es\"},{\"@type\":\"Organization\",\"@id\":\"https:\/\/cultura.santjosep.org\/es\/#organization\",\"name\":\"Ajuntament de Sant Josep de sa Talaia\",\"url\":\"https:\/\/cultura.santjosep.org\/es\/\",\"logo\":{\"@type\":\"ImageObject\",\"inLanguage\":\"es\",\"@id\":\"https:\/\/cultura.santjosep.org\/es\/#\/schema\/logo\/image\/\",\"url\":\"https:\/\/cultura.santjosep.org\/wp-content\/uploads\/2020\/10\/logocolor.jpg\",\"contentUrl\":\"https:\/\/cultura.santjosep.org\/wp-content\/uploads\/2020\/10\/logocolor.jpg\",\"width\":250,\"height\":98,\"caption\":\"Ajuntament de Sant Josep de sa Talaia\"},\"image\":{\"@id\":\"https:\/\/cultura.santjosep.org\/es\/#\/schema\/logo\/image\/\"},\"sameAs\":[\"https:\/\/www.facebook.com\/Ajuntament-de-Sant-Josep-de-sa-Talaia-197541666931354\/\",\"https:\/\/x.com\/DeTalaia\",\"https:\/\/www.instagram.com\/sant_josep_de_sa_talaia\/\"]}]}<\/script>\n<!-- \/ Yoast SEO plugin. -->","yoast_head_json":{"title":"Inauguraci\u00f3 mini rampa Sant Jordi - Cultura a Sant Josep de sa Talaia","robots":{"index":"index","follow":"follow","max-snippet":"max-snippet:-1","max-image-preview":"max-image-preview:large","max-video-preview":"max-video-preview:-1"},"canonical":"https:\/\/cultura.santjosep.org\/es\/agenda\/inaguracio-mini-rampa-sant-jordi\/","og_locale":"es_ES","og_type":"article","og_title":"Inauguraci\u00f3 mini rampa Sant Jordi - Cultura a Sant Josep de sa Talaia","og_description":"12:00 h | Inaguraci\u00f3 mini rampa Sant Jordi Exhibici\u00f3 de convidats de les 14:00 h a les 16:00 h: Valentina Planes (Coru\u00f1a) El Gran Toni (Mallorca) Gabriel Salazar (Madrid) Team &hellip; Seguir leyendo \u00abInauguraci\u00f3 mini rampa Sant Jordi\u00bb","og_url":"https:\/\/cultura.santjosep.org\/es\/agenda\/inaguracio-mini-rampa-sant-jordi\/","og_site_name":"Cultura a Sant Josep de sa Talaia","article_publisher":"https:\/\/www.facebook.com\/Ajuntament-de-Sant-Josep-de-sa-Talaia-197541666931354\/","article_modified_time":"2023-01-19T10:24:38+00:00","og_image":[{"width":848,"height":1200,"url":"https:\/\/cultura.santjosep.org\/wp-content\/uploads\/2023\/01\/eventskate.jpeg","type":"image\/jpeg"}],"twitter_card":"summary_large_image","twitter_site":"@DeTalaia","schema":{"@context":"https:\/\/schema.org","@graph":[{"@type":"WebPage","@id":"https:\/\/cultura.santjosep.org\/es\/agenda\/inaguracio-mini-rampa-sant-jordi\/","url":"https:\/\/cultura.santjosep.org\/es\/agenda\/inaguracio-mini-rampa-sant-jordi\/","name":"Inauguraci\u00f3 mini rampa Sant Jordi - Cultura a Sant Josep de sa Talaia","isPartOf":{"@id":"https:\/\/cultura.santjosep.org\/es\/#website"},"primaryImageOfPage":{"@id":"https:\/\/cultura.santjosep.org\/es\/agenda\/inaguracio-mini-rampa-sant-jordi\/#primaryimage"},"image":{"@id":"https:\/\/cultura.santjosep.org\/es\/agenda\/inaguracio-mini-rampa-sant-jordi\/#primaryimage"},"thumbnailUrl":"https:\/\/cultura.santjosep.org\/wp-content\/uploads\/2023\/01\/eventskate.jpeg","datePublished":"2023-01-19T10:19:30+00:00","dateModified":"2023-01-19T10:24:38+00:00","breadcrumb":{"@id":"https:\/\/cultura.santjosep.org\/es\/agenda\/inaguracio-mini-rampa-sant-jordi\/#breadcrumb"},"inLanguage":"es","potentialAction":[{"@type":"ReadAction","target":["https:\/\/cultura.santjosep.org\/es\/agenda\/inaguracio-mini-rampa-sant-jordi\/"]}]},{"@type":"ImageObject","inLanguage":"es","@id":"https:\/\/cultura.santjosep.org\/es\/agenda\/inaguracio-mini-rampa-sant-jordi\/#primaryimage","url":"https:\/\/cultura.santjosep.org\/wp-content\/uploads\/2023\/01\/eventskate.jpeg","contentUrl":"https:\/\/cultura.santjosep.org\/wp-content\/uploads\/2023\/01\/eventskate.jpeg","width":848,"height":1200},{"@type":"BreadcrumbList","@id":"https:\/\/cultura.santjosep.org\/es\/agenda\/inaguracio-mini-rampa-sant-jordi\/#breadcrumb","itemListElement":[{"@type":"ListItem","position":1,"name":"Portada","item":"https:\/\/cultura.santjosep.org\/es\/"},{"@type":"ListItem","position":2,"name":"Eventos","item":"https:\/\/cultura.santjosep.org\/agenda\/"},{"@type":"ListItem","position":3,"name":"Inauguraci\u00f3 mini rampa Sant Jordi"}]},{"@type":"WebSite","@id":"https:\/\/cultura.santjosep.org\/es\/#website","url":"https:\/\/cultura.santjosep.org\/es\/","name":"Cultura a Sant Josep de sa Talaia","description":"","publisher":{"@id":"https:\/\/cultura.santjosep.org\/es\/#organization"},"potentialAction":[{"@type":"SearchAction","target":{"@type":"EntryPoint","urlTemplate":"https:\/\/cultura.santjosep.org\/es\/?s={search_term_string}"},"query-input":{"@type":"PropertyValueSpecification","valueRequired":true,"valueName":"search_term_string"}}],"inLanguage":"es"},{"@type":"Organization","@id":"https:\/\/cultura.santjosep.org\/es\/#organization","name":"Ajuntament de Sant Josep de sa Talaia","url":"https:\/\/cultura.santjosep.org\/es\/","logo":{"@type":"ImageObject","inLanguage":"es","@id":"https:\/\/cultura.santjosep.org\/es\/#\/schema\/logo\/image\/","url":"https:\/\/cultura.santjosep.org\/wp-content\/uploads\/2020\/10\/logocolor.jpg","contentUrl":"https:\/\/cultura.santjosep.org\/wp-content\/uploads\/2020\/10\/logocolor.jpg","width":250,"height":98,"caption":"Ajuntament de Sant Josep de sa Talaia"},"image":{"@id":"https:\/\/cultura.santjosep.org\/es\/#\/schema\/logo\/image\/"},"sameAs":["https:\/\/www.facebook.com\/Ajuntament-de-Sant-Josep-de-sa-Talaia-197541666931354\/","https:\/\/x.com\/DeTalaia","https:\/\/www.instagram.com\/sant_josep_de_sa_talaia\/"]}]}},"_links":{"self":[{"href":"https:\/\/cultura.santjosep.org\/es\/wp-json\/wp\/v2\/tribe_events\/16554","targetHints":{"allow":["GET"]}}],"collection":[{"href":"https:\/\/cultura.santjosep.org\/es\/wp-json\/wp\/v2\/tribe_events"}],"about":[{"href":"https:\/\/cultura.santjosep.org\/es\/wp-json\/wp\/v2\/types\/tribe_events"}],"author":[{"embeddable":true,"href":"https:\/\/cultura.santjosep.org\/es\/wp-json\/wp\/v2\/users\/1"}],"version-history":[{"count":0,"href":"https:\/\/cultura.santjosep.org\/es\/wp-json\/wp\/v2\/tribe_events\/16554\/revisions"}],"wp:featuredmedia":[{"embeddable":true,"href":"https:\/\/cultura.santjosep.org\/es\/wp-json\/wp\/v2\/media\/16552"}],"wp:attachment":[{"href":"https:\/\/cultura.santjosep.org\/es\/wp-json\/wp\/v2\/media?parent=16554"}],"wp:term":[{"taxonomy":"post_tag","embeddable":true,"href":"https:\/\/cultura.santjosep.org\/es\/wp-json\/wp\/v2\/tags?post=16554"},{"taxonomy":"tribe_events_cat","embeddable":true,"href":"https:\/\/cultura.santjosep.org\/es\/wp-json\/wp\/v2\/tribe_events_cat?post=16554"}],"curies":[{"name":"wp","href":"https:\/\/api.w.org\/{rel}","templated":true}]}}

Inauguració mini rampa Sant Jordi

<p><strong>12:00 h | Inaguració mini rampa Sant Jordi</strong></p>
<p>Exhibició de convidats de les 14:00 h a les 16:00 h:</p>
<ul>
<li><strong>Valentina Planes</strong> (Coruña)</li>
<li><strong>El Gran Toni</strong> (Mallorca)</li>
<li><strong>Gabriel Salazar</strong> (Madrid)</li>
<li><strong>Team EZK8</strong></li>
</ul>
<p>Campionat local de les 16:00 h a les 20:00 h.</p>
<p><strong>Premis:</strong></p>
<ul>
<li>Primer: 150 €</li>
<li>Segon: 100 €</li>
<li>Tercer: 50 €</li>
</ul>
<p>Grafit amb <strong>Fossi i Shine</strong>. Música amb <strong>DJ Kace.</strong><br />
Curs de <strong>Skateboard gratuït</strong> de 12:00 h a 14:00 h.<br />
<strong>Mejar i beguda</strong> amb preus populars.</p>

<p>12:00 h | Inaguració mini rampa Sant Jordi Exhibició de convidats de les 14:00 h a les 16:00 h: Valentina Planes (Coruña) El Gran Toni (Mallorca) Gabriel Salazar (Madrid) Team &hellip; </p>
<p class="link-more"><a href="https://cultura.santjosep.org/es/agenda/inaguracio-mini-rampa-sant-jordi/" class="more-link">Seguir leyendo<span class="screen-reader-text"> «Inauguració mini rampa Sant Jordi»</span></a></p>

<!-- This site is optimized with the Yoast SEO plugin v26.6 - https://yoast.com/wordpress/plugins/seo/ -->
<title>Inauguració mini rampa Sant Jordi - Cultura a Sant Josep de sa Talaia</title>
<meta name="robots" content="index, follow, max-snippet:-1, max-image-preview:large, max-video-preview:-1" />
<link rel="canonical" href="https://cultura.santjosep.org/es/agenda/inaguracio-mini-rampa-sant-jordi/" />
<meta property="og:locale" content="es_ES" />
<meta property="og:type" content="article" />
<meta property="og:title" content="Inauguració mini rampa Sant Jordi - Cultura a Sant Josep de sa Talaia" />
<meta property="og:description" content="12:00 h | Inaguració mini rampa Sant Jordi Exhibició de convidats de les 14:00 h a les 16:00 h: Valentina Planes (Coruña) El Gran Toni (Mallorca) Gabriel Salazar (Madrid) Team &hellip; Seguir leyendo «Inauguració mini rampa Sant Jordi»" />
<meta property="og:url" content="https://cultura.santjosep.org/es/agenda/inaguracio-mini-rampa-sant-jordi/" />
<meta property="og:site_name" content="Cultura a Sant Josep de sa Talaia" />
<meta property="article:publisher" content="https://www.facebook.com/Ajuntament-de-Sant-Josep-de-sa-Talaia-197541666931354/" />
<meta property="article:modified_time" content="2023-01-19T10:24:38+00:00" />
<meta property="og:image" content="https://cultura.santjosep.org/wp-content/uploads/2023/01/eventskate.jpeg" />
	<meta property="og:image:width" content="848" />
	<meta property="og:image:height" content="1200" />
	<meta property="og:image:type" content="image/jpeg" />
<meta name="twitter:card" content="summary_large_image" />
<meta name="twitter:site" content="@DeTalaia" />
<script type="application/ld+json" class="yoast-schema-graph">{"@context":"https://schema.org","@graph":[{"@type":"WebPage","@id":"https://cultura.santjosep.org/es/agenda/inaguracio-mini-rampa-sant-jordi/","url":"https://cultura.santjosep.org/es/agenda/inaguracio-mini-rampa-sant-jordi/","name":"Inauguració mini rampa Sant Jordi - Cultura a Sant Josep de sa Talaia","isPartOf":{"@id":"https://cultura.santjosep.org/es/#website"},"primaryImageOfPage":{"@id":"https://cultura.santjosep.org/es/agenda/inaguracio-mini-rampa-sant-jordi/#primaryimage"},"image":{"@id":"https://cultura.santjosep.org/es/agenda/inaguracio-mini-rampa-sant-jordi/#primaryimage"},"thumbnailUrl":"https://cultura.santjosep.org/wp-content/uploads/2023/01/eventskate.jpeg","datePublished":"2023-01-19T10:19:30+00:00","dateModified":"2023-01-19T10:24:38+00:00","breadcrumb":{"@id":"https://cultura.santjosep.org/es/agenda/inaguracio-mini-rampa-sant-jordi/#breadcrumb"},"inLanguage":"es","potentialAction":[{"@type":"ReadAction","target":["https://cultura.santjosep.org/es/agenda/inaguracio-mini-rampa-sant-jordi/"]}]},{"@type":"ImageObject","inLanguage":"es","@id":"https://cultura.santjosep.org/es/agenda/inaguracio-mini-rampa-sant-jordi/#primaryimage","url":"https://cultura.santjosep.org/wp-content/uploads/2023/01/eventskate.jpeg","contentUrl":"https://cultura.santjosep.org/wp-content/uploads/2023/01/eventskate.jpeg","width":848,"height":1200},{"@type":"BreadcrumbList","@id":"https://cultura.santjosep.org/es/agenda/inaguracio-mini-rampa-sant-jordi/#breadcrumb","itemListElement":[{"@type":"ListItem","position":1,"name":"Portada","item":"https://cultura.santjosep.org/es/"},{"@type":"ListItem","position":2,"name":"Eventos","item":"https://cultura.santjosep.org/agenda/"},{"@type":"ListItem","position":3,"name":"Inauguració mini rampa Sant Jordi"}]},{"@type":"WebSite","@id":"https://cultura.santjosep.org/es/#website","url":"https://cultura.santjosep.org/es/","name":"Cultura a Sant Josep de sa Talaia","description":"","publisher":{"@id":"https://cultura.santjosep.org/es/#organization"},"potentialAction":[{"@type":"SearchAction","target":{"@type":"EntryPoint","urlTemplate":"https://cultura.santjosep.org/es/?s={search_term_string}"},"query-input":{"@type":"PropertyValueSpecification","valueRequired":true,"valueName":"search_term_string"}}],"inLanguage":"es"},{"@type":"Organization","@id":"https://cultura.santjosep.org/es/#organization","name":"Ajuntament de Sant Josep de sa Talaia","url":"https://cultura.santjosep.org/es/","logo":{"@type":"ImageObject","inLanguage":"es","@id":"https://cultura.santjosep.org/es/#/schema/logo/image/","url":"https://cultura.santjosep.org/wp-content/uploads/2020/10/logocolor.jpg","contentUrl":"https://cultura.santjosep.org/wp-content/uploads/2020/10/logocolor.jpg","width":250,"height":98,"caption":"Ajuntament de Sant Josep de sa Talaia"},"image":{"@id":"https://cultura.santjosep.org/es/#/schema/logo/image/"},"sameAs":["https://www.facebook.com/Ajuntament-de-Sant-Josep-de-sa-Talaia-197541666931354/","https://x.com/DeTalaia","https://www.instagram.com/sant_josep_de_sa_talaia/"]}]}</script>
<!-- / Yoast SEO plugin. -->

Inauguració mini rampa Sant Jordi - Cultura a Sant Josep de sa Talaia

12:00 h | Inaguració mini rampa Sant Jordi Exhibició de convidats de les 14:00 h a les 16:00 h: Valentina Planes (Coruña) El Gran Toni (Mallorca) Gabriel Salazar (Madrid) Team &hellip; Seguir leyendo «Inauguració mini rampa Sant Jordi»
