{"id":21730,"date":"2024-03-13T10:24:41","date_gmt":"2024-03-13T09:24:41","guid":{"rendered":"https:\/\/cultura.santjosep.org\/agenda\/xiv-festival-correbars\/"},"modified":"2024-03-21T15:31:34","modified_gmt":"2024-03-21T14:31:34","slug":"xiv-festival-correbars","status":"publish","type":"tribe_events","link":"https:\/\/cultura.santjosep.org\/es\/agenda\/xiv-festival-correbars\/","title":{"rendered":"XIV festival Correbars"},"content":{"rendered":"<p>Dentro del programa de las fiestas patronales de Sant Josep de sa Talaia, se celebra otra edici\u00f3n del popular <strong>festival Correbars<\/strong>, donde los bares del pueblo ofrecen tapa y ca\u00f1a, vino o refresco. Como siempre, en estos establecimientos habr\u00e1 bandas tocando en vivo. Los establecimientos que de momento ya se han sumado a esta edici\u00f3n son Can Bernat Vinya, 60 Grados Gastrobar, Centre de Majors de Sant Josep, Can Riku, Es Galliner y Bar Granola.<\/p>\n<p>&nbsp;<\/p>\n<p><img loading=\"lazy\" decoding=\"async\" class=\"alignnone size-full wp-image-21826\" src=\"https:\/\/cultura.santjosep.org\/wp-content\/uploads\/2024\/03\/433434410_820463276779347_4250522668570298604_n.jpg\" alt=\"\" width=\"1131\" height=\"1600\" srcset=\"https:\/\/cultura.santjosep.org\/wp-content\/uploads\/2024\/03\/433434410_820463276779347_4250522668570298604_n.jpg 1131w, https:\/\/cultura.santjosep.org\/wp-content\/uploads\/2024\/03\/433434410_820463276779347_4250522668570298604_n-212x300.jpg 212w, https:\/\/cultura.santjosep.org\/wp-content\/uploads\/2024\/03\/433434410_820463276779347_4250522668570298604_n-724x1024.jpg 724w, https:\/\/cultura.santjosep.org\/wp-content\/uploads\/2024\/03\/433434410_820463276779347_4250522668570298604_n-768x1086.jpg 768w, https:\/\/cultura.santjosep.org\/wp-content\/uploads\/2024\/03\/433434410_820463276779347_4250522668570298604_n-1086x1536.jpg 1086w\" sizes=\"auto, (max-width: 1131px) 100vw, 1131px\" \/><\/p>\n","protected":false},"excerpt":{"rendered":"<p>Dentro del programa de las fiestas patronales de Sant Josep de sa Talaia, se celebra otra edici\u00f3n del popular festival Correbars, donde los bares del pueblo ofrecen tapa y ca\u00f1a, &hellip; <\/p>\n<p class=\"link-more\"><a href=\"https:\/\/cultura.santjosep.org\/es\/agenda\/xiv-festival-correbars\/\" class=\"more-link\">Seguir leyendo<span class=\"screen-reader-text\"> \u00abXIV festival Correbars\u00bb<\/span><\/a><\/p>\n","protected":false},"author":1,"featured_media":21735,"template":"","meta":{"_tribe_events_status":"","_tribe_events_status_reason":"","_tribe_events_is_hybrid":"","_tribe_events_is_virtual":"","_tribe_events_virtual_video_source":"","_tribe_events_virtual_embed_video":"","_tribe_events_virtual_linked_button_text":"","_tribe_events_virtual_linked_button":"","_tribe_events_virtual_show_embed_at":"","_tribe_events_virtual_show_embed_to":[],"_tribe_events_virtual_show_on_event":"","_tribe_events_virtual_show_on_views":"","_tribe_events_virtual_url":"","footnotes":""},"tags":[],"tribe_events_cat":[179],"class_list":["post-21730","tribe_events","type-tribe_events","status-publish","has-post-thumbnail","hentry","tribe_events_cat-festes-sant-josep-2024-es","cat_festes-sant-josep-2024-es","entry"],"yoast_head":"<!-- This site is optimized with the Yoast SEO plugin v26.6 - https:\/\/yoast.com\/wordpress\/plugins\/seo\/ -->\n<title>XIV festival Correbars - Cultura a Sant Josep de sa Talaia<\/title>\n<meta name=\"robots\" content=\"index, follow, max-snippet:-1, max-image-preview:large, max-video-preview:-1\" \/>\n<link rel=\"canonical\" href=\"https:\/\/cultura.santjosep.org\/es\/agenda\/xiv-festival-correbars\/\" \/>\n<meta property=\"og:locale\" content=\"es_ES\" \/>\n<meta property=\"og:type\" content=\"article\" \/>\n<meta property=\"og:title\" content=\"XIV festival Correbars - Cultura a Sant Josep de sa Talaia\" \/>\n<meta property=\"og:description\" content=\"Dentro del programa de las fiestas patronales de Sant Josep de sa Talaia, se celebra otra edici\u00f3n del popular festival Correbars, donde los bares del pueblo ofrecen tapa y ca\u00f1a, &hellip; Seguir leyendo \u00abXIV festival Correbars\u00bb\" \/>\n<meta property=\"og:url\" content=\"https:\/\/cultura.santjosep.org\/es\/agenda\/xiv-festival-correbars\/\" \/>\n<meta property=\"og:site_name\" content=\"Cultura a Sant Josep de sa Talaia\" \/>\n<meta property=\"article:publisher\" content=\"https:\/\/www.facebook.com\/Ajuntament-de-Sant-Josep-de-sa-Talaia-197541666931354\/\" \/>\n<meta property=\"article:modified_time\" content=\"2024-03-21T14:31:34+00:00\" \/>\n<meta property=\"og:image\" content=\"https:\/\/cultura.santjosep.org\/wp-content\/uploads\/2024\/03\/Correbars-Festes-Sant-Josep-43.jpg\" \/>\n\t<meta property=\"og:image:width\" content=\"1400\" \/>\n\t<meta property=\"og:image:height\" content=\"934\" \/>\n\t<meta property=\"og:image:type\" content=\"image\/jpeg\" \/>\n<meta name=\"twitter:card\" content=\"summary_large_image\" \/>\n<meta name=\"twitter:site\" content=\"@DeTalaia\" \/>\n<meta name=\"twitter:label1\" content=\"Tiempo de lectura\" \/>\n\t<meta name=\"twitter:data1\" content=\"1 minuto\" \/>\n<script type=\"application\/ld+json\" class=\"yoast-schema-graph\">{\"@context\":\"https:\/\/schema.org\",\"@graph\":[{\"@type\":\"WebPage\",\"@id\":\"https:\/\/cultura.santjosep.org\/es\/agenda\/xiv-festival-correbars\/\",\"url\":\"https:\/\/cultura.santjosep.org\/es\/agenda\/xiv-festival-correbars\/\",\"name\":\"XIV festival Correbars - Cultura a Sant Josep de sa Talaia\",\"isPartOf\":{\"@id\":\"https:\/\/cultura.santjosep.org\/es\/#website\"},\"primaryImageOfPage\":{\"@id\":\"https:\/\/cultura.santjosep.org\/es\/agenda\/xiv-festival-correbars\/#primaryimage\"},\"image\":{\"@id\":\"https:\/\/cultura.santjosep.org\/es\/agenda\/xiv-festival-correbars\/#primaryimage\"},\"thumbnailUrl\":\"https:\/\/cultura.santjosep.org\/wp-content\/uploads\/2024\/03\/Correbars-Festes-Sant-Josep-43.jpg\",\"datePublished\":\"2024-03-13T09:24:41+00:00\",\"dateModified\":\"2024-03-21T14:31:34+00:00\",\"breadcrumb\":{\"@id\":\"https:\/\/cultura.santjosep.org\/es\/agenda\/xiv-festival-correbars\/#breadcrumb\"},\"inLanguage\":\"es\",\"potentialAction\":[{\"@type\":\"ReadAction\",\"target\":[\"https:\/\/cultura.santjosep.org\/es\/agenda\/xiv-festival-correbars\/\"]}]},{\"@type\":\"ImageObject\",\"inLanguage\":\"es\",\"@id\":\"https:\/\/cultura.santjosep.org\/es\/agenda\/xiv-festival-correbars\/#primaryimage\",\"url\":\"https:\/\/cultura.santjosep.org\/wp-content\/uploads\/2024\/03\/Correbars-Festes-Sant-Josep-43.jpg\",\"contentUrl\":\"https:\/\/cultura.santjosep.org\/wp-content\/uploads\/2024\/03\/Correbars-Festes-Sant-Josep-43.jpg\",\"width\":1400,\"height\":934},{\"@type\":\"BreadcrumbList\",\"@id\":\"https:\/\/cultura.santjosep.org\/es\/agenda\/xiv-festival-correbars\/#breadcrumb\",\"itemListElement\":[{\"@type\":\"ListItem\",\"position\":1,\"name\":\"Portada\",\"item\":\"https:\/\/cultura.santjosep.org\/es\/\"},{\"@type\":\"ListItem\",\"position\":2,\"name\":\"Eventos\",\"item\":\"https:\/\/cultura.santjosep.org\/agenda\/\"},{\"@type\":\"ListItem\",\"position\":3,\"name\":\"XIV festival Correbars\"}]},{\"@type\":\"WebSite\",\"@id\":\"https:\/\/cultura.santjosep.org\/es\/#website\",\"url\":\"https:\/\/cultura.santjosep.org\/es\/\",\"name\":\"Cultura a Sant Josep de sa Talaia\",\"description\":\"\",\"publisher\":{\"@id\":\"https:\/\/cultura.santjosep.org\/es\/#organization\"},\"potentialAction\":[{\"@type\":\"SearchAction\",\"target\":{\"@type\":\"EntryPoint\",\"urlTemplate\":\"https:\/\/cultura.santjosep.org\/es\/?s={search_term_string}\"},\"query-input\":{\"@type\":\"PropertyValueSpecification\",\"valueRequired\":true,\"valueName\":\"search_term_string\"}}],\"inLanguage\":\"es\"},{\"@type\":\"Organization\",\"@id\":\"https:\/\/cultura.santjosep.org\/es\/#organization\",\"name\":\"Ajuntament de Sant Josep de sa Talaia\",\"url\":\"https:\/\/cultura.santjosep.org\/es\/\",\"logo\":{\"@type\":\"ImageObject\",\"inLanguage\":\"es\",\"@id\":\"https:\/\/cultura.santjosep.org\/es\/#\/schema\/logo\/image\/\",\"url\":\"https:\/\/cultura.santjosep.org\/wp-content\/uploads\/2020\/10\/logocolor.jpg\",\"contentUrl\":\"https:\/\/cultura.santjosep.org\/wp-content\/uploads\/2020\/10\/logocolor.jpg\",\"width\":250,\"height\":98,\"caption\":\"Ajuntament de Sant Josep de sa Talaia\"},\"image\":{\"@id\":\"https:\/\/cultura.santjosep.org\/es\/#\/schema\/logo\/image\/\"},\"sameAs\":[\"https:\/\/www.facebook.com\/Ajuntament-de-Sant-Josep-de-sa-Talaia-197541666931354\/\",\"https:\/\/x.com\/DeTalaia\",\"https:\/\/www.instagram.com\/sant_josep_de_sa_talaia\/\"]}]}<\/script>\n<!-- \/ Yoast SEO plugin. -->","yoast_head_json":{"title":"XIV festival Correbars - Cultura a Sant Josep de sa Talaia","robots":{"index":"index","follow":"follow","max-snippet":"max-snippet:-1","max-image-preview":"max-image-preview:large","max-video-preview":"max-video-preview:-1"},"canonical":"https:\/\/cultura.santjosep.org\/es\/agenda\/xiv-festival-correbars\/","og_locale":"es_ES","og_type":"article","og_title":"XIV festival Correbars - Cultura a Sant Josep de sa Talaia","og_description":"Dentro del programa de las fiestas patronales de Sant Josep de sa Talaia, se celebra otra edici\u00f3n del popular festival Correbars, donde los bares del pueblo ofrecen tapa y ca\u00f1a, &hellip; Seguir leyendo \u00abXIV festival Correbars\u00bb","og_url":"https:\/\/cultura.santjosep.org\/es\/agenda\/xiv-festival-correbars\/","og_site_name":"Cultura a Sant Josep de sa Talaia","article_publisher":"https:\/\/www.facebook.com\/Ajuntament-de-Sant-Josep-de-sa-Talaia-197541666931354\/","article_modified_time":"2024-03-21T14:31:34+00:00","og_image":[{"width":1400,"height":934,"url":"https:\/\/cultura.santjosep.org\/wp-content\/uploads\/2024\/03\/Correbars-Festes-Sant-Josep-43.jpg","type":"image\/jpeg"}],"twitter_card":"summary_large_image","twitter_site":"@DeTalaia","twitter_misc":{"Tiempo de lectura":"1 minuto"},"schema":{"@context":"https:\/\/schema.org","@graph":[{"@type":"WebPage","@id":"https:\/\/cultura.santjosep.org\/es\/agenda\/xiv-festival-correbars\/","url":"https:\/\/cultura.santjosep.org\/es\/agenda\/xiv-festival-correbars\/","name":"XIV festival Correbars - Cultura a Sant Josep de sa Talaia","isPartOf":{"@id":"https:\/\/cultura.santjosep.org\/es\/#website"},"primaryImageOfPage":{"@id":"https:\/\/cultura.santjosep.org\/es\/agenda\/xiv-festival-correbars\/#primaryimage"},"image":{"@id":"https:\/\/cultura.santjosep.org\/es\/agenda\/xiv-festival-correbars\/#primaryimage"},"thumbnailUrl":"https:\/\/cultura.santjosep.org\/wp-content\/uploads\/2024\/03\/Correbars-Festes-Sant-Josep-43.jpg","datePublished":"2024-03-13T09:24:41+00:00","dateModified":"2024-03-21T14:31:34+00:00","breadcrumb":{"@id":"https:\/\/cultura.santjosep.org\/es\/agenda\/xiv-festival-correbars\/#breadcrumb"},"inLanguage":"es","potentialAction":[{"@type":"ReadAction","target":["https:\/\/cultura.santjosep.org\/es\/agenda\/xiv-festival-correbars\/"]}]},{"@type":"ImageObject","inLanguage":"es","@id":"https:\/\/cultura.santjosep.org\/es\/agenda\/xiv-festival-correbars\/#primaryimage","url":"https:\/\/cultura.santjosep.org\/wp-content\/uploads\/2024\/03\/Correbars-Festes-Sant-Josep-43.jpg","contentUrl":"https:\/\/cultura.santjosep.org\/wp-content\/uploads\/2024\/03\/Correbars-Festes-Sant-Josep-43.jpg","width":1400,"height":934},{"@type":"BreadcrumbList","@id":"https:\/\/cultura.santjosep.org\/es\/agenda\/xiv-festival-correbars\/#breadcrumb","itemListElement":[{"@type":"ListItem","position":1,"name":"Portada","item":"https:\/\/cultura.santjosep.org\/es\/"},{"@type":"ListItem","position":2,"name":"Eventos","item":"https:\/\/cultura.santjosep.org\/agenda\/"},{"@type":"ListItem","position":3,"name":"XIV festival Correbars"}]},{"@type":"WebSite","@id":"https:\/\/cultura.santjosep.org\/es\/#website","url":"https:\/\/cultura.santjosep.org\/es\/","name":"Cultura a Sant Josep de sa Talaia","description":"","publisher":{"@id":"https:\/\/cultura.santjosep.org\/es\/#organization"},"potentialAction":[{"@type":"SearchAction","target":{"@type":"EntryPoint","urlTemplate":"https:\/\/cultura.santjosep.org\/es\/?s={search_term_string}"},"query-input":{"@type":"PropertyValueSpecification","valueRequired":true,"valueName":"search_term_string"}}],"inLanguage":"es"},{"@type":"Organization","@id":"https:\/\/cultura.santjosep.org\/es\/#organization","name":"Ajuntament de Sant Josep de sa Talaia","url":"https:\/\/cultura.santjosep.org\/es\/","logo":{"@type":"ImageObject","inLanguage":"es","@id":"https:\/\/cultura.santjosep.org\/es\/#\/schema\/logo\/image\/","url":"https:\/\/cultura.santjosep.org\/wp-content\/uploads\/2020\/10\/logocolor.jpg","contentUrl":"https:\/\/cultura.santjosep.org\/wp-content\/uploads\/2020\/10\/logocolor.jpg","width":250,"height":98,"caption":"Ajuntament de Sant Josep de sa Talaia"},"image":{"@id":"https:\/\/cultura.santjosep.org\/es\/#\/schema\/logo\/image\/"},"sameAs":["https:\/\/www.facebook.com\/Ajuntament-de-Sant-Josep-de-sa-Talaia-197541666931354\/","https:\/\/x.com\/DeTalaia","https:\/\/www.instagram.com\/sant_josep_de_sa_talaia\/"]}]}},"_links":{"self":[{"href":"https:\/\/cultura.santjosep.org\/es\/wp-json\/wp\/v2\/tribe_events\/21730","targetHints":{"allow":["GET"]}}],"collection":[{"href":"https:\/\/cultura.santjosep.org\/es\/wp-json\/wp\/v2\/tribe_events"}],"about":[{"href":"https:\/\/cultura.santjosep.org\/es\/wp-json\/wp\/v2\/types\/tribe_events"}],"author":[{"embeddable":true,"href":"https:\/\/cultura.santjosep.org\/es\/wp-json\/wp\/v2\/users\/1"}],"version-history":[{"count":0,"href":"https:\/\/cultura.santjosep.org\/es\/wp-json\/wp\/v2\/tribe_events\/21730\/revisions"}],"wp:featuredmedia":[{"embeddable":true,"href":"https:\/\/cultura.santjosep.org\/es\/wp-json\/wp\/v2\/media\/21735"}],"wp:attachment":[{"href":"https:\/\/cultura.santjosep.org\/es\/wp-json\/wp\/v2\/media?parent=21730"}],"wp:term":[{"taxonomy":"post_tag","embeddable":true,"href":"https:\/\/cultura.santjosep.org\/es\/wp-json\/wp\/v2\/tags?post=21730"},{"taxonomy":"tribe_events_cat","embeddable":true,"href":"https:\/\/cultura.santjosep.org\/es\/wp-json\/wp\/v2\/tribe_events_cat?post=21730"}],"curies":[{"name":"wp","href":"https:\/\/api.w.org\/{rel}","templated":true}]}}

<p>Dentro del programa de las fiestas patronales de Sant Josep de sa Talaia, se celebra otra edición del popular <strong>festival Correbars</strong>, donde los bares del pueblo ofrecen tapa y caña, vino o refresco. Como siempre, en estos establecimientos habrá bandas tocando en vivo. Los establecimientos que de momento ya se han sumado a esta edición son Can Bernat Vinya, 60 Grados Gastrobar, Centre de Majors de Sant Josep, Can Riku, Es Galliner y Bar Granola.</p>
<p>&nbsp;</p>
<p><img loading="lazy" decoding="async" class="alignnone size-full wp-image-21826" src="https://cultura.santjosep.org/wp-content/uploads/2024/03/433434410_820463276779347_4250522668570298604_n.jpg" alt="" width="1131" height="1600" srcset="https://cultura.santjosep.org/wp-content/uploads/2024/03/433434410_820463276779347_4250522668570298604_n.jpg 1131w, https://cultura.santjosep.org/wp-content/uploads/2024/03/433434410_820463276779347_4250522668570298604_n-212x300.jpg 212w, https://cultura.santjosep.org/wp-content/uploads/2024/03/433434410_820463276779347_4250522668570298604_n-724x1024.jpg 724w, https://cultura.santjosep.org/wp-content/uploads/2024/03/433434410_820463276779347_4250522668570298604_n-768x1086.jpg 768w, https://cultura.santjosep.org/wp-content/uploads/2024/03/433434410_820463276779347_4250522668570298604_n-1086x1536.jpg 1086w" sizes="auto, (max-width: 1131px) 100vw, 1131px" /></p>

<p>Dentro del programa de las fiestas patronales de Sant Josep de sa Talaia, se celebra otra edición del popular festival Correbars, donde los bares del pueblo ofrecen tapa y caña, &hellip; </p>
<p class="link-more"><a href="https://cultura.santjosep.org/es/agenda/xiv-festival-correbars/" class="more-link">Seguir leyendo<span class="screen-reader-text"> «XIV festival Correbars»</span></a></p>

<!-- This site is optimized with the Yoast SEO plugin v26.6 - https://yoast.com/wordpress/plugins/seo/ -->
<title>XIV festival Correbars - Cultura a Sant Josep de sa Talaia</title>
<meta name="robots" content="index, follow, max-snippet:-1, max-image-preview:large, max-video-preview:-1" />
<link rel="canonical" href="https://cultura.santjosep.org/es/agenda/xiv-festival-correbars/" />
<meta property="og:locale" content="es_ES" />
<meta property="og:type" content="article" />
<meta property="og:title" content="XIV festival Correbars - Cultura a Sant Josep de sa Talaia" />
<meta property="og:description" content="Dentro del programa de las fiestas patronales de Sant Josep de sa Talaia, se celebra otra edición del popular festival Correbars, donde los bares del pueblo ofrecen tapa y caña, &hellip; Seguir leyendo «XIV festival Correbars»" />
<meta property="og:url" content="https://cultura.santjosep.org/es/agenda/xiv-festival-correbars/" />
<meta property="og:site_name" content="Cultura a Sant Josep de sa Talaia" />
<meta property="article:publisher" content="https://www.facebook.com/Ajuntament-de-Sant-Josep-de-sa-Talaia-197541666931354/" />
<meta property="article:modified_time" content="2024-03-21T14:31:34+00:00" />
<meta property="og:image" content="https://cultura.santjosep.org/wp-content/uploads/2024/03/Correbars-Festes-Sant-Josep-43.jpg" />
	<meta property="og:image:width" content="1400" />
	<meta property="og:image:height" content="934" />
	<meta property="og:image:type" content="image/jpeg" />
<meta name="twitter:card" content="summary_large_image" />
<meta name="twitter:site" content="@DeTalaia" />
<meta name="twitter:label1" content="Tiempo de lectura" />
	<meta name="twitter:data1" content="1 minuto" />
<script type="application/ld+json" class="yoast-schema-graph">{"@context":"https://schema.org","@graph":[{"@type":"WebPage","@id":"https://cultura.santjosep.org/es/agenda/xiv-festival-correbars/","url":"https://cultura.santjosep.org/es/agenda/xiv-festival-correbars/","name":"XIV festival Correbars - Cultura a Sant Josep de sa Talaia","isPartOf":{"@id":"https://cultura.santjosep.org/es/#website"},"primaryImageOfPage":{"@id":"https://cultura.santjosep.org/es/agenda/xiv-festival-correbars/#primaryimage"},"image":{"@id":"https://cultura.santjosep.org/es/agenda/xiv-festival-correbars/#primaryimage"},"thumbnailUrl":"https://cultura.santjosep.org/wp-content/uploads/2024/03/Correbars-Festes-Sant-Josep-43.jpg","datePublished":"2024-03-13T09:24:41+00:00","dateModified":"2024-03-21T14:31:34+00:00","breadcrumb":{"@id":"https://cultura.santjosep.org/es/agenda/xiv-festival-correbars/#breadcrumb"},"inLanguage":"es","potentialAction":[{"@type":"ReadAction","target":["https://cultura.santjosep.org/es/agenda/xiv-festival-correbars/"]}]},{"@type":"ImageObject","inLanguage":"es","@id":"https://cultura.santjosep.org/es/agenda/xiv-festival-correbars/#primaryimage","url":"https://cultura.santjosep.org/wp-content/uploads/2024/03/Correbars-Festes-Sant-Josep-43.jpg","contentUrl":"https://cultura.santjosep.org/wp-content/uploads/2024/03/Correbars-Festes-Sant-Josep-43.jpg","width":1400,"height":934},{"@type":"BreadcrumbList","@id":"https://cultura.santjosep.org/es/agenda/xiv-festival-correbars/#breadcrumb","itemListElement":[{"@type":"ListItem","position":1,"name":"Portada","item":"https://cultura.santjosep.org/es/"},{"@type":"ListItem","position":2,"name":"Eventos","item":"https://cultura.santjosep.org/agenda/"},{"@type":"ListItem","position":3,"name":"XIV festival Correbars"}]},{"@type":"WebSite","@id":"https://cultura.santjosep.org/es/#website","url":"https://cultura.santjosep.org/es/","name":"Cultura a Sant Josep de sa Talaia","description":"","publisher":{"@id":"https://cultura.santjosep.org/es/#organization"},"potentialAction":[{"@type":"SearchAction","target":{"@type":"EntryPoint","urlTemplate":"https://cultura.santjosep.org/es/?s={search_term_string}"},"query-input":{"@type":"PropertyValueSpecification","valueRequired":true,"valueName":"search_term_string"}}],"inLanguage":"es"},{"@type":"Organization","@id":"https://cultura.santjosep.org/es/#organization","name":"Ajuntament de Sant Josep de sa Talaia","url":"https://cultura.santjosep.org/es/","logo":{"@type":"ImageObject","inLanguage":"es","@id":"https://cultura.santjosep.org/es/#/schema/logo/image/","url":"https://cultura.santjosep.org/wp-content/uploads/2020/10/logocolor.jpg","contentUrl":"https://cultura.santjosep.org/wp-content/uploads/2020/10/logocolor.jpg","width":250,"height":98,"caption":"Ajuntament de Sant Josep de sa Talaia"},"image":{"@id":"https://cultura.santjosep.org/es/#/schema/logo/image/"},"sameAs":["https://www.facebook.com/Ajuntament-de-Sant-Josep-de-sa-Talaia-197541666931354/","https://x.com/DeTalaia","https://www.instagram.com/sant_josep_de_sa_talaia/"]}]}</script>
<!-- / Yoast SEO plugin. -->

Dentro del programa de las fiestas patronales de Sant Josep de sa Talaia, se celebra otra edición del popular festival Correbars, donde los bares del pueblo ofrecen tapa y caña, &hellip; Seguir leyendo «XIV festival Correbars»
