{"id":23370,"date":"2024-09-30T14:22:12","date_gmt":"2024-09-30T12:22:12","guid":{"rendered":"https:\/\/cultura.santjosep.org\/agenda\/laboratori-de-lectura\/"},"modified":"2024-09-30T14:22:12","modified_gmt":"2024-09-30T12:22:12","slug":"laboratori-de-lectura","status":"publish","type":"tribe_events","link":"https:\/\/cultura.santjosep.org\/es\/agenda\/laboratori-de-lectura\/","title":{"rendered":"Laboratori de lectura"},"content":{"rendered":"<p><strong>Laboratori de lectura<\/strong><br \/>\nL\u2019arxip\u00e8lag de les illes remotes<\/p>\n<p>\u00abDiuen que hi ha un arxip\u00e8lag en un rac\u00f3 d\u2019aquest m\u00f3n, amb algunes de les illes m\u00e9s extraordin\u00e0ries que mai h\u00e0giu pogut imaginar. Illes amb potes, illes bunyol, illes amb monstres i habitants singulars&#8230;\u00bb<\/p>\n<p>Fam\u00edlies amb infants de 6 a 12 anys<br \/>\nPlaces limitades<\/p>\n<p><strong>INSCRIPCI\u00d3 PR\u00c8VIA<\/strong><br \/>\nTel\u00e8fon o WhatsApp: 971 348630<br \/>\n<a href=\"mailto:biblioteca.caladebou@santjosep.org\">biblioteca.caladebou@santjosep.org<\/a><\/p>\n","protected":false},"excerpt":{"rendered":"<p>Laboratori de lectura L\u2019arxip\u00e8lag de les illes remotes \u00abDiuen que hi ha un arxip\u00e8lag en un rac\u00f3 d\u2019aquest m\u00f3n, amb algunes de les illes m\u00e9s extraordin\u00e0ries que mai h\u00e0giu pogut &hellip; <\/p>\n<p class=\"link-more\"><a href=\"https:\/\/cultura.santjosep.org\/es\/agenda\/laboratori-de-lectura\/\" class=\"more-link\">Seguir leyendo<span class=\"screen-reader-text\"> \u00abLaboratori de lectura\u00bb<\/span><\/a><\/p>\n","protected":false},"author":1,"featured_media":23363,"template":"","meta":{"_tribe_events_status":"","_tribe_events_status_reason":"","_tribe_events_is_hybrid":"","_tribe_events_is_virtual":"","_tribe_events_virtual_video_source":"","_tribe_events_virtual_embed_video":"","_tribe_events_virtual_linked_button_text":"","_tribe_events_virtual_linked_button":"","_tribe_events_virtual_show_embed_at":"","_tribe_events_virtual_show_embed_to":[],"_tribe_events_virtual_show_on_event":"","_tribe_events_virtual_show_on_views":"","_tribe_events_virtual_url":"","footnotes":""},"tags":[],"tribe_events_cat":[181],"class_list":["post-23370","tribe_events","type-tribe_events","status-publish","has-post-thumbnail","hentry","tribe_events_cat-club-de-lectura-es","cat_club-de-lectura-es","entry"],"yoast_head":"<!-- This site is optimized with the Yoast SEO plugin v26.6 - https:\/\/yoast.com\/wordpress\/plugins\/seo\/ -->\n<title>Laboratori de lectura - Cultura a Sant Josep de sa Talaia<\/title>\n<meta name=\"robots\" content=\"index, follow, max-snippet:-1, max-image-preview:large, max-video-preview:-1\" \/>\n<link rel=\"canonical\" href=\"https:\/\/cultura.santjosep.org\/es\/agenda\/laboratori-de-lectura\/\" \/>\n<meta property=\"og:locale\" content=\"es_ES\" \/>\n<meta property=\"og:type\" content=\"article\" \/>\n<meta property=\"og:title\" content=\"Laboratori de lectura - Cultura a Sant Josep de sa Talaia\" \/>\n<meta property=\"og:description\" content=\"Laboratori de lectura L\u2019arxip\u00e8lag de les illes remotes \u00abDiuen que hi ha un arxip\u00e8lag en un rac\u00f3 d\u2019aquest m\u00f3n, amb algunes de les illes m\u00e9s extraordin\u00e0ries que mai h\u00e0giu pogut &hellip; Seguir leyendo \u00abLaboratori de lectura\u00bb\" \/>\n<meta property=\"og:url\" content=\"https:\/\/cultura.santjosep.org\/es\/agenda\/laboratori-de-lectura\/\" \/>\n<meta property=\"og:site_name\" content=\"Cultura a Sant Josep de sa Talaia\" \/>\n<meta property=\"article:publisher\" content=\"https:\/\/www.facebook.com\/Ajuntament-de-Sant-Josep-de-sa-Talaia-197541666931354\/\" \/>\n<meta name=\"twitter:card\" content=\"summary_large_image\" \/>\n<meta name=\"twitter:site\" content=\"@DeTalaia\" \/>\n<script type=\"application\/ld+json\" class=\"yoast-schema-graph\">{\"@context\":\"https:\/\/schema.org\",\"@graph\":[{\"@type\":\"WebPage\",\"@id\":\"https:\/\/cultura.santjosep.org\/es\/agenda\/laboratori-de-lectura\/\",\"url\":\"https:\/\/cultura.santjosep.org\/es\/agenda\/laboratori-de-lectura\/\",\"name\":\"Laboratori de lectura - Cultura a Sant Josep de sa Talaia\",\"isPartOf\":{\"@id\":\"https:\/\/cultura.santjosep.org\/es\/#website\"},\"primaryImageOfPage\":{\"@id\":\"https:\/\/cultura.santjosep.org\/es\/agenda\/laboratori-de-lectura\/#primaryimage\"},\"image\":{\"@id\":\"https:\/\/cultura.santjosep.org\/es\/agenda\/laboratori-de-lectura\/#primaryimage\"},\"thumbnailUrl\":\"https:\/\/cultura.santjosep.org\/wp-content\/uploads\/2024\/09\/laboratoridelectura.jpg\",\"datePublished\":\"2024-09-30T12:22:12+00:00\",\"breadcrumb\":{\"@id\":\"https:\/\/cultura.santjosep.org\/es\/agenda\/laboratori-de-lectura\/#breadcrumb\"},\"inLanguage\":\"es\",\"potentialAction\":[{\"@type\":\"ReadAction\",\"target\":[\"https:\/\/cultura.santjosep.org\/es\/agenda\/laboratori-de-lectura\/\"]}]},{\"@type\":\"ImageObject\",\"inLanguage\":\"es\",\"@id\":\"https:\/\/cultura.santjosep.org\/es\/agenda\/laboratori-de-lectura\/#primaryimage\",\"url\":\"https:\/\/cultura.santjosep.org\/wp-content\/uploads\/2024\/09\/laboratoridelectura.jpg\",\"contentUrl\":\"https:\/\/cultura.santjosep.org\/wp-content\/uploads\/2024\/09\/laboratoridelectura.jpg\",\"width\":1600,\"height\":2281},{\"@type\":\"BreadcrumbList\",\"@id\":\"https:\/\/cultura.santjosep.org\/es\/agenda\/laboratori-de-lectura\/#breadcrumb\",\"itemListElement\":[{\"@type\":\"ListItem\",\"position\":1,\"name\":\"Portada\",\"item\":\"https:\/\/cultura.santjosep.org\/es\/\"},{\"@type\":\"ListItem\",\"position\":2,\"name\":\"Eventos\",\"item\":\"https:\/\/cultura.santjosep.org\/agenda\/\"},{\"@type\":\"ListItem\",\"position\":3,\"name\":\"Laboratori de lectura\"}]},{\"@type\":\"WebSite\",\"@id\":\"https:\/\/cultura.santjosep.org\/es\/#website\",\"url\":\"https:\/\/cultura.santjosep.org\/es\/\",\"name\":\"Cultura a Sant Josep de sa Talaia\",\"description\":\"\",\"publisher\":{\"@id\":\"https:\/\/cultura.santjosep.org\/es\/#organization\"},\"potentialAction\":[{\"@type\":\"SearchAction\",\"target\":{\"@type\":\"EntryPoint\",\"urlTemplate\":\"https:\/\/cultura.santjosep.org\/es\/?s={search_term_string}\"},\"query-input\":{\"@type\":\"PropertyValueSpecification\",\"valueRequired\":true,\"valueName\":\"search_term_string\"}}],\"inLanguage\":\"es\"},{\"@type\":\"Organization\",\"@id\":\"https:\/\/cultura.santjosep.org\/es\/#organization\",\"name\":\"Ajuntament de Sant Josep de sa Talaia\",\"url\":\"https:\/\/cultura.santjosep.org\/es\/\",\"logo\":{\"@type\":\"ImageObject\",\"inLanguage\":\"es\",\"@id\":\"https:\/\/cultura.santjosep.org\/es\/#\/schema\/logo\/image\/\",\"url\":\"https:\/\/cultura.santjosep.org\/wp-content\/uploads\/2020\/10\/logocolor.jpg\",\"contentUrl\":\"https:\/\/cultura.santjosep.org\/wp-content\/uploads\/2020\/10\/logocolor.jpg\",\"width\":250,\"height\":98,\"caption\":\"Ajuntament de Sant Josep de sa Talaia\"},\"image\":{\"@id\":\"https:\/\/cultura.santjosep.org\/es\/#\/schema\/logo\/image\/\"},\"sameAs\":[\"https:\/\/www.facebook.com\/Ajuntament-de-Sant-Josep-de-sa-Talaia-197541666931354\/\",\"https:\/\/x.com\/DeTalaia\",\"https:\/\/www.instagram.com\/sant_josep_de_sa_talaia\/\"]}]}<\/script>\n<!-- \/ Yoast SEO plugin. -->","yoast_head_json":{"title":"Laboratori de lectura - Cultura a Sant Josep de sa Talaia","robots":{"index":"index","follow":"follow","max-snippet":"max-snippet:-1","max-image-preview":"max-image-preview:large","max-video-preview":"max-video-preview:-1"},"canonical":"https:\/\/cultura.santjosep.org\/es\/agenda\/laboratori-de-lectura\/","og_locale":"es_ES","og_type":"article","og_title":"Laboratori de lectura - Cultura a Sant Josep de sa Talaia","og_description":"Laboratori de lectura L\u2019arxip\u00e8lag de les illes remotes \u00abDiuen que hi ha un arxip\u00e8lag en un rac\u00f3 d\u2019aquest m\u00f3n, amb algunes de les illes m\u00e9s extraordin\u00e0ries que mai h\u00e0giu pogut &hellip; Seguir leyendo \u00abLaboratori de lectura\u00bb","og_url":"https:\/\/cultura.santjosep.org\/es\/agenda\/laboratori-de-lectura\/","og_site_name":"Cultura a Sant Josep de sa Talaia","article_publisher":"https:\/\/www.facebook.com\/Ajuntament-de-Sant-Josep-de-sa-Talaia-197541666931354\/","twitter_card":"summary_large_image","twitter_site":"@DeTalaia","schema":{"@context":"https:\/\/schema.org","@graph":[{"@type":"WebPage","@id":"https:\/\/cultura.santjosep.org\/es\/agenda\/laboratori-de-lectura\/","url":"https:\/\/cultura.santjosep.org\/es\/agenda\/laboratori-de-lectura\/","name":"Laboratori de lectura - Cultura a Sant Josep de sa Talaia","isPartOf":{"@id":"https:\/\/cultura.santjosep.org\/es\/#website"},"primaryImageOfPage":{"@id":"https:\/\/cultura.santjosep.org\/es\/agenda\/laboratori-de-lectura\/#primaryimage"},"image":{"@id":"https:\/\/cultura.santjosep.org\/es\/agenda\/laboratori-de-lectura\/#primaryimage"},"thumbnailUrl":"https:\/\/cultura.santjosep.org\/wp-content\/uploads\/2024\/09\/laboratoridelectura.jpg","datePublished":"2024-09-30T12:22:12+00:00","breadcrumb":{"@id":"https:\/\/cultura.santjosep.org\/es\/agenda\/laboratori-de-lectura\/#breadcrumb"},"inLanguage":"es","potentialAction":[{"@type":"ReadAction","target":["https:\/\/cultura.santjosep.org\/es\/agenda\/laboratori-de-lectura\/"]}]},{"@type":"ImageObject","inLanguage":"es","@id":"https:\/\/cultura.santjosep.org\/es\/agenda\/laboratori-de-lectura\/#primaryimage","url":"https:\/\/cultura.santjosep.org\/wp-content\/uploads\/2024\/09\/laboratoridelectura.jpg","contentUrl":"https:\/\/cultura.santjosep.org\/wp-content\/uploads\/2024\/09\/laboratoridelectura.jpg","width":1600,"height":2281},{"@type":"BreadcrumbList","@id":"https:\/\/cultura.santjosep.org\/es\/agenda\/laboratori-de-lectura\/#breadcrumb","itemListElement":[{"@type":"ListItem","position":1,"name":"Portada","item":"https:\/\/cultura.santjosep.org\/es\/"},{"@type":"ListItem","position":2,"name":"Eventos","item":"https:\/\/cultura.santjosep.org\/agenda\/"},{"@type":"ListItem","position":3,"name":"Laboratori de lectura"}]},{"@type":"WebSite","@id":"https:\/\/cultura.santjosep.org\/es\/#website","url":"https:\/\/cultura.santjosep.org\/es\/","name":"Cultura a Sant Josep de sa Talaia","description":"","publisher":{"@id":"https:\/\/cultura.santjosep.org\/es\/#organization"},"potentialAction":[{"@type":"SearchAction","target":{"@type":"EntryPoint","urlTemplate":"https:\/\/cultura.santjosep.org\/es\/?s={search_term_string}"},"query-input":{"@type":"PropertyValueSpecification","valueRequired":true,"valueName":"search_term_string"}}],"inLanguage":"es"},{"@type":"Organization","@id":"https:\/\/cultura.santjosep.org\/es\/#organization","name":"Ajuntament de Sant Josep de sa Talaia","url":"https:\/\/cultura.santjosep.org\/es\/","logo":{"@type":"ImageObject","inLanguage":"es","@id":"https:\/\/cultura.santjosep.org\/es\/#\/schema\/logo\/image\/","url":"https:\/\/cultura.santjosep.org\/wp-content\/uploads\/2020\/10\/logocolor.jpg","contentUrl":"https:\/\/cultura.santjosep.org\/wp-content\/uploads\/2020\/10\/logocolor.jpg","width":250,"height":98,"caption":"Ajuntament de Sant Josep de sa Talaia"},"image":{"@id":"https:\/\/cultura.santjosep.org\/es\/#\/schema\/logo\/image\/"},"sameAs":["https:\/\/www.facebook.com\/Ajuntament-de-Sant-Josep-de-sa-Talaia-197541666931354\/","https:\/\/x.com\/DeTalaia","https:\/\/www.instagram.com\/sant_josep_de_sa_talaia\/"]}]}},"_links":{"self":[{"href":"https:\/\/cultura.santjosep.org\/es\/wp-json\/wp\/v2\/tribe_events\/23370","targetHints":{"allow":["GET"]}}],"collection":[{"href":"https:\/\/cultura.santjosep.org\/es\/wp-json\/wp\/v2\/tribe_events"}],"about":[{"href":"https:\/\/cultura.santjosep.org\/es\/wp-json\/wp\/v2\/types\/tribe_events"}],"author":[{"embeddable":true,"href":"https:\/\/cultura.santjosep.org\/es\/wp-json\/wp\/v2\/users\/1"}],"version-history":[{"count":0,"href":"https:\/\/cultura.santjosep.org\/es\/wp-json\/wp\/v2\/tribe_events\/23370\/revisions"}],"wp:featuredmedia":[{"embeddable":true,"href":"https:\/\/cultura.santjosep.org\/es\/wp-json\/wp\/v2\/media\/23363"}],"wp:attachment":[{"href":"https:\/\/cultura.santjosep.org\/es\/wp-json\/wp\/v2\/media?parent=23370"}],"wp:term":[{"taxonomy":"post_tag","embeddable":true,"href":"https:\/\/cultura.santjosep.org\/es\/wp-json\/wp\/v2\/tags?post=23370"},{"taxonomy":"tribe_events_cat","embeddable":true,"href":"https:\/\/cultura.santjosep.org\/es\/wp-json\/wp\/v2\/tribe_events_cat?post=23370"}],"curies":[{"name":"wp","href":"https:\/\/api.w.org\/{rel}","templated":true}]}}

<p><strong>Laboratori de lectura</strong><br />
L’arxipèlag de les illes remotes</p>
<p>«Diuen que hi ha un arxipèlag en un racó d’aquest món, amb algunes de les illes més extraordinàries que mai hàgiu pogut imaginar. Illes amb potes, illes bunyol, illes amb monstres i habitants singulars&#8230;»</p>
<p>Famílies amb infants de 6 a 12 anys<br />
Places limitades</p>
<p><strong>INSCRIPCIÓ PRÈVIA</strong><br />
Telèfon o WhatsApp: 971 348630<br />
<a href="mailto:biblioteca.caladebou@santjosep.org">biblioteca.caladebou@santjosep.org</a></p>

<p>Laboratori de lectura L’arxipèlag de les illes remotes «Diuen que hi ha un arxipèlag en un racó d’aquest món, amb algunes de les illes més extraordinàries que mai hàgiu pogut &hellip; </p>
<p class="link-more"><a href="https://cultura.santjosep.org/es/agenda/laboratori-de-lectura/" class="more-link">Seguir leyendo<span class="screen-reader-text"> «Laboratori de lectura»</span></a></p>

<!-- This site is optimized with the Yoast SEO plugin v26.6 - https://yoast.com/wordpress/plugins/seo/ -->
<title>Laboratori de lectura - Cultura a Sant Josep de sa Talaia</title>
<meta name="robots" content="index, follow, max-snippet:-1, max-image-preview:large, max-video-preview:-1" />
<link rel="canonical" href="https://cultura.santjosep.org/es/agenda/laboratori-de-lectura/" />
<meta property="og:locale" content="es_ES" />
<meta property="og:type" content="article" />
<meta property="og:title" content="Laboratori de lectura - Cultura a Sant Josep de sa Talaia" />
<meta property="og:description" content="Laboratori de lectura L’arxipèlag de les illes remotes «Diuen que hi ha un arxipèlag en un racó d’aquest món, amb algunes de les illes més extraordinàries que mai hàgiu pogut &hellip; Seguir leyendo «Laboratori de lectura»" />
<meta property="og:url" content="https://cultura.santjosep.org/es/agenda/laboratori-de-lectura/" />
<meta property="og:site_name" content="Cultura a Sant Josep de sa Talaia" />
<meta property="article:publisher" content="https://www.facebook.com/Ajuntament-de-Sant-Josep-de-sa-Talaia-197541666931354/" />
<meta name="twitter:card" content="summary_large_image" />
<meta name="twitter:site" content="@DeTalaia" />
<script type="application/ld+json" class="yoast-schema-graph">{"@context":"https://schema.org","@graph":[{"@type":"WebPage","@id":"https://cultura.santjosep.org/es/agenda/laboratori-de-lectura/","url":"https://cultura.santjosep.org/es/agenda/laboratori-de-lectura/","name":"Laboratori de lectura - Cultura a Sant Josep de sa Talaia","isPartOf":{"@id":"https://cultura.santjosep.org/es/#website"},"primaryImageOfPage":{"@id":"https://cultura.santjosep.org/es/agenda/laboratori-de-lectura/#primaryimage"},"image":{"@id":"https://cultura.santjosep.org/es/agenda/laboratori-de-lectura/#primaryimage"},"thumbnailUrl":"https://cultura.santjosep.org/wp-content/uploads/2024/09/laboratoridelectura.jpg","datePublished":"2024-09-30T12:22:12+00:00","breadcrumb":{"@id":"https://cultura.santjosep.org/es/agenda/laboratori-de-lectura/#breadcrumb"},"inLanguage":"es","potentialAction":[{"@type":"ReadAction","target":["https://cultura.santjosep.org/es/agenda/laboratori-de-lectura/"]}]},{"@type":"ImageObject","inLanguage":"es","@id":"https://cultura.santjosep.org/es/agenda/laboratori-de-lectura/#primaryimage","url":"https://cultura.santjosep.org/wp-content/uploads/2024/09/laboratoridelectura.jpg","contentUrl":"https://cultura.santjosep.org/wp-content/uploads/2024/09/laboratoridelectura.jpg","width":1600,"height":2281},{"@type":"BreadcrumbList","@id":"https://cultura.santjosep.org/es/agenda/laboratori-de-lectura/#breadcrumb","itemListElement":[{"@type":"ListItem","position":1,"name":"Portada","item":"https://cultura.santjosep.org/es/"},{"@type":"ListItem","position":2,"name":"Eventos","item":"https://cultura.santjosep.org/agenda/"},{"@type":"ListItem","position":3,"name":"Laboratori de lectura"}]},{"@type":"WebSite","@id":"https://cultura.santjosep.org/es/#website","url":"https://cultura.santjosep.org/es/","name":"Cultura a Sant Josep de sa Talaia","description":"","publisher":{"@id":"https://cultura.santjosep.org/es/#organization"},"potentialAction":[{"@type":"SearchAction","target":{"@type":"EntryPoint","urlTemplate":"https://cultura.santjosep.org/es/?s={search_term_string}"},"query-input":{"@type":"PropertyValueSpecification","valueRequired":true,"valueName":"search_term_string"}}],"inLanguage":"es"},{"@type":"Organization","@id":"https://cultura.santjosep.org/es/#organization","name":"Ajuntament de Sant Josep de sa Talaia","url":"https://cultura.santjosep.org/es/","logo":{"@type":"ImageObject","inLanguage":"es","@id":"https://cultura.santjosep.org/es/#/schema/logo/image/","url":"https://cultura.santjosep.org/wp-content/uploads/2020/10/logocolor.jpg","contentUrl":"https://cultura.santjosep.org/wp-content/uploads/2020/10/logocolor.jpg","width":250,"height":98,"caption":"Ajuntament de Sant Josep de sa Talaia"},"image":{"@id":"https://cultura.santjosep.org/es/#/schema/logo/image/"},"sameAs":["https://www.facebook.com/Ajuntament-de-Sant-Josep-de-sa-Talaia-197541666931354/","https://x.com/DeTalaia","https://www.instagram.com/sant_josep_de_sa_talaia/"]}]}</script>
<!-- / Yoast SEO plugin. -->

Laboratori de lectura L’arxipèlag de les illes remotes «Diuen que hi ha un arxipèlag en un racó d’aquest món, amb algunes de les illes més extraordinàries que mai hàgiu pogut &hellip; Seguir leyendo «Laboratori de lectura»
