{"id":23411,"date":"2024-10-24T10:12:27","date_gmt":"2024-10-24T08:12:27","guid":{"rendered":"https:\/\/cultura.santjosep.org\/agenda\/nit-a-la-biblioteca\/"},"modified":"2024-10-24T10:12:27","modified_gmt":"2024-10-24T08:12:27","slug":"nit-a-la-biblioteca","status":"publish","type":"tribe_events","link":"https:\/\/cultura.santjosep.org\/es\/agenda\/nit-a-la-biblioteca\/","title":{"rendered":"Nit a la biblioteca"},"content":{"rendered":"<p><strong>\u00abNit a la biblioteca\u00bb<\/strong> una experiencia \u00fanica<br \/>\nEl sopar est\u00e0 incl\u00f2s en l&#8217;activitat<br \/>\n*qui sigui al l\u00e8rgic que porti el sopar de casa<\/p>\n<p>Edat: des de 6 anys. 15 fam\u00edlies.<br \/>\nDurada: 3 h<br \/>\nCondicions per entrar: porta un coixi, una lanterna i un conte de por per compartir <\/p>\n<p>Sessi\u00f3 especial de contacontes:<br \/>\nCuentos de monstruos a carrec de na Graciela<\/p>\n<p>Inscripcions a l&#8217;a\/e: bibliosantjordi@santjosep.org<br \/>\ntel.: 871 55 40 56<\/p>\n","protected":false},"excerpt":{"rendered":"<p>\u00abNit a la biblioteca\u00bb una experiencia \u00fanica El sopar est\u00e0 incl\u00f2s en l&#8217;activitat *qui sigui al l\u00e8rgic que porti el sopar de casa Edat: des de 6 anys. 15 fam\u00edlies. &hellip; <\/p>\n<p class=\"link-more\"><a href=\"https:\/\/cultura.santjosep.org\/es\/agenda\/nit-a-la-biblioteca\/\" class=\"more-link\">Seguir leyendo<span class=\"screen-reader-text\"> \u00abNit a la biblioteca\u00bb<\/span><\/a><\/p>\n","protected":false},"author":1,"featured_media":23409,"template":"","meta":{"_tribe_events_status":"","_tribe_events_status_reason":"","_tribe_events_is_hybrid":"","_tribe_events_is_virtual":"","_tribe_events_virtual_video_source":"","_tribe_events_virtual_embed_video":"","_tribe_events_virtual_linked_button_text":"","_tribe_events_virtual_linked_button":"","_tribe_events_virtual_show_embed_at":"","_tribe_events_virtual_show_embed_to":[],"_tribe_events_virtual_show_on_event":"","_tribe_events_virtual_show_on_views":"","_tribe_events_virtual_url":"","footnotes":""},"tags":[],"tribe_events_cat":[78],"class_list":["post-23411","tribe_events","type-tribe_events","status-publish","has-post-thumbnail","hentry","tribe_events_cat-cuentacuentos","cat_cuentacuentos","entry"],"yoast_head":"<!-- This site is optimized with the Yoast SEO plugin v26.6 - https:\/\/yoast.com\/wordpress\/plugins\/seo\/ -->\n<title>Nit a la biblioteca - Cultura a Sant Josep de sa Talaia<\/title>\n<meta name=\"robots\" content=\"index, follow, max-snippet:-1, max-image-preview:large, max-video-preview:-1\" \/>\n<link rel=\"canonical\" href=\"https:\/\/cultura.santjosep.org\/es\/agenda\/nit-a-la-biblioteca\/\" \/>\n<meta property=\"og:locale\" content=\"es_ES\" \/>\n<meta property=\"og:type\" content=\"article\" \/>\n<meta property=\"og:title\" content=\"Nit a la biblioteca - Cultura a Sant Josep de sa Talaia\" \/>\n<meta property=\"og:description\" content=\"\u00abNit a la biblioteca\u00bb una experiencia \u00fanica El sopar est\u00e0 incl\u00f2s en l&#8217;activitat *qui sigui al l\u00e8rgic que porti el sopar de casa Edat: des de 6 anys. 15 fam\u00edlies. &hellip; Seguir leyendo \u00abNit a la biblioteca\u00bb\" \/>\n<meta property=\"og:url\" content=\"https:\/\/cultura.santjosep.org\/es\/agenda\/nit-a-la-biblioteca\/\" \/>\n<meta property=\"og:site_name\" content=\"Cultura a Sant Josep de sa Talaia\" \/>\n<meta property=\"article:publisher\" content=\"https:\/\/www.facebook.com\/Ajuntament-de-Sant-Josep-de-sa-Talaia-197541666931354\/\" \/>\n<meta name=\"twitter:card\" content=\"summary_large_image\" \/>\n<meta name=\"twitter:site\" content=\"@DeTalaia\" \/>\n<script type=\"application\/ld+json\" class=\"yoast-schema-graph\">{\"@context\":\"https:\/\/schema.org\",\"@graph\":[{\"@type\":\"WebPage\",\"@id\":\"https:\/\/cultura.santjosep.org\/es\/agenda\/nit-a-la-biblioteca\/\",\"url\":\"https:\/\/cultura.santjosep.org\/es\/agenda\/nit-a-la-biblioteca\/\",\"name\":\"Nit a la biblioteca - Cultura a Sant Josep de sa Talaia\",\"isPartOf\":{\"@id\":\"https:\/\/cultura.santjosep.org\/es\/#website\"},\"primaryImageOfPage\":{\"@id\":\"https:\/\/cultura.santjosep.org\/es\/agenda\/nit-a-la-biblioteca\/#primaryimage\"},\"image\":{\"@id\":\"https:\/\/cultura.santjosep.org\/es\/agenda\/nit-a-la-biblioteca\/#primaryimage\"},\"thumbnailUrl\":\"https:\/\/cultura.santjosep.org\/wp-content\/uploads\/2024\/10\/Nit-a-la-biblio.png\",\"datePublished\":\"2024-10-24T08:12:27+00:00\",\"breadcrumb\":{\"@id\":\"https:\/\/cultura.santjosep.org\/es\/agenda\/nit-a-la-biblioteca\/#breadcrumb\"},\"inLanguage\":\"es\",\"potentialAction\":[{\"@type\":\"ReadAction\",\"target\":[\"https:\/\/cultura.santjosep.org\/es\/agenda\/nit-a-la-biblioteca\/\"]}]},{\"@type\":\"ImageObject\",\"inLanguage\":\"es\",\"@id\":\"https:\/\/cultura.santjosep.org\/es\/agenda\/nit-a-la-biblioteca\/#primaryimage\",\"url\":\"https:\/\/cultura.santjosep.org\/wp-content\/uploads\/2024\/10\/Nit-a-la-biblio.png\",\"contentUrl\":\"https:\/\/cultura.santjosep.org\/wp-content\/uploads\/2024\/10\/Nit-a-la-biblio.png\",\"width\":1080,\"height\":1080},{\"@type\":\"BreadcrumbList\",\"@id\":\"https:\/\/cultura.santjosep.org\/es\/agenda\/nit-a-la-biblioteca\/#breadcrumb\",\"itemListElement\":[{\"@type\":\"ListItem\",\"position\":1,\"name\":\"Portada\",\"item\":\"https:\/\/cultura.santjosep.org\/es\/\"},{\"@type\":\"ListItem\",\"position\":2,\"name\":\"Eventos\",\"item\":\"https:\/\/cultura.santjosep.org\/agenda\/\"},{\"@type\":\"ListItem\",\"position\":3,\"name\":\"Nit a la biblioteca\"}]},{\"@type\":\"WebSite\",\"@id\":\"https:\/\/cultura.santjosep.org\/es\/#website\",\"url\":\"https:\/\/cultura.santjosep.org\/es\/\",\"name\":\"Cultura a Sant Josep de sa Talaia\",\"description\":\"\",\"publisher\":{\"@id\":\"https:\/\/cultura.santjosep.org\/es\/#organization\"},\"potentialAction\":[{\"@type\":\"SearchAction\",\"target\":{\"@type\":\"EntryPoint\",\"urlTemplate\":\"https:\/\/cultura.santjosep.org\/es\/?s={search_term_string}\"},\"query-input\":{\"@type\":\"PropertyValueSpecification\",\"valueRequired\":true,\"valueName\":\"search_term_string\"}}],\"inLanguage\":\"es\"},{\"@type\":\"Organization\",\"@id\":\"https:\/\/cultura.santjosep.org\/es\/#organization\",\"name\":\"Ajuntament de Sant Josep de sa Talaia\",\"url\":\"https:\/\/cultura.santjosep.org\/es\/\",\"logo\":{\"@type\":\"ImageObject\",\"inLanguage\":\"es\",\"@id\":\"https:\/\/cultura.santjosep.org\/es\/#\/schema\/logo\/image\/\",\"url\":\"https:\/\/cultura.santjosep.org\/wp-content\/uploads\/2020\/10\/logocolor.jpg\",\"contentUrl\":\"https:\/\/cultura.santjosep.org\/wp-content\/uploads\/2020\/10\/logocolor.jpg\",\"width\":250,\"height\":98,\"caption\":\"Ajuntament de Sant Josep de sa Talaia\"},\"image\":{\"@id\":\"https:\/\/cultura.santjosep.org\/es\/#\/schema\/logo\/image\/\"},\"sameAs\":[\"https:\/\/www.facebook.com\/Ajuntament-de-Sant-Josep-de-sa-Talaia-197541666931354\/\",\"https:\/\/x.com\/DeTalaia\",\"https:\/\/www.instagram.com\/sant_josep_de_sa_talaia\/\"]}]}<\/script>\n<!-- \/ Yoast SEO plugin. -->","yoast_head_json":{"title":"Nit a la biblioteca - Cultura a Sant Josep de sa Talaia","robots":{"index":"index","follow":"follow","max-snippet":"max-snippet:-1","max-image-preview":"max-image-preview:large","max-video-preview":"max-video-preview:-1"},"canonical":"https:\/\/cultura.santjosep.org\/es\/agenda\/nit-a-la-biblioteca\/","og_locale":"es_ES","og_type":"article","og_title":"Nit a la biblioteca - Cultura a Sant Josep de sa Talaia","og_description":"\u00abNit a la biblioteca\u00bb una experiencia \u00fanica El sopar est\u00e0 incl\u00f2s en l&#8217;activitat *qui sigui al l\u00e8rgic que porti el sopar de casa Edat: des de 6 anys. 15 fam\u00edlies. &hellip; Seguir leyendo \u00abNit a la biblioteca\u00bb","og_url":"https:\/\/cultura.santjosep.org\/es\/agenda\/nit-a-la-biblioteca\/","og_site_name":"Cultura a Sant Josep de sa Talaia","article_publisher":"https:\/\/www.facebook.com\/Ajuntament-de-Sant-Josep-de-sa-Talaia-197541666931354\/","twitter_card":"summary_large_image","twitter_site":"@DeTalaia","schema":{"@context":"https:\/\/schema.org","@graph":[{"@type":"WebPage","@id":"https:\/\/cultura.santjosep.org\/es\/agenda\/nit-a-la-biblioteca\/","url":"https:\/\/cultura.santjosep.org\/es\/agenda\/nit-a-la-biblioteca\/","name":"Nit a la biblioteca - Cultura a Sant Josep de sa Talaia","isPartOf":{"@id":"https:\/\/cultura.santjosep.org\/es\/#website"},"primaryImageOfPage":{"@id":"https:\/\/cultura.santjosep.org\/es\/agenda\/nit-a-la-biblioteca\/#primaryimage"},"image":{"@id":"https:\/\/cultura.santjosep.org\/es\/agenda\/nit-a-la-biblioteca\/#primaryimage"},"thumbnailUrl":"https:\/\/cultura.santjosep.org\/wp-content\/uploads\/2024\/10\/Nit-a-la-biblio.png","datePublished":"2024-10-24T08:12:27+00:00","breadcrumb":{"@id":"https:\/\/cultura.santjosep.org\/es\/agenda\/nit-a-la-biblioteca\/#breadcrumb"},"inLanguage":"es","potentialAction":[{"@type":"ReadAction","target":["https:\/\/cultura.santjosep.org\/es\/agenda\/nit-a-la-biblioteca\/"]}]},{"@type":"ImageObject","inLanguage":"es","@id":"https:\/\/cultura.santjosep.org\/es\/agenda\/nit-a-la-biblioteca\/#primaryimage","url":"https:\/\/cultura.santjosep.org\/wp-content\/uploads\/2024\/10\/Nit-a-la-biblio.png","contentUrl":"https:\/\/cultura.santjosep.org\/wp-content\/uploads\/2024\/10\/Nit-a-la-biblio.png","width":1080,"height":1080},{"@type":"BreadcrumbList","@id":"https:\/\/cultura.santjosep.org\/es\/agenda\/nit-a-la-biblioteca\/#breadcrumb","itemListElement":[{"@type":"ListItem","position":1,"name":"Portada","item":"https:\/\/cultura.santjosep.org\/es\/"},{"@type":"ListItem","position":2,"name":"Eventos","item":"https:\/\/cultura.santjosep.org\/agenda\/"},{"@type":"ListItem","position":3,"name":"Nit a la biblioteca"}]},{"@type":"WebSite","@id":"https:\/\/cultura.santjosep.org\/es\/#website","url":"https:\/\/cultura.santjosep.org\/es\/","name":"Cultura a Sant Josep de sa Talaia","description":"","publisher":{"@id":"https:\/\/cultura.santjosep.org\/es\/#organization"},"potentialAction":[{"@type":"SearchAction","target":{"@type":"EntryPoint","urlTemplate":"https:\/\/cultura.santjosep.org\/es\/?s={search_term_string}"},"query-input":{"@type":"PropertyValueSpecification","valueRequired":true,"valueName":"search_term_string"}}],"inLanguage":"es"},{"@type":"Organization","@id":"https:\/\/cultura.santjosep.org\/es\/#organization","name":"Ajuntament de Sant Josep de sa Talaia","url":"https:\/\/cultura.santjosep.org\/es\/","logo":{"@type":"ImageObject","inLanguage":"es","@id":"https:\/\/cultura.santjosep.org\/es\/#\/schema\/logo\/image\/","url":"https:\/\/cultura.santjosep.org\/wp-content\/uploads\/2020\/10\/logocolor.jpg","contentUrl":"https:\/\/cultura.santjosep.org\/wp-content\/uploads\/2020\/10\/logocolor.jpg","width":250,"height":98,"caption":"Ajuntament de Sant Josep de sa Talaia"},"image":{"@id":"https:\/\/cultura.santjosep.org\/es\/#\/schema\/logo\/image\/"},"sameAs":["https:\/\/www.facebook.com\/Ajuntament-de-Sant-Josep-de-sa-Talaia-197541666931354\/","https:\/\/x.com\/DeTalaia","https:\/\/www.instagram.com\/sant_josep_de_sa_talaia\/"]}]}},"_links":{"self":[{"href":"https:\/\/cultura.santjosep.org\/es\/wp-json\/wp\/v2\/tribe_events\/23411","targetHints":{"allow":["GET"]}}],"collection":[{"href":"https:\/\/cultura.santjosep.org\/es\/wp-json\/wp\/v2\/tribe_events"}],"about":[{"href":"https:\/\/cultura.santjosep.org\/es\/wp-json\/wp\/v2\/types\/tribe_events"}],"author":[{"embeddable":true,"href":"https:\/\/cultura.santjosep.org\/es\/wp-json\/wp\/v2\/users\/1"}],"version-history":[{"count":0,"href":"https:\/\/cultura.santjosep.org\/es\/wp-json\/wp\/v2\/tribe_events\/23411\/revisions"}],"wp:featuredmedia":[{"embeddable":true,"href":"https:\/\/cultura.santjosep.org\/es\/wp-json\/wp\/v2\/media\/23409"}],"wp:attachment":[{"href":"https:\/\/cultura.santjosep.org\/es\/wp-json\/wp\/v2\/media?parent=23411"}],"wp:term":[{"taxonomy":"post_tag","embeddable":true,"href":"https:\/\/cultura.santjosep.org\/es\/wp-json\/wp\/v2\/tags?post=23411"},{"taxonomy":"tribe_events_cat","embeddable":true,"href":"https:\/\/cultura.santjosep.org\/es\/wp-json\/wp\/v2\/tribe_events_cat?post=23411"}],"curies":[{"name":"wp","href":"https:\/\/api.w.org\/{rel}","templated":true}]}}

<p><strong>«Nit a la biblioteca»</strong> una experiencia única<br />
El sopar està inclòs en l&#8217;activitat<br />
*qui sigui al lèrgic que porti el sopar de casa</p>
<p>Edat: des de 6 anys. 15 famílies.<br />
Durada: 3 h<br />
Condicions per entrar: porta un coixi, una lanterna i un conte de por per compartir </p>
<p>Sessió especial de contacontes:<br />
Cuentos de monstruos a carrec de na Graciela</p>
<p>Inscripcions a l&#8217;a/e: bibliosantjordi@santjosep.org<br />
tel.: 871 55 40 56</p>

<p>«Nit a la biblioteca» una experiencia única El sopar està inclòs en l&#8217;activitat *qui sigui al lèrgic que porti el sopar de casa Edat: des de 6 anys. 15 famílies. &hellip; </p>
<p class="link-more"><a href="https://cultura.santjosep.org/es/agenda/nit-a-la-biblioteca/" class="more-link">Seguir leyendo<span class="screen-reader-text"> «Nit a la biblioteca»</span></a></p>

<!-- This site is optimized with the Yoast SEO plugin v26.6 - https://yoast.com/wordpress/plugins/seo/ -->
<title>Nit a la biblioteca - Cultura a Sant Josep de sa Talaia</title>
<meta name="robots" content="index, follow, max-snippet:-1, max-image-preview:large, max-video-preview:-1" />
<link rel="canonical" href="https://cultura.santjosep.org/es/agenda/nit-a-la-biblioteca/" />
<meta property="og:locale" content="es_ES" />
<meta property="og:type" content="article" />
<meta property="og:title" content="Nit a la biblioteca - Cultura a Sant Josep de sa Talaia" />
<meta property="og:description" content="«Nit a la biblioteca» una experiencia única El sopar està inclòs en l&#8217;activitat *qui sigui al lèrgic que porti el sopar de casa Edat: des de 6 anys. 15 famílies. &hellip; Seguir leyendo «Nit a la biblioteca»" />
<meta property="og:url" content="https://cultura.santjosep.org/es/agenda/nit-a-la-biblioteca/" />
<meta property="og:site_name" content="Cultura a Sant Josep de sa Talaia" />
<meta property="article:publisher" content="https://www.facebook.com/Ajuntament-de-Sant-Josep-de-sa-Talaia-197541666931354/" />
<meta name="twitter:card" content="summary_large_image" />
<meta name="twitter:site" content="@DeTalaia" />
<script type="application/ld+json" class="yoast-schema-graph">{"@context":"https://schema.org","@graph":[{"@type":"WebPage","@id":"https://cultura.santjosep.org/es/agenda/nit-a-la-biblioteca/","url":"https://cultura.santjosep.org/es/agenda/nit-a-la-biblioteca/","name":"Nit a la biblioteca - Cultura a Sant Josep de sa Talaia","isPartOf":{"@id":"https://cultura.santjosep.org/es/#website"},"primaryImageOfPage":{"@id":"https://cultura.santjosep.org/es/agenda/nit-a-la-biblioteca/#primaryimage"},"image":{"@id":"https://cultura.santjosep.org/es/agenda/nit-a-la-biblioteca/#primaryimage"},"thumbnailUrl":"https://cultura.santjosep.org/wp-content/uploads/2024/10/Nit-a-la-biblio.png","datePublished":"2024-10-24T08:12:27+00:00","breadcrumb":{"@id":"https://cultura.santjosep.org/es/agenda/nit-a-la-biblioteca/#breadcrumb"},"inLanguage":"es","potentialAction":[{"@type":"ReadAction","target":["https://cultura.santjosep.org/es/agenda/nit-a-la-biblioteca/"]}]},{"@type":"ImageObject","inLanguage":"es","@id":"https://cultura.santjosep.org/es/agenda/nit-a-la-biblioteca/#primaryimage","url":"https://cultura.santjosep.org/wp-content/uploads/2024/10/Nit-a-la-biblio.png","contentUrl":"https://cultura.santjosep.org/wp-content/uploads/2024/10/Nit-a-la-biblio.png","width":1080,"height":1080},{"@type":"BreadcrumbList","@id":"https://cultura.santjosep.org/es/agenda/nit-a-la-biblioteca/#breadcrumb","itemListElement":[{"@type":"ListItem","position":1,"name":"Portada","item":"https://cultura.santjosep.org/es/"},{"@type":"ListItem","position":2,"name":"Eventos","item":"https://cultura.santjosep.org/agenda/"},{"@type":"ListItem","position":3,"name":"Nit a la biblioteca"}]},{"@type":"WebSite","@id":"https://cultura.santjosep.org/es/#website","url":"https://cultura.santjosep.org/es/","name":"Cultura a Sant Josep de sa Talaia","description":"","publisher":{"@id":"https://cultura.santjosep.org/es/#organization"},"potentialAction":[{"@type":"SearchAction","target":{"@type":"EntryPoint","urlTemplate":"https://cultura.santjosep.org/es/?s={search_term_string}"},"query-input":{"@type":"PropertyValueSpecification","valueRequired":true,"valueName":"search_term_string"}}],"inLanguage":"es"},{"@type":"Organization","@id":"https://cultura.santjosep.org/es/#organization","name":"Ajuntament de Sant Josep de sa Talaia","url":"https://cultura.santjosep.org/es/","logo":{"@type":"ImageObject","inLanguage":"es","@id":"https://cultura.santjosep.org/es/#/schema/logo/image/","url":"https://cultura.santjosep.org/wp-content/uploads/2020/10/logocolor.jpg","contentUrl":"https://cultura.santjosep.org/wp-content/uploads/2020/10/logocolor.jpg","width":250,"height":98,"caption":"Ajuntament de Sant Josep de sa Talaia"},"image":{"@id":"https://cultura.santjosep.org/es/#/schema/logo/image/"},"sameAs":["https://www.facebook.com/Ajuntament-de-Sant-Josep-de-sa-Talaia-197541666931354/","https://x.com/DeTalaia","https://www.instagram.com/sant_josep_de_sa_talaia/"]}]}</script>
<!-- / Yoast SEO plugin. -->

«Nit a la biblioteca» una experiencia única El sopar està inclòs en l&#8217;activitat *qui sigui al lèrgic que porti el sopar de casa Edat: des de 6 anys. 15 famílies. &hellip; Seguir leyendo «Nit a la biblioteca»
