{"id":25745,"date":"2025-08-27T13:56:07","date_gmt":"2025-08-27T11:56:07","guid":{"rendered":"https:\/\/cultura.santjosep.org\/agenda\/exposicio-mar-campo-y-abstractos\/"},"modified":"2025-09-01T10:43:05","modified_gmt":"2025-09-01T08:43:05","slug":"exposicio-mar-campo-y-abstractos","status":"publish","type":"tribe_events","link":"https:\/\/cultura.santjosep.org\/es\/agenda\/exposicio-mar-campo-y-abstractos\/","title":{"rendered":"Exposici\u00f3 &#8211; Mar, campo y abstractos"},"content":{"rendered":"<p>Exposici\u00f3: <strong>Mar, campo y abstractos. Wendy Williams<\/strong><\/p>\n<p>INAUGURACI\u00d3: divendres, 22 d&#8217;agost, a les 19.00 h<\/p>\n<p>HORARI: De dimecres a diumenge de 10.30 a 13.30 h i de dijous a dissabte de 18 a 21 h<\/p>\n<p>&nbsp;<\/p>\n<p><img loading=\"lazy\" decoding=\"async\" class=\"alignnone size-full wp-image-25740\" src=\"https:\/\/cultura.santjosep.org\/wp-content\/uploads\/2025\/08\/Cartell-Expo-WENDY-2.jpg\" alt=\"\" width=\"1293\" height=\"856\" srcset=\"https:\/\/cultura.santjosep.org\/wp-content\/uploads\/2025\/08\/Cartell-Expo-WENDY-2.jpg 1293w, https:\/\/cultura.santjosep.org\/wp-content\/uploads\/2025\/08\/Cartell-Expo-WENDY-2-300x199.jpg 300w, https:\/\/cultura.santjosep.org\/wp-content\/uploads\/2025\/08\/Cartell-Expo-WENDY-2-1024x678.jpg 1024w, https:\/\/cultura.santjosep.org\/wp-content\/uploads\/2025\/08\/Cartell-Expo-WENDY-2-768x508.jpg 768w\" sizes=\"auto, (max-width: 1293px) 100vw, 1293px\" \/><\/p>\n","protected":false},"excerpt":{"rendered":"<p>Exposici\u00f3n: Mar, campo y abstractos. Wendy Williams<\/p>\n<p>INAUGURACI\u00d3N: viernes, 22 de agosto, a las 19:00 h<\/p>\n<p>HORARIO: De mi\u00e9rcoles a domingo de 10:30 a 13:30 h y de jueves a s\u00e1bado de 18:00 a 21:00 h<\/p>\n","protected":false},"author":1,"featured_media":25739,"template":"","meta":{"_tribe_events_status":"","_tribe_events_status_reason":"","_tribe_events_is_hybrid":"","_tribe_events_is_virtual":"","_tribe_events_virtual_video_source":"","_tribe_events_virtual_embed_video":"","_tribe_events_virtual_linked_button_text":"","_tribe_events_virtual_linked_button":"","_tribe_events_virtual_show_embed_at":"","_tribe_events_virtual_show_embed_to":[],"_tribe_events_virtual_show_on_event":"","_tribe_events_virtual_show_on_views":"","_tribe_events_virtual_url":"","footnotes":""},"tags":[],"tribe_events_cat":[33],"class_list":["post-25745","tribe_events","type-tribe_events","status-publish","has-post-thumbnail","hentry","tribe_events_cat-exposiciones","cat_exposiciones","entry"],"yoast_head":"<!-- This site is optimized with the Yoast SEO plugin v26.6 - https:\/\/yoast.com\/wordpress\/plugins\/seo\/ -->\n<title>Exposici\u00f3 - Mar, campo y abstractos - Cultura a Sant Josep de sa Talaia<\/title>\n<meta name=\"robots\" content=\"index, follow, max-snippet:-1, max-image-preview:large, max-video-preview:-1\" \/>\n<link rel=\"canonical\" href=\"https:\/\/cultura.santjosep.org\/es\/agenda\/exposicio-mar-campo-y-abstractos\/\" \/>\n<meta property=\"og:locale\" content=\"es_ES\" \/>\n<meta property=\"og:type\" content=\"article\" \/>\n<meta property=\"og:title\" content=\"Exposici\u00f3 - Mar, campo y abstractos - Cultura a Sant Josep de sa Talaia\" \/>\n<meta property=\"og:description\" content=\"Exposici\u00f3n: Mar, campo y abstractos. Wendy Williams  INAUGURACI\u00d3N: viernes, 22 de agosto, a las 19:00 h  HORARIO: De mi\u00e9rcoles a domingo de 10:30 a 13:30 h y de jueves a s\u00e1bado de 18:00 a 21:00 h\" \/>\n<meta property=\"og:url\" content=\"https:\/\/cultura.santjosep.org\/es\/agenda\/exposicio-mar-campo-y-abstractos\/\" \/>\n<meta property=\"og:site_name\" content=\"Cultura a Sant Josep de sa Talaia\" \/>\n<meta property=\"article:publisher\" content=\"https:\/\/www.facebook.com\/Ajuntament-de-Sant-Josep-de-sa-Talaia-197541666931354\/\" \/>\n<meta property=\"article:modified_time\" content=\"2025-09-01T08:43:05+00:00\" \/>\n<meta property=\"og:image\" content=\"https:\/\/cultura.santjosep.org\/wp-content\/uploads\/2025\/08\/Cartell-Expo-WENDY-1.jpg\" \/>\n\t<meta property=\"og:image:width\" content=\"1288\" \/>\n\t<meta property=\"og:image:height\" content=\"923\" \/>\n\t<meta property=\"og:image:type\" content=\"image\/jpeg\" \/>\n<meta name=\"twitter:card\" content=\"summary_large_image\" \/>\n<meta name=\"twitter:site\" content=\"@DeTalaia\" \/>\n<meta name=\"twitter:label1\" content=\"Tiempo de lectura\" \/>\n\t<meta name=\"twitter:data1\" content=\"1 minuto\" \/>\n<script type=\"application\/ld+json\" class=\"yoast-schema-graph\">{\"@context\":\"https:\/\/schema.org\",\"@graph\":[{\"@type\":\"WebPage\",\"@id\":\"https:\/\/cultura.santjosep.org\/es\/agenda\/exposicio-mar-campo-y-abstractos\/\",\"url\":\"https:\/\/cultura.santjosep.org\/es\/agenda\/exposicio-mar-campo-y-abstractos\/\",\"name\":\"Exposici\u00f3 - Mar, campo y abstractos - Cultura a Sant Josep de sa Talaia\",\"isPartOf\":{\"@id\":\"https:\/\/cultura.santjosep.org\/es\/#website\"},\"primaryImageOfPage\":{\"@id\":\"https:\/\/cultura.santjosep.org\/es\/agenda\/exposicio-mar-campo-y-abstractos\/#primaryimage\"},\"image\":{\"@id\":\"https:\/\/cultura.santjosep.org\/es\/agenda\/exposicio-mar-campo-y-abstractos\/#primaryimage\"},\"thumbnailUrl\":\"https:\/\/cultura.santjosep.org\/wp-content\/uploads\/2025\/08\/Cartell-Expo-WENDY-1.jpg\",\"datePublished\":\"2025-08-27T11:56:07+00:00\",\"dateModified\":\"2025-09-01T08:43:05+00:00\",\"breadcrumb\":{\"@id\":\"https:\/\/cultura.santjosep.org\/es\/agenda\/exposicio-mar-campo-y-abstractos\/#breadcrumb\"},\"inLanguage\":\"es\",\"potentialAction\":[{\"@type\":\"ReadAction\",\"target\":[\"https:\/\/cultura.santjosep.org\/es\/agenda\/exposicio-mar-campo-y-abstractos\/\"]}]},{\"@type\":\"ImageObject\",\"inLanguage\":\"es\",\"@id\":\"https:\/\/cultura.santjosep.org\/es\/agenda\/exposicio-mar-campo-y-abstractos\/#primaryimage\",\"url\":\"https:\/\/cultura.santjosep.org\/wp-content\/uploads\/2025\/08\/Cartell-Expo-WENDY-1.jpg\",\"contentUrl\":\"https:\/\/cultura.santjosep.org\/wp-content\/uploads\/2025\/08\/Cartell-Expo-WENDY-1.jpg\",\"width\":1288,\"height\":923},{\"@type\":\"BreadcrumbList\",\"@id\":\"https:\/\/cultura.santjosep.org\/es\/agenda\/exposicio-mar-campo-y-abstractos\/#breadcrumb\",\"itemListElement\":[{\"@type\":\"ListItem\",\"position\":1,\"name\":\"Portada\",\"item\":\"https:\/\/cultura.santjosep.org\/es\/\"},{\"@type\":\"ListItem\",\"position\":2,\"name\":\"Eventos\",\"item\":\"https:\/\/cultura.santjosep.org\/agenda\/\"},{\"@type\":\"ListItem\",\"position\":3,\"name\":\"Exposici\u00f3 &#8211; Mar, campo y abstractos\"}]},{\"@type\":\"WebSite\",\"@id\":\"https:\/\/cultura.santjosep.org\/es\/#website\",\"url\":\"https:\/\/cultura.santjosep.org\/es\/\",\"name\":\"Cultura a Sant Josep de sa Talaia\",\"description\":\"\",\"publisher\":{\"@id\":\"https:\/\/cultura.santjosep.org\/es\/#organization\"},\"potentialAction\":[{\"@type\":\"SearchAction\",\"target\":{\"@type\":\"EntryPoint\",\"urlTemplate\":\"https:\/\/cultura.santjosep.org\/es\/?s={search_term_string}\"},\"query-input\":{\"@type\":\"PropertyValueSpecification\",\"valueRequired\":true,\"valueName\":\"search_term_string\"}}],\"inLanguage\":\"es\"},{\"@type\":\"Organization\",\"@id\":\"https:\/\/cultura.santjosep.org\/es\/#organization\",\"name\":\"Ajuntament de Sant Josep de sa Talaia\",\"url\":\"https:\/\/cultura.santjosep.org\/es\/\",\"logo\":{\"@type\":\"ImageObject\",\"inLanguage\":\"es\",\"@id\":\"https:\/\/cultura.santjosep.org\/es\/#\/schema\/logo\/image\/\",\"url\":\"https:\/\/cultura.santjosep.org\/wp-content\/uploads\/2020\/10\/logocolor.jpg\",\"contentUrl\":\"https:\/\/cultura.santjosep.org\/wp-content\/uploads\/2020\/10\/logocolor.jpg\",\"width\":250,\"height\":98,\"caption\":\"Ajuntament de Sant Josep de sa Talaia\"},\"image\":{\"@id\":\"https:\/\/cultura.santjosep.org\/es\/#\/schema\/logo\/image\/\"},\"sameAs\":[\"https:\/\/www.facebook.com\/Ajuntament-de-Sant-Josep-de-sa-Talaia-197541666931354\/\",\"https:\/\/x.com\/DeTalaia\",\"https:\/\/www.instagram.com\/sant_josep_de_sa_talaia\/\"]}]}<\/script>\n<!-- \/ Yoast SEO plugin. -->","yoast_head_json":{"title":"Exposici\u00f3 - Mar, campo y abstractos - Cultura a Sant Josep de sa Talaia","robots":{"index":"index","follow":"follow","max-snippet":"max-snippet:-1","max-image-preview":"max-image-preview:large","max-video-preview":"max-video-preview:-1"},"canonical":"https:\/\/cultura.santjosep.org\/es\/agenda\/exposicio-mar-campo-y-abstractos\/","og_locale":"es_ES","og_type":"article","og_title":"Exposici\u00f3 - Mar, campo y abstractos - Cultura a Sant Josep de sa Talaia","og_description":"Exposici\u00f3n: Mar, campo y abstractos. Wendy Williams  INAUGURACI\u00d3N: viernes, 22 de agosto, a las 19:00 h  HORARIO: De mi\u00e9rcoles a domingo de 10:30 a 13:30 h y de jueves a s\u00e1bado de 18:00 a 21:00 h","og_url":"https:\/\/cultura.santjosep.org\/es\/agenda\/exposicio-mar-campo-y-abstractos\/","og_site_name":"Cultura a Sant Josep de sa Talaia","article_publisher":"https:\/\/www.facebook.com\/Ajuntament-de-Sant-Josep-de-sa-Talaia-197541666931354\/","article_modified_time":"2025-09-01T08:43:05+00:00","og_image":[{"width":1288,"height":923,"url":"https:\/\/cultura.santjosep.org\/wp-content\/uploads\/2025\/08\/Cartell-Expo-WENDY-1.jpg","type":"image\/jpeg"}],"twitter_card":"summary_large_image","twitter_site":"@DeTalaia","twitter_misc":{"Tiempo de lectura":"1 minuto"},"schema":{"@context":"https:\/\/schema.org","@graph":[{"@type":"WebPage","@id":"https:\/\/cultura.santjosep.org\/es\/agenda\/exposicio-mar-campo-y-abstractos\/","url":"https:\/\/cultura.santjosep.org\/es\/agenda\/exposicio-mar-campo-y-abstractos\/","name":"Exposici\u00f3 - Mar, campo y abstractos - Cultura a Sant Josep de sa Talaia","isPartOf":{"@id":"https:\/\/cultura.santjosep.org\/es\/#website"},"primaryImageOfPage":{"@id":"https:\/\/cultura.santjosep.org\/es\/agenda\/exposicio-mar-campo-y-abstractos\/#primaryimage"},"image":{"@id":"https:\/\/cultura.santjosep.org\/es\/agenda\/exposicio-mar-campo-y-abstractos\/#primaryimage"},"thumbnailUrl":"https:\/\/cultura.santjosep.org\/wp-content\/uploads\/2025\/08\/Cartell-Expo-WENDY-1.jpg","datePublished":"2025-08-27T11:56:07+00:00","dateModified":"2025-09-01T08:43:05+00:00","breadcrumb":{"@id":"https:\/\/cultura.santjosep.org\/es\/agenda\/exposicio-mar-campo-y-abstractos\/#breadcrumb"},"inLanguage":"es","potentialAction":[{"@type":"ReadAction","target":["https:\/\/cultura.santjosep.org\/es\/agenda\/exposicio-mar-campo-y-abstractos\/"]}]},{"@type":"ImageObject","inLanguage":"es","@id":"https:\/\/cultura.santjosep.org\/es\/agenda\/exposicio-mar-campo-y-abstractos\/#primaryimage","url":"https:\/\/cultura.santjosep.org\/wp-content\/uploads\/2025\/08\/Cartell-Expo-WENDY-1.jpg","contentUrl":"https:\/\/cultura.santjosep.org\/wp-content\/uploads\/2025\/08\/Cartell-Expo-WENDY-1.jpg","width":1288,"height":923},{"@type":"BreadcrumbList","@id":"https:\/\/cultura.santjosep.org\/es\/agenda\/exposicio-mar-campo-y-abstractos\/#breadcrumb","itemListElement":[{"@type":"ListItem","position":1,"name":"Portada","item":"https:\/\/cultura.santjosep.org\/es\/"},{"@type":"ListItem","position":2,"name":"Eventos","item":"https:\/\/cultura.santjosep.org\/agenda\/"},{"@type":"ListItem","position":3,"name":"Exposici\u00f3 &#8211; Mar, campo y abstractos"}]},{"@type":"WebSite","@id":"https:\/\/cultura.santjosep.org\/es\/#website","url":"https:\/\/cultura.santjosep.org\/es\/","name":"Cultura a Sant Josep de sa Talaia","description":"","publisher":{"@id":"https:\/\/cultura.santjosep.org\/es\/#organization"},"potentialAction":[{"@type":"SearchAction","target":{"@type":"EntryPoint","urlTemplate":"https:\/\/cultura.santjosep.org\/es\/?s={search_term_string}"},"query-input":{"@type":"PropertyValueSpecification","valueRequired":true,"valueName":"search_term_string"}}],"inLanguage":"es"},{"@type":"Organization","@id":"https:\/\/cultura.santjosep.org\/es\/#organization","name":"Ajuntament de Sant Josep de sa Talaia","url":"https:\/\/cultura.santjosep.org\/es\/","logo":{"@type":"ImageObject","inLanguage":"es","@id":"https:\/\/cultura.santjosep.org\/es\/#\/schema\/logo\/image\/","url":"https:\/\/cultura.santjosep.org\/wp-content\/uploads\/2020\/10\/logocolor.jpg","contentUrl":"https:\/\/cultura.santjosep.org\/wp-content\/uploads\/2020\/10\/logocolor.jpg","width":250,"height":98,"caption":"Ajuntament de Sant Josep de sa Talaia"},"image":{"@id":"https:\/\/cultura.santjosep.org\/es\/#\/schema\/logo\/image\/"},"sameAs":["https:\/\/www.facebook.com\/Ajuntament-de-Sant-Josep-de-sa-Talaia-197541666931354\/","https:\/\/x.com\/DeTalaia","https:\/\/www.instagram.com\/sant_josep_de_sa_talaia\/"]}]}},"_links":{"self":[{"href":"https:\/\/cultura.santjosep.org\/es\/wp-json\/wp\/v2\/tribe_events\/25745","targetHints":{"allow":["GET"]}}],"collection":[{"href":"https:\/\/cultura.santjosep.org\/es\/wp-json\/wp\/v2\/tribe_events"}],"about":[{"href":"https:\/\/cultura.santjosep.org\/es\/wp-json\/wp\/v2\/types\/tribe_events"}],"author":[{"embeddable":true,"href":"https:\/\/cultura.santjosep.org\/es\/wp-json\/wp\/v2\/users\/1"}],"version-history":[{"count":0,"href":"https:\/\/cultura.santjosep.org\/es\/wp-json\/wp\/v2\/tribe_events\/25745\/revisions"}],"wp:featuredmedia":[{"embeddable":true,"href":"https:\/\/cultura.santjosep.org\/es\/wp-json\/wp\/v2\/media\/25739"}],"wp:attachment":[{"href":"https:\/\/cultura.santjosep.org\/es\/wp-json\/wp\/v2\/media?parent=25745"}],"wp:term":[{"taxonomy":"post_tag","embeddable":true,"href":"https:\/\/cultura.santjosep.org\/es\/wp-json\/wp\/v2\/tags?post=25745"},{"taxonomy":"tribe_events_cat","embeddable":true,"href":"https:\/\/cultura.santjosep.org\/es\/wp-json\/wp\/v2\/tribe_events_cat?post=25745"}],"curies":[{"name":"wp","href":"https:\/\/api.w.org\/{rel}","templated":true}]}}

Exposició &#8211; Mar, campo y abstractos

<p>Exposició: <strong>Mar, campo y abstractos. Wendy Williams</strong></p>
<p>INAUGURACIÓ: divendres, 22 d&#8217;agost, a les 19.00 h</p>
<p>HORARI: De dimecres a diumenge de 10.30 a 13.30 h i de dijous a dissabte de 18 a 21 h</p>
<p>&nbsp;</p>
<p><img loading="lazy" decoding="async" class="alignnone size-full wp-image-25740" src="https://cultura.santjosep.org/wp-content/uploads/2025/08/Cartell-Expo-WENDY-2.jpg" alt="" width="1293" height="856" srcset="https://cultura.santjosep.org/wp-content/uploads/2025/08/Cartell-Expo-WENDY-2.jpg 1293w, https://cultura.santjosep.org/wp-content/uploads/2025/08/Cartell-Expo-WENDY-2-300x199.jpg 300w, https://cultura.santjosep.org/wp-content/uploads/2025/08/Cartell-Expo-WENDY-2-1024x678.jpg 1024w, https://cultura.santjosep.org/wp-content/uploads/2025/08/Cartell-Expo-WENDY-2-768x508.jpg 768w" sizes="auto, (max-width: 1293px) 100vw, 1293px" /></p>

<p>Exposición: Mar, campo y abstractos. Wendy Williams</p>
<p>INAUGURACIÓN: viernes, 22 de agosto, a las 19:00 h</p>
<p>HORARIO: De miércoles a domingo de 10:30 a 13:30 h y de jueves a sábado de 18:00 a 21:00 h</p>

<!-- This site is optimized with the Yoast SEO plugin v26.6 - https://yoast.com/wordpress/plugins/seo/ -->
<title>Exposició - Mar, campo y abstractos - Cultura a Sant Josep de sa Talaia</title>
<meta name="robots" content="index, follow, max-snippet:-1, max-image-preview:large, max-video-preview:-1" />
<link rel="canonical" href="https://cultura.santjosep.org/es/agenda/exposicio-mar-campo-y-abstractos/" />
<meta property="og:locale" content="es_ES" />
<meta property="og:type" content="article" />
<meta property="og:title" content="Exposició - Mar, campo y abstractos - Cultura a Sant Josep de sa Talaia" />
<meta property="og:description" content="Exposición: Mar, campo y abstractos. Wendy Williams  INAUGURACIÓN: viernes, 22 de agosto, a las 19:00 h  HORARIO: De miércoles a domingo de 10:30 a 13:30 h y de jueves a sábado de 18:00 a 21:00 h" />
<meta property="og:url" content="https://cultura.santjosep.org/es/agenda/exposicio-mar-campo-y-abstractos/" />
<meta property="og:site_name" content="Cultura a Sant Josep de sa Talaia" />
<meta property="article:publisher" content="https://www.facebook.com/Ajuntament-de-Sant-Josep-de-sa-Talaia-197541666931354/" />
<meta property="article:modified_time" content="2025-09-01T08:43:05+00:00" />
<meta property="og:image" content="https://cultura.santjosep.org/wp-content/uploads/2025/08/Cartell-Expo-WENDY-1.jpg" />
	<meta property="og:image:width" content="1288" />
	<meta property="og:image:height" content="923" />
	<meta property="og:image:type" content="image/jpeg" />
<meta name="twitter:card" content="summary_large_image" />
<meta name="twitter:site" content="@DeTalaia" />
<meta name="twitter:label1" content="Tiempo de lectura" />
	<meta name="twitter:data1" content="1 minuto" />
<script type="application/ld+json" class="yoast-schema-graph">{"@context":"https://schema.org","@graph":[{"@type":"WebPage","@id":"https://cultura.santjosep.org/es/agenda/exposicio-mar-campo-y-abstractos/","url":"https://cultura.santjosep.org/es/agenda/exposicio-mar-campo-y-abstractos/","name":"Exposició - Mar, campo y abstractos - Cultura a Sant Josep de sa Talaia","isPartOf":{"@id":"https://cultura.santjosep.org/es/#website"},"primaryImageOfPage":{"@id":"https://cultura.santjosep.org/es/agenda/exposicio-mar-campo-y-abstractos/#primaryimage"},"image":{"@id":"https://cultura.santjosep.org/es/agenda/exposicio-mar-campo-y-abstractos/#primaryimage"},"thumbnailUrl":"https://cultura.santjosep.org/wp-content/uploads/2025/08/Cartell-Expo-WENDY-1.jpg","datePublished":"2025-08-27T11:56:07+00:00","dateModified":"2025-09-01T08:43:05+00:00","breadcrumb":{"@id":"https://cultura.santjosep.org/es/agenda/exposicio-mar-campo-y-abstractos/#breadcrumb"},"inLanguage":"es","potentialAction":[{"@type":"ReadAction","target":["https://cultura.santjosep.org/es/agenda/exposicio-mar-campo-y-abstractos/"]}]},{"@type":"ImageObject","inLanguage":"es","@id":"https://cultura.santjosep.org/es/agenda/exposicio-mar-campo-y-abstractos/#primaryimage","url":"https://cultura.santjosep.org/wp-content/uploads/2025/08/Cartell-Expo-WENDY-1.jpg","contentUrl":"https://cultura.santjosep.org/wp-content/uploads/2025/08/Cartell-Expo-WENDY-1.jpg","width":1288,"height":923},{"@type":"BreadcrumbList","@id":"https://cultura.santjosep.org/es/agenda/exposicio-mar-campo-y-abstractos/#breadcrumb","itemListElement":[{"@type":"ListItem","position":1,"name":"Portada","item":"https://cultura.santjosep.org/es/"},{"@type":"ListItem","position":2,"name":"Eventos","item":"https://cultura.santjosep.org/agenda/"},{"@type":"ListItem","position":3,"name":"Exposició &#8211; Mar, campo y abstractos"}]},{"@type":"WebSite","@id":"https://cultura.santjosep.org/es/#website","url":"https://cultura.santjosep.org/es/","name":"Cultura a Sant Josep de sa Talaia","description":"","publisher":{"@id":"https://cultura.santjosep.org/es/#organization"},"potentialAction":[{"@type":"SearchAction","target":{"@type":"EntryPoint","urlTemplate":"https://cultura.santjosep.org/es/?s={search_term_string}"},"query-input":{"@type":"PropertyValueSpecification","valueRequired":true,"valueName":"search_term_string"}}],"inLanguage":"es"},{"@type":"Organization","@id":"https://cultura.santjosep.org/es/#organization","name":"Ajuntament de Sant Josep de sa Talaia","url":"https://cultura.santjosep.org/es/","logo":{"@type":"ImageObject","inLanguage":"es","@id":"https://cultura.santjosep.org/es/#/schema/logo/image/","url":"https://cultura.santjosep.org/wp-content/uploads/2020/10/logocolor.jpg","contentUrl":"https://cultura.santjosep.org/wp-content/uploads/2020/10/logocolor.jpg","width":250,"height":98,"caption":"Ajuntament de Sant Josep de sa Talaia"},"image":{"@id":"https://cultura.santjosep.org/es/#/schema/logo/image/"},"sameAs":["https://www.facebook.com/Ajuntament-de-Sant-Josep-de-sa-Talaia-197541666931354/","https://x.com/DeTalaia","https://www.instagram.com/sant_josep_de_sa_talaia/"]}]}</script>
<!-- / Yoast SEO plugin. -->

Exposició - Mar, campo y abstractos - Cultura a Sant Josep de sa Talaia

Exposición: Mar, campo y abstractos. Wendy Williams  INAUGURACIÓN: viernes, 22 de agosto, a las 19:00 h  HORARIO: De miércoles a domingo de 10:30 a 13:30 h y de jueves a sábado de 18:00 a 21:00 h
