{"id":26229,"date":"2025-11-25T11:42:22","date_gmt":"2025-11-25T10:42:22","guid":{"rendered":"https:\/\/cultura.santjosep.org\/agenda\/feim-un-portaespelmes-original\/"},"modified":"2025-11-25T11:42:22","modified_gmt":"2025-11-25T10:42:22","slug":"feim-un-portaespelmes-original","status":"publish","type":"tribe_events","link":"https:\/\/cultura.santjosep.org\/es\/agenda\/feim-un-portaespelmes-original\/","title":{"rendered":"FEIM UN PORTAESPELMES ORIGINAL!"},"content":{"rendered":"<p>FEIM UN PORTAESPELMES ORIGINAL!<\/p>\n<p>Divendres 12 de desembre a les 17.30 h<\/p>\n<p>Taller familiar de Nadal<br \/>\nInfants a partir de 8 anys<\/p>\n<p>INSCRIPCI\u00d3 PR\u00c8VIA<br \/>\nTel\u00e8fon o WhatsApp: 971 348630<br \/>\nbiblioteca.caladebou@santjosep.org<\/p>\n<p><img loading=\"lazy\" decoding=\"async\" src=\"https:\/\/cultura.santjosep.org\/wp-content\/uploads\/2025\/11\/Cartell-general-desembre-2025.jpg\" alt=\"\" width=\"1080\" height=\"1350\" class=\"alignnone size-full wp-image-26217\" srcset=\"https:\/\/cultura.santjosep.org\/wp-content\/uploads\/2025\/11\/Cartell-general-desembre-2025.jpg 1080w, https:\/\/cultura.santjosep.org\/wp-content\/uploads\/2025\/11\/Cartell-general-desembre-2025-240x300.jpg 240w, https:\/\/cultura.santjosep.org\/wp-content\/uploads\/2025\/11\/Cartell-general-desembre-2025-819x1024.jpg 819w, https:\/\/cultura.santjosep.org\/wp-content\/uploads\/2025\/11\/Cartell-general-desembre-2025-768x960.jpg 768w\" sizes=\"auto, (max-width: 1080px) 100vw, 1080px\" \/><\/p>\n","protected":false},"excerpt":{"rendered":"<p>FEIM UN PORTAESPELMES ORIGINAL! Divendres 12 de desembre a les 17.30 h Taller familiar de Nadal Infants a partir de 8 anys INSCRIPCI\u00d3 PR\u00c8VIA Tel\u00e8fon o WhatsApp: 971 348630 biblioteca.caladebou@santjosep.org<\/p>\n","protected":false},"author":1,"featured_media":26216,"template":"","meta":{"_tribe_events_status":"","_tribe_events_status_reason":"","_tribe_events_is_hybrid":"","_tribe_events_is_virtual":"","_tribe_events_virtual_video_source":"","_tribe_events_virtual_embed_video":"","_tribe_events_virtual_linked_button_text":"","_tribe_events_virtual_linked_button":"","_tribe_events_virtual_show_embed_at":"","_tribe_events_virtual_show_embed_to":[],"_tribe_events_virtual_show_on_event":"","_tribe_events_virtual_show_on_views":"","_tribe_events_virtual_url":"","footnotes":""},"tags":[],"tribe_events_cat":[],"class_list":["post-26229","tribe_events","type-tribe_events","status-publish","has-post-thumbnail","hentry","entry"],"yoast_head":"<!-- This site is optimized with the Yoast SEO plugin v26.6 - https:\/\/yoast.com\/wordpress\/plugins\/seo\/ -->\n<title>FEIM UN PORTAESPELMES ORIGINAL! - Cultura a Sant Josep de sa Talaia<\/title>\n<meta name=\"robots\" content=\"index, follow, max-snippet:-1, max-image-preview:large, max-video-preview:-1\" \/>\n<link rel=\"canonical\" href=\"https:\/\/cultura.santjosep.org\/es\/agenda\/feim-un-portaespelmes-original\/\" \/>\n<meta property=\"og:locale\" content=\"es_ES\" \/>\n<meta property=\"og:type\" content=\"article\" \/>\n<meta property=\"og:title\" content=\"FEIM UN PORTAESPELMES ORIGINAL! - Cultura a Sant Josep de sa Talaia\" \/>\n<meta property=\"og:description\" content=\"FEIM UN PORTAESPELMES ORIGINAL! Divendres 12 de desembre a les 17.30 h Taller familiar de Nadal Infants a partir de 8 anys INSCRIPCI\u00d3 PR\u00c8VIA Tel\u00e8fon o WhatsApp: 971 348630 biblioteca.caladebou@santjosep.org\" \/>\n<meta property=\"og:url\" content=\"https:\/\/cultura.santjosep.org\/es\/agenda\/feim-un-portaespelmes-original\/\" \/>\n<meta property=\"og:site_name\" content=\"Cultura a Sant Josep de sa Talaia\" \/>\n<meta property=\"article:publisher\" content=\"https:\/\/www.facebook.com\/Ajuntament-de-Sant-Josep-de-sa-Talaia-197541666931354\/\" \/>\n<meta property=\"og:image\" content=\"https:\/\/cultura.santjosep.org\/wp-content\/uploads\/2025\/11\/Cartell-general-desembre-2025.jpg\" \/>\n<meta name=\"twitter:card\" content=\"summary_large_image\" \/>\n<meta name=\"twitter:site\" content=\"@DeTalaia\" \/>\n<script type=\"application\/ld+json\" class=\"yoast-schema-graph\">{\"@context\":\"https:\/\/schema.org\",\"@graph\":[{\"@type\":\"WebPage\",\"@id\":\"https:\/\/cultura.santjosep.org\/es\/agenda\/feim-un-portaespelmes-original\/\",\"url\":\"https:\/\/cultura.santjosep.org\/es\/agenda\/feim-un-portaespelmes-original\/\",\"name\":\"FEIM UN PORTAESPELMES ORIGINAL! - Cultura a Sant Josep de sa Talaia\",\"isPartOf\":{\"@id\":\"https:\/\/cultura.santjosep.org\/es\/#website\"},\"primaryImageOfPage\":{\"@id\":\"https:\/\/cultura.santjosep.org\/es\/agenda\/feim-un-portaespelmes-original\/#primaryimage\"},\"image\":{\"@id\":\"https:\/\/cultura.santjosep.org\/es\/agenda\/feim-un-portaespelmes-original\/#primaryimage\"},\"thumbnailUrl\":\"https:\/\/cultura.santjosep.org\/wp-content\/uploads\/2025\/11\/Cartell-taller-portaespelmes-original.jpg\",\"datePublished\":\"2025-11-25T10:42:22+00:00\",\"breadcrumb\":{\"@id\":\"https:\/\/cultura.santjosep.org\/es\/agenda\/feim-un-portaespelmes-original\/#breadcrumb\"},\"inLanguage\":\"es\",\"potentialAction\":[{\"@type\":\"ReadAction\",\"target\":[\"https:\/\/cultura.santjosep.org\/es\/agenda\/feim-un-portaespelmes-original\/\"]}]},{\"@type\":\"ImageObject\",\"inLanguage\":\"es\",\"@id\":\"https:\/\/cultura.santjosep.org\/es\/agenda\/feim-un-portaespelmes-original\/#primaryimage\",\"url\":\"https:\/\/cultura.santjosep.org\/wp-content\/uploads\/2025\/11\/Cartell-taller-portaespelmes-original.jpg\",\"contentUrl\":\"https:\/\/cultura.santjosep.org\/wp-content\/uploads\/2025\/11\/Cartell-taller-portaespelmes-original.jpg\",\"width\":1587,\"height\":2245},{\"@type\":\"BreadcrumbList\",\"@id\":\"https:\/\/cultura.santjosep.org\/es\/agenda\/feim-un-portaespelmes-original\/#breadcrumb\",\"itemListElement\":[{\"@type\":\"ListItem\",\"position\":1,\"name\":\"Portada\",\"item\":\"https:\/\/cultura.santjosep.org\/es\/\"},{\"@type\":\"ListItem\",\"position\":2,\"name\":\"Eventos\",\"item\":\"https:\/\/cultura.santjosep.org\/agenda\/\"},{\"@type\":\"ListItem\",\"position\":3,\"name\":\"FEIM UN PORTAESPELMES ORIGINAL!\"}]},{\"@type\":\"WebSite\",\"@id\":\"https:\/\/cultura.santjosep.org\/es\/#website\",\"url\":\"https:\/\/cultura.santjosep.org\/es\/\",\"name\":\"Cultura a Sant Josep de sa Talaia\",\"description\":\"\",\"publisher\":{\"@id\":\"https:\/\/cultura.santjosep.org\/es\/#organization\"},\"potentialAction\":[{\"@type\":\"SearchAction\",\"target\":{\"@type\":\"EntryPoint\",\"urlTemplate\":\"https:\/\/cultura.santjosep.org\/es\/?s={search_term_string}\"},\"query-input\":{\"@type\":\"PropertyValueSpecification\",\"valueRequired\":true,\"valueName\":\"search_term_string\"}}],\"inLanguage\":\"es\"},{\"@type\":\"Organization\",\"@id\":\"https:\/\/cultura.santjosep.org\/es\/#organization\",\"name\":\"Ajuntament de Sant Josep de sa Talaia\",\"url\":\"https:\/\/cultura.santjosep.org\/es\/\",\"logo\":{\"@type\":\"ImageObject\",\"inLanguage\":\"es\",\"@id\":\"https:\/\/cultura.santjosep.org\/es\/#\/schema\/logo\/image\/\",\"url\":\"https:\/\/cultura.santjosep.org\/wp-content\/uploads\/2020\/10\/logocolor.jpg\",\"contentUrl\":\"https:\/\/cultura.santjosep.org\/wp-content\/uploads\/2020\/10\/logocolor.jpg\",\"width\":250,\"height\":98,\"caption\":\"Ajuntament de Sant Josep de sa Talaia\"},\"image\":{\"@id\":\"https:\/\/cultura.santjosep.org\/es\/#\/schema\/logo\/image\/\"},\"sameAs\":[\"https:\/\/www.facebook.com\/Ajuntament-de-Sant-Josep-de-sa-Talaia-197541666931354\/\",\"https:\/\/x.com\/DeTalaia\",\"https:\/\/www.instagram.com\/sant_josep_de_sa_talaia\/\"]}]}<\/script>\n<!-- \/ Yoast SEO plugin. -->","yoast_head_json":{"title":"FEIM UN PORTAESPELMES ORIGINAL! - Cultura a Sant Josep de sa Talaia","robots":{"index":"index","follow":"follow","max-snippet":"max-snippet:-1","max-image-preview":"max-image-preview:large","max-video-preview":"max-video-preview:-1"},"canonical":"https:\/\/cultura.santjosep.org\/es\/agenda\/feim-un-portaespelmes-original\/","og_locale":"es_ES","og_type":"article","og_title":"FEIM UN PORTAESPELMES ORIGINAL! - Cultura a Sant Josep de sa Talaia","og_description":"FEIM UN PORTAESPELMES ORIGINAL! Divendres 12 de desembre a les 17.30 h Taller familiar de Nadal Infants a partir de 8 anys INSCRIPCI\u00d3 PR\u00c8VIA Tel\u00e8fon o WhatsApp: 971 348630 biblioteca.caladebou@santjosep.org","og_url":"https:\/\/cultura.santjosep.org\/es\/agenda\/feim-un-portaespelmes-original\/","og_site_name":"Cultura a Sant Josep de sa Talaia","article_publisher":"https:\/\/www.facebook.com\/Ajuntament-de-Sant-Josep-de-sa-Talaia-197541666931354\/","og_image":[{"url":"https:\/\/cultura.santjosep.org\/wp-content\/uploads\/2025\/11\/Cartell-general-desembre-2025.jpg","type":"","width":"","height":""}],"twitter_card":"summary_large_image","twitter_site":"@DeTalaia","schema":{"@context":"https:\/\/schema.org","@graph":[{"@type":"WebPage","@id":"https:\/\/cultura.santjosep.org\/es\/agenda\/feim-un-portaespelmes-original\/","url":"https:\/\/cultura.santjosep.org\/es\/agenda\/feim-un-portaespelmes-original\/","name":"FEIM UN PORTAESPELMES ORIGINAL! - Cultura a Sant Josep de sa Talaia","isPartOf":{"@id":"https:\/\/cultura.santjosep.org\/es\/#website"},"primaryImageOfPage":{"@id":"https:\/\/cultura.santjosep.org\/es\/agenda\/feim-un-portaespelmes-original\/#primaryimage"},"image":{"@id":"https:\/\/cultura.santjosep.org\/es\/agenda\/feim-un-portaespelmes-original\/#primaryimage"},"thumbnailUrl":"https:\/\/cultura.santjosep.org\/wp-content\/uploads\/2025\/11\/Cartell-taller-portaespelmes-original.jpg","datePublished":"2025-11-25T10:42:22+00:00","breadcrumb":{"@id":"https:\/\/cultura.santjosep.org\/es\/agenda\/feim-un-portaespelmes-original\/#breadcrumb"},"inLanguage":"es","potentialAction":[{"@type":"ReadAction","target":["https:\/\/cultura.santjosep.org\/es\/agenda\/feim-un-portaespelmes-original\/"]}]},{"@type":"ImageObject","inLanguage":"es","@id":"https:\/\/cultura.santjosep.org\/es\/agenda\/feim-un-portaespelmes-original\/#primaryimage","url":"https:\/\/cultura.santjosep.org\/wp-content\/uploads\/2025\/11\/Cartell-taller-portaespelmes-original.jpg","contentUrl":"https:\/\/cultura.santjosep.org\/wp-content\/uploads\/2025\/11\/Cartell-taller-portaespelmes-original.jpg","width":1587,"height":2245},{"@type":"BreadcrumbList","@id":"https:\/\/cultura.santjosep.org\/es\/agenda\/feim-un-portaespelmes-original\/#breadcrumb","itemListElement":[{"@type":"ListItem","position":1,"name":"Portada","item":"https:\/\/cultura.santjosep.org\/es\/"},{"@type":"ListItem","position":2,"name":"Eventos","item":"https:\/\/cultura.santjosep.org\/agenda\/"},{"@type":"ListItem","position":3,"name":"FEIM UN PORTAESPELMES ORIGINAL!"}]},{"@type":"WebSite","@id":"https:\/\/cultura.santjosep.org\/es\/#website","url":"https:\/\/cultura.santjosep.org\/es\/","name":"Cultura a Sant Josep de sa Talaia","description":"","publisher":{"@id":"https:\/\/cultura.santjosep.org\/es\/#organization"},"potentialAction":[{"@type":"SearchAction","target":{"@type":"EntryPoint","urlTemplate":"https:\/\/cultura.santjosep.org\/es\/?s={search_term_string}"},"query-input":{"@type":"PropertyValueSpecification","valueRequired":true,"valueName":"search_term_string"}}],"inLanguage":"es"},{"@type":"Organization","@id":"https:\/\/cultura.santjosep.org\/es\/#organization","name":"Ajuntament de Sant Josep de sa Talaia","url":"https:\/\/cultura.santjosep.org\/es\/","logo":{"@type":"ImageObject","inLanguage":"es","@id":"https:\/\/cultura.santjosep.org\/es\/#\/schema\/logo\/image\/","url":"https:\/\/cultura.santjosep.org\/wp-content\/uploads\/2020\/10\/logocolor.jpg","contentUrl":"https:\/\/cultura.santjosep.org\/wp-content\/uploads\/2020\/10\/logocolor.jpg","width":250,"height":98,"caption":"Ajuntament de Sant Josep de sa Talaia"},"image":{"@id":"https:\/\/cultura.santjosep.org\/es\/#\/schema\/logo\/image\/"},"sameAs":["https:\/\/www.facebook.com\/Ajuntament-de-Sant-Josep-de-sa-Talaia-197541666931354\/","https:\/\/x.com\/DeTalaia","https:\/\/www.instagram.com\/sant_josep_de_sa_talaia\/"]}]}},"_links":{"self":[{"href":"https:\/\/cultura.santjosep.org\/es\/wp-json\/wp\/v2\/tribe_events\/26229","targetHints":{"allow":["GET"]}}],"collection":[{"href":"https:\/\/cultura.santjosep.org\/es\/wp-json\/wp\/v2\/tribe_events"}],"about":[{"href":"https:\/\/cultura.santjosep.org\/es\/wp-json\/wp\/v2\/types\/tribe_events"}],"author":[{"embeddable":true,"href":"https:\/\/cultura.santjosep.org\/es\/wp-json\/wp\/v2\/users\/1"}],"version-history":[{"count":0,"href":"https:\/\/cultura.santjosep.org\/es\/wp-json\/wp\/v2\/tribe_events\/26229\/revisions"}],"wp:featuredmedia":[{"embeddable":true,"href":"https:\/\/cultura.santjosep.org\/es\/wp-json\/wp\/v2\/media\/26216"}],"wp:attachment":[{"href":"https:\/\/cultura.santjosep.org\/es\/wp-json\/wp\/v2\/media?parent=26229"}],"wp:term":[{"taxonomy":"post_tag","embeddable":true,"href":"https:\/\/cultura.santjosep.org\/es\/wp-json\/wp\/v2\/tags?post=26229"},{"taxonomy":"tribe_events_cat","embeddable":true,"href":"https:\/\/cultura.santjosep.org\/es\/wp-json\/wp\/v2\/tribe_events_cat?post=26229"}],"curies":[{"name":"wp","href":"https:\/\/api.w.org\/{rel}","templated":true}]}}

<p>FEIM UN PORTAESPELMES ORIGINAL!</p>
<p>Divendres 12 de desembre a les 17.30 h</p>
<p>Taller familiar de Nadal<br />
Infants a partir de 8 anys</p>
<p>INSCRIPCIÓ PRÈVIA<br />
Telèfon o WhatsApp: 971 348630<br />
biblioteca.caladebou@santjosep.org</p>
<p><img loading="lazy" decoding="async" src="https://cultura.santjosep.org/wp-content/uploads/2025/11/Cartell-general-desembre-2025.jpg" alt="" width="1080" height="1350" class="alignnone size-full wp-image-26217" srcset="https://cultura.santjosep.org/wp-content/uploads/2025/11/Cartell-general-desembre-2025.jpg 1080w, https://cultura.santjosep.org/wp-content/uploads/2025/11/Cartell-general-desembre-2025-240x300.jpg 240w, https://cultura.santjosep.org/wp-content/uploads/2025/11/Cartell-general-desembre-2025-819x1024.jpg 819w, https://cultura.santjosep.org/wp-content/uploads/2025/11/Cartell-general-desembre-2025-768x960.jpg 768w" sizes="auto, (max-width: 1080px) 100vw, 1080px" /></p>

<p>FEIM UN PORTAESPELMES ORIGINAL! Divendres 12 de desembre a les 17.30 h Taller familiar de Nadal Infants a partir de 8 anys INSCRIPCIÓ PRÈVIA Telèfon o WhatsApp: 971 348630 biblioteca.caladebou@santjosep.org</p>

<!-- This site is optimized with the Yoast SEO plugin v26.6 - https://yoast.com/wordpress/plugins/seo/ -->
<title>FEIM UN PORTAESPELMES ORIGINAL! - Cultura a Sant Josep de sa Talaia</title>
<meta name="robots" content="index, follow, max-snippet:-1, max-image-preview:large, max-video-preview:-1" />
<link rel="canonical" href="https://cultura.santjosep.org/es/agenda/feim-un-portaespelmes-original/" />
<meta property="og:locale" content="es_ES" />
<meta property="og:type" content="article" />
<meta property="og:title" content="FEIM UN PORTAESPELMES ORIGINAL! - Cultura a Sant Josep de sa Talaia" />
<meta property="og:description" content="FEIM UN PORTAESPELMES ORIGINAL! Divendres 12 de desembre a les 17.30 h Taller familiar de Nadal Infants a partir de 8 anys INSCRIPCIÓ PRÈVIA Telèfon o WhatsApp: 971 348630 biblioteca.caladebou@santjosep.org" />
<meta property="og:url" content="https://cultura.santjosep.org/es/agenda/feim-un-portaespelmes-original/" />
<meta property="og:site_name" content="Cultura a Sant Josep de sa Talaia" />
<meta property="article:publisher" content="https://www.facebook.com/Ajuntament-de-Sant-Josep-de-sa-Talaia-197541666931354/" />
<meta property="og:image" content="https://cultura.santjosep.org/wp-content/uploads/2025/11/Cartell-general-desembre-2025.jpg" />
<meta name="twitter:card" content="summary_large_image" />
<meta name="twitter:site" content="@DeTalaia" />
<script type="application/ld+json" class="yoast-schema-graph">{"@context":"https://schema.org","@graph":[{"@type":"WebPage","@id":"https://cultura.santjosep.org/es/agenda/feim-un-portaespelmes-original/","url":"https://cultura.santjosep.org/es/agenda/feim-un-portaespelmes-original/","name":"FEIM UN PORTAESPELMES ORIGINAL! - Cultura a Sant Josep de sa Talaia","isPartOf":{"@id":"https://cultura.santjosep.org/es/#website"},"primaryImageOfPage":{"@id":"https://cultura.santjosep.org/es/agenda/feim-un-portaespelmes-original/#primaryimage"},"image":{"@id":"https://cultura.santjosep.org/es/agenda/feim-un-portaespelmes-original/#primaryimage"},"thumbnailUrl":"https://cultura.santjosep.org/wp-content/uploads/2025/11/Cartell-taller-portaespelmes-original.jpg","datePublished":"2025-11-25T10:42:22+00:00","breadcrumb":{"@id":"https://cultura.santjosep.org/es/agenda/feim-un-portaespelmes-original/#breadcrumb"},"inLanguage":"es","potentialAction":[{"@type":"ReadAction","target":["https://cultura.santjosep.org/es/agenda/feim-un-portaespelmes-original/"]}]},{"@type":"ImageObject","inLanguage":"es","@id":"https://cultura.santjosep.org/es/agenda/feim-un-portaespelmes-original/#primaryimage","url":"https://cultura.santjosep.org/wp-content/uploads/2025/11/Cartell-taller-portaespelmes-original.jpg","contentUrl":"https://cultura.santjosep.org/wp-content/uploads/2025/11/Cartell-taller-portaespelmes-original.jpg","width":1587,"height":2245},{"@type":"BreadcrumbList","@id":"https://cultura.santjosep.org/es/agenda/feim-un-portaespelmes-original/#breadcrumb","itemListElement":[{"@type":"ListItem","position":1,"name":"Portada","item":"https://cultura.santjosep.org/es/"},{"@type":"ListItem","position":2,"name":"Eventos","item":"https://cultura.santjosep.org/agenda/"},{"@type":"ListItem","position":3,"name":"FEIM UN PORTAESPELMES ORIGINAL!"}]},{"@type":"WebSite","@id":"https://cultura.santjosep.org/es/#website","url":"https://cultura.santjosep.org/es/","name":"Cultura a Sant Josep de sa Talaia","description":"","publisher":{"@id":"https://cultura.santjosep.org/es/#organization"},"potentialAction":[{"@type":"SearchAction","target":{"@type":"EntryPoint","urlTemplate":"https://cultura.santjosep.org/es/?s={search_term_string}"},"query-input":{"@type":"PropertyValueSpecification","valueRequired":true,"valueName":"search_term_string"}}],"inLanguage":"es"},{"@type":"Organization","@id":"https://cultura.santjosep.org/es/#organization","name":"Ajuntament de Sant Josep de sa Talaia","url":"https://cultura.santjosep.org/es/","logo":{"@type":"ImageObject","inLanguage":"es","@id":"https://cultura.santjosep.org/es/#/schema/logo/image/","url":"https://cultura.santjosep.org/wp-content/uploads/2020/10/logocolor.jpg","contentUrl":"https://cultura.santjosep.org/wp-content/uploads/2020/10/logocolor.jpg","width":250,"height":98,"caption":"Ajuntament de Sant Josep de sa Talaia"},"image":{"@id":"https://cultura.santjosep.org/es/#/schema/logo/image/"},"sameAs":["https://www.facebook.com/Ajuntament-de-Sant-Josep-de-sa-Talaia-197541666931354/","https://x.com/DeTalaia","https://www.instagram.com/sant_josep_de_sa_talaia/"]}]}</script>
<!-- / Yoast SEO plugin. -->

FEIM UN PORTAESPELMES ORIGINAL! Divendres 12 de desembre a les 17.30 h Taller familiar de Nadal Infants a partir de 8 anys INSCRIPCIÓ PRÈVIA Telèfon o WhatsApp: 971 348630 biblioteca.caladebou@santjosep.org
