{"id":328,"date":"2020-10-05T14:43:37","date_gmt":"2020-10-05T12:43:37","guid":{"rendered":"https:\/\/cultura.santjosep.org\/agenda\/contacontes-historias-magicas\/"},"modified":"2020-10-06T10:13:47","modified_gmt":"2020-10-06T08:13:47","slug":"cuentacuentos-historias-magicas","status":"publish","type":"tribe_events","link":"https:\/\/cultura.santjosep.org\/es\/agenda\/cuentacuentos-historias-magicas\/","title":{"rendered":"Cuentacuentos \u00abHistorias m\u00e1gicas\u00bb"},"content":{"rendered":"<p>Con Maritzatejecuentos. A partir de 3 a\u00f1os. L\u00edmite 50 per- sonas, se har\u00e1n agrupaciones familiares.<\/p>\n<p><em>Para todas las actividades es precisa inscripci\u00f3n previa en el email: bibliosantjordi@santjosep.org o en la biblioteca.<\/em><\/p>\n","protected":false},"excerpt":{"rendered":"<p>Con Maritzatejecuentos. A partir de 3 a\u00f1os. L\u00edmite 50 per- sonas, se har\u00e1n agrupaciones familiares. Para todas las actividades es precisa inscripci\u00f3n previa en el email: bibliosantjordi@santjosep.org o en la &hellip; <\/p>\n<p class=\"link-more\"><a href=\"https:\/\/cultura.santjosep.org\/es\/agenda\/cuentacuentos-historias-magicas\/\" class=\"more-link\">Seguir leyendo<span class=\"screen-reader-text\"> \u00abCuentacuentos \u00abHistorias m\u00e1gicas\u00bb\u00bb<\/span><\/a><\/p>\n","protected":false},"author":1,"featured_media":147,"template":"","meta":{"_tribe_events_status":"","_tribe_events_status_reason":"","_tribe_events_is_hybrid":"","_tribe_events_is_virtual":"","_tribe_events_virtual_video_source":"","_tribe_events_virtual_embed_video":"","_tribe_events_virtual_linked_button_text":"","_tribe_events_virtual_linked_button":"","_tribe_events_virtual_show_embed_at":"","_tribe_events_virtual_show_embed_to":[],"_tribe_events_virtual_show_on_event":"","_tribe_events_virtual_show_on_views":"","_tribe_events_virtual_url":"","footnotes":""},"tags":[],"tribe_events_cat":[35],"class_list":["post-328","tribe_events","type-tribe_events","status-publish","has-post-thumbnail","hentry","tribe_events_cat-teatro","cat_teatro","entry"],"yoast_head":"<!-- This site is optimized with the Yoast SEO plugin v26.6 - https:\/\/yoast.com\/wordpress\/plugins\/seo\/ -->\n<title>Cuentacuentos &quot;Historias m\u00e1gicas&quot; - Cultura a Sant Josep de sa Talaia<\/title>\n<meta name=\"robots\" content=\"index, follow, max-snippet:-1, max-image-preview:large, max-video-preview:-1\" \/>\n<link rel=\"canonical\" href=\"https:\/\/cultura.santjosep.org\/es\/agenda\/cuentacuentos-historias-magicas\/\" \/>\n<meta property=\"og:locale\" content=\"es_ES\" \/>\n<meta property=\"og:type\" content=\"article\" \/>\n<meta property=\"og:title\" content=\"Cuentacuentos &quot;Historias m\u00e1gicas&quot; - Cultura a Sant Josep de sa Talaia\" \/>\n<meta property=\"og:description\" content=\"Con Maritzatejecuentos. A partir de 3 a\u00f1os. L\u00edmite 50 per- sonas, se har\u00e1n agrupaciones familiares. Para todas las actividades es precisa inscripci\u00f3n previa en el email: bibliosantjordi@santjosep.org o en la &hellip; Seguir leyendo \u00abCuentacuentos \u00abHistorias m\u00e1gicas\u00bb\u00bb\" \/>\n<meta property=\"og:url\" content=\"https:\/\/cultura.santjosep.org\/es\/agenda\/cuentacuentos-historias-magicas\/\" \/>\n<meta property=\"og:site_name\" content=\"Cultura a Sant Josep de sa Talaia\" \/>\n<meta property=\"article:publisher\" content=\"https:\/\/www.facebook.com\/Ajuntament-de-Sant-Josep-de-sa-Talaia-197541666931354\/\" \/>\n<meta property=\"article:modified_time\" content=\"2020-10-06T08:13:47+00:00\" \/>\n<meta property=\"og:image\" content=\"https:\/\/cultura.santjosep.org\/wp-content\/uploads\/2020\/10\/maritza.jpg\" \/>\n\t<meta property=\"og:image:width\" content=\"601\" \/>\n\t<meta property=\"og:image:height\" content=\"451\" \/>\n\t<meta property=\"og:image:type\" content=\"image\/jpeg\" \/>\n<meta name=\"twitter:card\" content=\"summary_large_image\" \/>\n<meta name=\"twitter:site\" content=\"@DeTalaia\" \/>\n<script type=\"application\/ld+json\" class=\"yoast-schema-graph\">{\"@context\":\"https:\/\/schema.org\",\"@graph\":[{\"@type\":\"WebPage\",\"@id\":\"https:\/\/cultura.santjosep.org\/es\/agenda\/cuentacuentos-historias-magicas\/\",\"url\":\"https:\/\/cultura.santjosep.org\/es\/agenda\/cuentacuentos-historias-magicas\/\",\"name\":\"Cuentacuentos \\\"Historias m\u00e1gicas\\\" - Cultura a Sant Josep de sa Talaia\",\"isPartOf\":{\"@id\":\"https:\/\/cultura.santjosep.org\/es\/#website\"},\"primaryImageOfPage\":{\"@id\":\"https:\/\/cultura.santjosep.org\/es\/agenda\/cuentacuentos-historias-magicas\/#primaryimage\"},\"image\":{\"@id\":\"https:\/\/cultura.santjosep.org\/es\/agenda\/cuentacuentos-historias-magicas\/#primaryimage\"},\"thumbnailUrl\":\"https:\/\/cultura.santjosep.org\/wp-content\/uploads\/2020\/10\/maritza.jpg\",\"datePublished\":\"2020-10-05T12:43:37+00:00\",\"dateModified\":\"2020-10-06T08:13:47+00:00\",\"breadcrumb\":{\"@id\":\"https:\/\/cultura.santjosep.org\/es\/agenda\/cuentacuentos-historias-magicas\/#breadcrumb\"},\"inLanguage\":\"es\",\"potentialAction\":[{\"@type\":\"ReadAction\",\"target\":[\"https:\/\/cultura.santjosep.org\/es\/agenda\/cuentacuentos-historias-magicas\/\"]}]},{\"@type\":\"ImageObject\",\"inLanguage\":\"es\",\"@id\":\"https:\/\/cultura.santjosep.org\/es\/agenda\/cuentacuentos-historias-magicas\/#primaryimage\",\"url\":\"https:\/\/cultura.santjosep.org\/wp-content\/uploads\/2020\/10\/maritza.jpg\",\"contentUrl\":\"https:\/\/cultura.santjosep.org\/wp-content\/uploads\/2020\/10\/maritza.jpg\",\"width\":601,\"height\":451},{\"@type\":\"BreadcrumbList\",\"@id\":\"https:\/\/cultura.santjosep.org\/es\/agenda\/cuentacuentos-historias-magicas\/#breadcrumb\",\"itemListElement\":[{\"@type\":\"ListItem\",\"position\":1,\"name\":\"Portada\",\"item\":\"https:\/\/cultura.santjosep.org\/es\/\"},{\"@type\":\"ListItem\",\"position\":2,\"name\":\"Eventos\",\"item\":\"https:\/\/cultura.santjosep.org\/agenda\/\"},{\"@type\":\"ListItem\",\"position\":3,\"name\":\"Cuentacuentos \u00abHistorias m\u00e1gicas\u00bb\"}]},{\"@type\":\"WebSite\",\"@id\":\"https:\/\/cultura.santjosep.org\/es\/#website\",\"url\":\"https:\/\/cultura.santjosep.org\/es\/\",\"name\":\"Cultura a Sant Josep de sa Talaia\",\"description\":\"\",\"publisher\":{\"@id\":\"https:\/\/cultura.santjosep.org\/es\/#organization\"},\"potentialAction\":[{\"@type\":\"SearchAction\",\"target\":{\"@type\":\"EntryPoint\",\"urlTemplate\":\"https:\/\/cultura.santjosep.org\/es\/?s={search_term_string}\"},\"query-input\":{\"@type\":\"PropertyValueSpecification\",\"valueRequired\":true,\"valueName\":\"search_term_string\"}}],\"inLanguage\":\"es\"},{\"@type\":\"Organization\",\"@id\":\"https:\/\/cultura.santjosep.org\/es\/#organization\",\"name\":\"Ajuntament de Sant Josep de sa Talaia\",\"url\":\"https:\/\/cultura.santjosep.org\/es\/\",\"logo\":{\"@type\":\"ImageObject\",\"inLanguage\":\"es\",\"@id\":\"https:\/\/cultura.santjosep.org\/es\/#\/schema\/logo\/image\/\",\"url\":\"https:\/\/cultura.santjosep.org\/wp-content\/uploads\/2020\/10\/logocolor.jpg\",\"contentUrl\":\"https:\/\/cultura.santjosep.org\/wp-content\/uploads\/2020\/10\/logocolor.jpg\",\"width\":250,\"height\":98,\"caption\":\"Ajuntament de Sant Josep de sa Talaia\"},\"image\":{\"@id\":\"https:\/\/cultura.santjosep.org\/es\/#\/schema\/logo\/image\/\"},\"sameAs\":[\"https:\/\/www.facebook.com\/Ajuntament-de-Sant-Josep-de-sa-Talaia-197541666931354\/\",\"https:\/\/x.com\/DeTalaia\",\"https:\/\/www.instagram.com\/sant_josep_de_sa_talaia\/\"]}]}<\/script>\n<!-- \/ Yoast SEO plugin. -->","yoast_head_json":{"title":"Cuentacuentos \"Historias m\u00e1gicas\" - Cultura a Sant Josep de sa Talaia","robots":{"index":"index","follow":"follow","max-snippet":"max-snippet:-1","max-image-preview":"max-image-preview:large","max-video-preview":"max-video-preview:-1"},"canonical":"https:\/\/cultura.santjosep.org\/es\/agenda\/cuentacuentos-historias-magicas\/","og_locale":"es_ES","og_type":"article","og_title":"Cuentacuentos \"Historias m\u00e1gicas\" - Cultura a Sant Josep de sa Talaia","og_description":"Con Maritzatejecuentos. A partir de 3 a\u00f1os. L\u00edmite 50 per- sonas, se har\u00e1n agrupaciones familiares. Para todas las actividades es precisa inscripci\u00f3n previa en el email: bibliosantjordi@santjosep.org o en la &hellip; Seguir leyendo \u00abCuentacuentos \u00abHistorias m\u00e1gicas\u00bb\u00bb","og_url":"https:\/\/cultura.santjosep.org\/es\/agenda\/cuentacuentos-historias-magicas\/","og_site_name":"Cultura a Sant Josep de sa Talaia","article_publisher":"https:\/\/www.facebook.com\/Ajuntament-de-Sant-Josep-de-sa-Talaia-197541666931354\/","article_modified_time":"2020-10-06T08:13:47+00:00","og_image":[{"width":601,"height":451,"url":"https:\/\/cultura.santjosep.org\/wp-content\/uploads\/2020\/10\/maritza.jpg","type":"image\/jpeg"}],"twitter_card":"summary_large_image","twitter_site":"@DeTalaia","schema":{"@context":"https:\/\/schema.org","@graph":[{"@type":"WebPage","@id":"https:\/\/cultura.santjosep.org\/es\/agenda\/cuentacuentos-historias-magicas\/","url":"https:\/\/cultura.santjosep.org\/es\/agenda\/cuentacuentos-historias-magicas\/","name":"Cuentacuentos \"Historias m\u00e1gicas\" - Cultura a Sant Josep de sa Talaia","isPartOf":{"@id":"https:\/\/cultura.santjosep.org\/es\/#website"},"primaryImageOfPage":{"@id":"https:\/\/cultura.santjosep.org\/es\/agenda\/cuentacuentos-historias-magicas\/#primaryimage"},"image":{"@id":"https:\/\/cultura.santjosep.org\/es\/agenda\/cuentacuentos-historias-magicas\/#primaryimage"},"thumbnailUrl":"https:\/\/cultura.santjosep.org\/wp-content\/uploads\/2020\/10\/maritza.jpg","datePublished":"2020-10-05T12:43:37+00:00","dateModified":"2020-10-06T08:13:47+00:00","breadcrumb":{"@id":"https:\/\/cultura.santjosep.org\/es\/agenda\/cuentacuentos-historias-magicas\/#breadcrumb"},"inLanguage":"es","potentialAction":[{"@type":"ReadAction","target":["https:\/\/cultura.santjosep.org\/es\/agenda\/cuentacuentos-historias-magicas\/"]}]},{"@type":"ImageObject","inLanguage":"es","@id":"https:\/\/cultura.santjosep.org\/es\/agenda\/cuentacuentos-historias-magicas\/#primaryimage","url":"https:\/\/cultura.santjosep.org\/wp-content\/uploads\/2020\/10\/maritza.jpg","contentUrl":"https:\/\/cultura.santjosep.org\/wp-content\/uploads\/2020\/10\/maritza.jpg","width":601,"height":451},{"@type":"BreadcrumbList","@id":"https:\/\/cultura.santjosep.org\/es\/agenda\/cuentacuentos-historias-magicas\/#breadcrumb","itemListElement":[{"@type":"ListItem","position":1,"name":"Portada","item":"https:\/\/cultura.santjosep.org\/es\/"},{"@type":"ListItem","position":2,"name":"Eventos","item":"https:\/\/cultura.santjosep.org\/agenda\/"},{"@type":"ListItem","position":3,"name":"Cuentacuentos \u00abHistorias m\u00e1gicas\u00bb"}]},{"@type":"WebSite","@id":"https:\/\/cultura.santjosep.org\/es\/#website","url":"https:\/\/cultura.santjosep.org\/es\/","name":"Cultura a Sant Josep de sa Talaia","description":"","publisher":{"@id":"https:\/\/cultura.santjosep.org\/es\/#organization"},"potentialAction":[{"@type":"SearchAction","target":{"@type":"EntryPoint","urlTemplate":"https:\/\/cultura.santjosep.org\/es\/?s={search_term_string}"},"query-input":{"@type":"PropertyValueSpecification","valueRequired":true,"valueName":"search_term_string"}}],"inLanguage":"es"},{"@type":"Organization","@id":"https:\/\/cultura.santjosep.org\/es\/#organization","name":"Ajuntament de Sant Josep de sa Talaia","url":"https:\/\/cultura.santjosep.org\/es\/","logo":{"@type":"ImageObject","inLanguage":"es","@id":"https:\/\/cultura.santjosep.org\/es\/#\/schema\/logo\/image\/","url":"https:\/\/cultura.santjosep.org\/wp-content\/uploads\/2020\/10\/logocolor.jpg","contentUrl":"https:\/\/cultura.santjosep.org\/wp-content\/uploads\/2020\/10\/logocolor.jpg","width":250,"height":98,"caption":"Ajuntament de Sant Josep de sa Talaia"},"image":{"@id":"https:\/\/cultura.santjosep.org\/es\/#\/schema\/logo\/image\/"},"sameAs":["https:\/\/www.facebook.com\/Ajuntament-de-Sant-Josep-de-sa-Talaia-197541666931354\/","https:\/\/x.com\/DeTalaia","https:\/\/www.instagram.com\/sant_josep_de_sa_talaia\/"]}]}},"_links":{"self":[{"href":"https:\/\/cultura.santjosep.org\/es\/wp-json\/wp\/v2\/tribe_events\/328","targetHints":{"allow":["GET"]}}],"collection":[{"href":"https:\/\/cultura.santjosep.org\/es\/wp-json\/wp\/v2\/tribe_events"}],"about":[{"href":"https:\/\/cultura.santjosep.org\/es\/wp-json\/wp\/v2\/types\/tribe_events"}],"author":[{"embeddable":true,"href":"https:\/\/cultura.santjosep.org\/es\/wp-json\/wp\/v2\/users\/1"}],"version-history":[{"count":0,"href":"https:\/\/cultura.santjosep.org\/es\/wp-json\/wp\/v2\/tribe_events\/328\/revisions"}],"wp:featuredmedia":[{"embeddable":true,"href":"https:\/\/cultura.santjosep.org\/es\/wp-json\/wp\/v2\/media\/147"}],"wp:attachment":[{"href":"https:\/\/cultura.santjosep.org\/es\/wp-json\/wp\/v2\/media?parent=328"}],"wp:term":[{"taxonomy":"post_tag","embeddable":true,"href":"https:\/\/cultura.santjosep.org\/es\/wp-json\/wp\/v2\/tags?post=328"},{"taxonomy":"tribe_events_cat","embeddable":true,"href":"https:\/\/cultura.santjosep.org\/es\/wp-json\/wp\/v2\/tribe_events_cat?post=328"}],"curies":[{"name":"wp","href":"https:\/\/api.w.org\/{rel}","templated":true}]}}

Cuentacuentos «Historias mágicas»

<p>Con Maritzatejecuentos. A partir de 3 años. Límite 50 per- sonas, se harán agrupaciones familiares.</p>
<p><em>Para todas las actividades es precisa inscripción previa en el email: bibliosantjordi@santjosep.org o en la biblioteca.</em></p>

<p>Con Maritzatejecuentos. A partir de 3 años. Límite 50 per- sonas, se harán agrupaciones familiares. Para todas las actividades es precisa inscripción previa en el email: bibliosantjordi@santjosep.org o en la &hellip; </p>
<p class="link-more"><a href="https://cultura.santjosep.org/es/agenda/cuentacuentos-historias-magicas/" class="more-link">Seguir leyendo<span class="screen-reader-text"> «Cuentacuentos «Historias mágicas»»</span></a></p>

<!-- This site is optimized with the Yoast SEO plugin v26.6 - https://yoast.com/wordpress/plugins/seo/ -->
<title>Cuentacuentos &quot;Historias mágicas&quot; - Cultura a Sant Josep de sa Talaia</title>
<meta name="robots" content="index, follow, max-snippet:-1, max-image-preview:large, max-video-preview:-1" />
<link rel="canonical" href="https://cultura.santjosep.org/es/agenda/cuentacuentos-historias-magicas/" />
<meta property="og:locale" content="es_ES" />
<meta property="og:type" content="article" />
<meta property="og:title" content="Cuentacuentos &quot;Historias mágicas&quot; - Cultura a Sant Josep de sa Talaia" />
<meta property="og:description" content="Con Maritzatejecuentos. A partir de 3 años. Límite 50 per- sonas, se harán agrupaciones familiares. Para todas las actividades es precisa inscripción previa en el email: bibliosantjordi@santjosep.org o en la &hellip; Seguir leyendo «Cuentacuentos «Historias mágicas»»" />
<meta property="og:url" content="https://cultura.santjosep.org/es/agenda/cuentacuentos-historias-magicas/" />
<meta property="og:site_name" content="Cultura a Sant Josep de sa Talaia" />
<meta property="article:publisher" content="https://www.facebook.com/Ajuntament-de-Sant-Josep-de-sa-Talaia-197541666931354/" />
<meta property="article:modified_time" content="2020-10-06T08:13:47+00:00" />
<meta property="og:image" content="https://cultura.santjosep.org/wp-content/uploads/2020/10/maritza.jpg" />
	<meta property="og:image:width" content="601" />
	<meta property="og:image:height" content="451" />
	<meta property="og:image:type" content="image/jpeg" />
<meta name="twitter:card" content="summary_large_image" />
<meta name="twitter:site" content="@DeTalaia" />
<script type="application/ld+json" class="yoast-schema-graph">{"@context":"https://schema.org","@graph":[{"@type":"WebPage","@id":"https://cultura.santjosep.org/es/agenda/cuentacuentos-historias-magicas/","url":"https://cultura.santjosep.org/es/agenda/cuentacuentos-historias-magicas/","name":"Cuentacuentos \"Historias mágicas\" - Cultura a Sant Josep de sa Talaia","isPartOf":{"@id":"https://cultura.santjosep.org/es/#website"},"primaryImageOfPage":{"@id":"https://cultura.santjosep.org/es/agenda/cuentacuentos-historias-magicas/#primaryimage"},"image":{"@id":"https://cultura.santjosep.org/es/agenda/cuentacuentos-historias-magicas/#primaryimage"},"thumbnailUrl":"https://cultura.santjosep.org/wp-content/uploads/2020/10/maritza.jpg","datePublished":"2020-10-05T12:43:37+00:00","dateModified":"2020-10-06T08:13:47+00:00","breadcrumb":{"@id":"https://cultura.santjosep.org/es/agenda/cuentacuentos-historias-magicas/#breadcrumb"},"inLanguage":"es","potentialAction":[{"@type":"ReadAction","target":["https://cultura.santjosep.org/es/agenda/cuentacuentos-historias-magicas/"]}]},{"@type":"ImageObject","inLanguage":"es","@id":"https://cultura.santjosep.org/es/agenda/cuentacuentos-historias-magicas/#primaryimage","url":"https://cultura.santjosep.org/wp-content/uploads/2020/10/maritza.jpg","contentUrl":"https://cultura.santjosep.org/wp-content/uploads/2020/10/maritza.jpg","width":601,"height":451},{"@type":"BreadcrumbList","@id":"https://cultura.santjosep.org/es/agenda/cuentacuentos-historias-magicas/#breadcrumb","itemListElement":[{"@type":"ListItem","position":1,"name":"Portada","item":"https://cultura.santjosep.org/es/"},{"@type":"ListItem","position":2,"name":"Eventos","item":"https://cultura.santjosep.org/agenda/"},{"@type":"ListItem","position":3,"name":"Cuentacuentos «Historias mágicas»"}]},{"@type":"WebSite","@id":"https://cultura.santjosep.org/es/#website","url":"https://cultura.santjosep.org/es/","name":"Cultura a Sant Josep de sa Talaia","description":"","publisher":{"@id":"https://cultura.santjosep.org/es/#organization"},"potentialAction":[{"@type":"SearchAction","target":{"@type":"EntryPoint","urlTemplate":"https://cultura.santjosep.org/es/?s={search_term_string}"},"query-input":{"@type":"PropertyValueSpecification","valueRequired":true,"valueName":"search_term_string"}}],"inLanguage":"es"},{"@type":"Organization","@id":"https://cultura.santjosep.org/es/#organization","name":"Ajuntament de Sant Josep de sa Talaia","url":"https://cultura.santjosep.org/es/","logo":{"@type":"ImageObject","inLanguage":"es","@id":"https://cultura.santjosep.org/es/#/schema/logo/image/","url":"https://cultura.santjosep.org/wp-content/uploads/2020/10/logocolor.jpg","contentUrl":"https://cultura.santjosep.org/wp-content/uploads/2020/10/logocolor.jpg","width":250,"height":98,"caption":"Ajuntament de Sant Josep de sa Talaia"},"image":{"@id":"https://cultura.santjosep.org/es/#/schema/logo/image/"},"sameAs":["https://www.facebook.com/Ajuntament-de-Sant-Josep-de-sa-Talaia-197541666931354/","https://x.com/DeTalaia","https://www.instagram.com/sant_josep_de_sa_talaia/"]}]}</script>
<!-- / Yoast SEO plugin. -->

Cuentacuentos "Historias mágicas" - Cultura a Sant Josep de sa Talaia

Con Maritzatejecuentos. A partir de 3 años. Límite 50 per- sonas, se harán agrupaciones familiares. Para todas las actividades es precisa inscripción previa en el email: bibliosantjordi@santjosep.org o en la &hellip; Seguir leyendo «Cuentacuentos «Historias mágicas»»
