{"id":4549,"date":"2020-12-01T12:00:28","date_gmt":"2020-12-01T11:00:28","guid":{"rendered":"https:\/\/cultura.santjosep.org\/agenda\/festival-de-sa-fabrica-de-melodies\/"},"modified":"2020-12-03T09:01:50","modified_gmt":"2020-12-03T08:01:50","slug":"festival-de-sa-fabrica-de-melodies","status":"publish","type":"tribe_events","link":"https:\/\/cultura.santjosep.org\/es\/agenda\/festival-de-sa-fabrica-de-melodies\/","title":{"rendered":"Festival de sa F\u00e0brica de Melodies"},"content":{"rendered":"<p>Primera edici\u00f3n del Festival Sa F\u00e0brica de Melodies, aglutina m\u00fasicos de las cuatro islas. Son 13 artistas los que crean las melod\u00edas, que abarcan desde el folk hasta el groove, pasando por el funk y el flamenco en formato jam session.<br \/>\n<strong><br \/>\nM\u00fasicos participantes:<\/strong><br \/>\nANNA FERRER y su banda (Menorca)<br \/>\nLLOREN\u00c7 BARCEL\u00d3 y su banda (Mallorca\/Eivissa)<br \/>\nJULIA COLOM y TONI VAQUER (Mallorca)<br \/>\nERMANNO PANTA y BANDA ZEITUN (Formentera)<br \/>\nOMAR ALCAIDE y su banda (Eivissa)<br \/>\nPERE NAVARRO \u00b7 FRANCO BOTTO \u00b7 CARLOS CASTILLO<br \/>\nEn Can Jeroni. Imprescindible reserva en la web de Cultura.<br \/>\nReproducci\u00f3n en vivo en el Facebook del Ayuntamiento de Sant Josep.<\/p>\n<p><em>En base a la normativa que con motivo del COVID-19 regula la realizaci\u00f3n de actividades culturales en espacios cerrados y al aire libre, se aplicaran las normas oportunas de control de asistencia y de segurridad e higiene vigentes en la fecha de la actividad.<\/em><\/p>\n","protected":false},"excerpt":{"rendered":"<p>Primera edici\u00f3n del Festival Sa F\u00e0brica de Melodies, aglutina m\u00fasicos de las cuatro islas. Son 13 artistas los que crean las melod\u00edas, que abarcan desde el folk hasta el groove, &hellip; <\/p>\n<p class=\"link-more\"><a href=\"https:\/\/cultura.santjosep.org\/es\/agenda\/festival-de-sa-fabrica-de-melodies\/\" class=\"more-link\">Seguir leyendo<span class=\"screen-reader-text\"> \u00abFestival de sa F\u00e0brica de Melodies\u00bb<\/span><\/a><\/p>\n","protected":false},"author":1,"featured_media":4285,"template":"","meta":{"_tribe_events_status":"","_tribe_events_status_reason":"","_tribe_events_is_hybrid":"","_tribe_events_is_virtual":"","_tribe_events_virtual_video_source":"","_tribe_events_virtual_embed_video":"","_tribe_events_virtual_linked_button_text":"","_tribe_events_virtual_linked_button":"","_tribe_events_virtual_show_embed_at":"","_tribe_events_virtual_show_embed_to":[],"_tribe_events_virtual_show_on_event":"","_tribe_events_virtual_show_on_views":"","_tribe_events_virtual_url":"","footnotes":""},"tags":[],"tribe_events_cat":[31,60],"class_list":["post-4549","tribe_events","type-tribe_events","status-publish","has-post-thumbnail","hentry","tribe_events_cat-conciertos","tribe_events_cat-sant-josep-pueblo","cat_conciertos","cat_sant-josep-pueblo","entry"],"yoast_head":"<!-- This site is optimized with the Yoast SEO plugin v26.6 - https:\/\/yoast.com\/wordpress\/plugins\/seo\/ -->\n<title>Festival de sa F\u00e0brica de Melodies - Cultura a Sant Josep de sa Talaia<\/title>\n<meta name=\"robots\" content=\"index, follow, max-snippet:-1, max-image-preview:large, max-video-preview:-1\" \/>\n<link rel=\"canonical\" href=\"https:\/\/cultura.santjosep.org\/es\/agenda\/festival-de-sa-fabrica-de-melodies\/\" \/>\n<meta property=\"og:locale\" content=\"es_ES\" \/>\n<meta property=\"og:type\" content=\"article\" \/>\n<meta property=\"og:title\" content=\"Festival de sa F\u00e0brica de Melodies - Cultura a Sant Josep de sa Talaia\" \/>\n<meta property=\"og:description\" content=\"Primera edici\u00f3n del Festival Sa F\u00e0brica de Melodies, aglutina m\u00fasicos de las cuatro islas. Son 13 artistas los que crean las melod\u00edas, que abarcan desde el folk hasta el groove, &hellip; Seguir leyendo \u00abFestival de sa F\u00e0brica de Melodies\u00bb\" \/>\n<meta property=\"og:url\" content=\"https:\/\/cultura.santjosep.org\/es\/agenda\/festival-de-sa-fabrica-de-melodies\/\" \/>\n<meta property=\"og:site_name\" content=\"Cultura a Sant Josep de sa Talaia\" \/>\n<meta property=\"article:publisher\" content=\"https:\/\/www.facebook.com\/Ajuntament-de-Sant-Josep-de-sa-Talaia-197541666931354\/\" \/>\n<meta property=\"article:modified_time\" content=\"2020-12-03T08:01:50+00:00\" \/>\n<meta property=\"og:image\" content=\"https:\/\/cultura.santjosep.org\/wp-content\/uploads\/2020\/12\/pere_navarro7.jpg\" \/>\n\t<meta property=\"og:image:width\" content=\"1250\" \/>\n\t<meta property=\"og:image:height\" content=\"800\" \/>\n\t<meta property=\"og:image:type\" content=\"image\/jpeg\" \/>\n<meta name=\"twitter:card\" content=\"summary_large_image\" \/>\n<meta name=\"twitter:site\" content=\"@DeTalaia\" \/>\n<meta name=\"twitter:label1\" content=\"Tiempo de lectura\" \/>\n\t<meta name=\"twitter:data1\" content=\"1 minuto\" \/>\n<script type=\"application\/ld+json\" class=\"yoast-schema-graph\">{\"@context\":\"https:\/\/schema.org\",\"@graph\":[{\"@type\":\"WebPage\",\"@id\":\"https:\/\/cultura.santjosep.org\/es\/agenda\/festival-de-sa-fabrica-de-melodies\/\",\"url\":\"https:\/\/cultura.santjosep.org\/es\/agenda\/festival-de-sa-fabrica-de-melodies\/\",\"name\":\"Festival de sa F\u00e0brica de Melodies - Cultura a Sant Josep de sa Talaia\",\"isPartOf\":{\"@id\":\"https:\/\/cultura.santjosep.org\/es\/#website\"},\"primaryImageOfPage\":{\"@id\":\"https:\/\/cultura.santjosep.org\/es\/agenda\/festival-de-sa-fabrica-de-melodies\/#primaryimage\"},\"image\":{\"@id\":\"https:\/\/cultura.santjosep.org\/es\/agenda\/festival-de-sa-fabrica-de-melodies\/#primaryimage\"},\"thumbnailUrl\":\"https:\/\/cultura.santjosep.org\/wp-content\/uploads\/2020\/12\/pere_navarro7.jpg\",\"datePublished\":\"2020-12-01T11:00:28+00:00\",\"dateModified\":\"2020-12-03T08:01:50+00:00\",\"breadcrumb\":{\"@id\":\"https:\/\/cultura.santjosep.org\/es\/agenda\/festival-de-sa-fabrica-de-melodies\/#breadcrumb\"},\"inLanguage\":\"es\",\"potentialAction\":[{\"@type\":\"ReadAction\",\"target\":[\"https:\/\/cultura.santjosep.org\/es\/agenda\/festival-de-sa-fabrica-de-melodies\/\"]}]},{\"@type\":\"ImageObject\",\"inLanguage\":\"es\",\"@id\":\"https:\/\/cultura.santjosep.org\/es\/agenda\/festival-de-sa-fabrica-de-melodies\/#primaryimage\",\"url\":\"https:\/\/cultura.santjosep.org\/wp-content\/uploads\/2020\/12\/pere_navarro7.jpg\",\"contentUrl\":\"https:\/\/cultura.santjosep.org\/wp-content\/uploads\/2020\/12\/pere_navarro7.jpg\",\"width\":1250,\"height\":800},{\"@type\":\"BreadcrumbList\",\"@id\":\"https:\/\/cultura.santjosep.org\/es\/agenda\/festival-de-sa-fabrica-de-melodies\/#breadcrumb\",\"itemListElement\":[{\"@type\":\"ListItem\",\"position\":1,\"name\":\"Portada\",\"item\":\"https:\/\/cultura.santjosep.org\/es\/\"},{\"@type\":\"ListItem\",\"position\":2,\"name\":\"Eventos\",\"item\":\"https:\/\/cultura.santjosep.org\/agenda\/\"},{\"@type\":\"ListItem\",\"position\":3,\"name\":\"Festival de sa F\u00e0brica de Melodies\"}]},{\"@type\":\"WebSite\",\"@id\":\"https:\/\/cultura.santjosep.org\/es\/#website\",\"url\":\"https:\/\/cultura.santjosep.org\/es\/\",\"name\":\"Cultura a Sant Josep de sa Talaia\",\"description\":\"\",\"publisher\":{\"@id\":\"https:\/\/cultura.santjosep.org\/es\/#organization\"},\"potentialAction\":[{\"@type\":\"SearchAction\",\"target\":{\"@type\":\"EntryPoint\",\"urlTemplate\":\"https:\/\/cultura.santjosep.org\/es\/?s={search_term_string}\"},\"query-input\":{\"@type\":\"PropertyValueSpecification\",\"valueRequired\":true,\"valueName\":\"search_term_string\"}}],\"inLanguage\":\"es\"},{\"@type\":\"Organization\",\"@id\":\"https:\/\/cultura.santjosep.org\/es\/#organization\",\"name\":\"Ajuntament de Sant Josep de sa Talaia\",\"url\":\"https:\/\/cultura.santjosep.org\/es\/\",\"logo\":{\"@type\":\"ImageObject\",\"inLanguage\":\"es\",\"@id\":\"https:\/\/cultura.santjosep.org\/es\/#\/schema\/logo\/image\/\",\"url\":\"https:\/\/cultura.santjosep.org\/wp-content\/uploads\/2020\/10\/logocolor.jpg\",\"contentUrl\":\"https:\/\/cultura.santjosep.org\/wp-content\/uploads\/2020\/10\/logocolor.jpg\",\"width\":250,\"height\":98,\"caption\":\"Ajuntament de Sant Josep de sa Talaia\"},\"image\":{\"@id\":\"https:\/\/cultura.santjosep.org\/es\/#\/schema\/logo\/image\/\"},\"sameAs\":[\"https:\/\/www.facebook.com\/Ajuntament-de-Sant-Josep-de-sa-Talaia-197541666931354\/\",\"https:\/\/x.com\/DeTalaia\",\"https:\/\/www.instagram.com\/sant_josep_de_sa_talaia\/\"]}]}<\/script>\n<!-- \/ Yoast SEO plugin. -->","yoast_head_json":{"title":"Festival de sa F\u00e0brica de Melodies - Cultura a Sant Josep de sa Talaia","robots":{"index":"index","follow":"follow","max-snippet":"max-snippet:-1","max-image-preview":"max-image-preview:large","max-video-preview":"max-video-preview:-1"},"canonical":"https:\/\/cultura.santjosep.org\/es\/agenda\/festival-de-sa-fabrica-de-melodies\/","og_locale":"es_ES","og_type":"article","og_title":"Festival de sa F\u00e0brica de Melodies - Cultura a Sant Josep de sa Talaia","og_description":"Primera edici\u00f3n del Festival Sa F\u00e0brica de Melodies, aglutina m\u00fasicos de las cuatro islas. Son 13 artistas los que crean las melod\u00edas, que abarcan desde el folk hasta el groove, &hellip; Seguir leyendo \u00abFestival de sa F\u00e0brica de Melodies\u00bb","og_url":"https:\/\/cultura.santjosep.org\/es\/agenda\/festival-de-sa-fabrica-de-melodies\/","og_site_name":"Cultura a Sant Josep de sa Talaia","article_publisher":"https:\/\/www.facebook.com\/Ajuntament-de-Sant-Josep-de-sa-Talaia-197541666931354\/","article_modified_time":"2020-12-03T08:01:50+00:00","og_image":[{"width":1250,"height":800,"url":"https:\/\/cultura.santjosep.org\/wp-content\/uploads\/2020\/12\/pere_navarro7.jpg","type":"image\/jpeg"}],"twitter_card":"summary_large_image","twitter_site":"@DeTalaia","twitter_misc":{"Tiempo de lectura":"1 minuto"},"schema":{"@context":"https:\/\/schema.org","@graph":[{"@type":"WebPage","@id":"https:\/\/cultura.santjosep.org\/es\/agenda\/festival-de-sa-fabrica-de-melodies\/","url":"https:\/\/cultura.santjosep.org\/es\/agenda\/festival-de-sa-fabrica-de-melodies\/","name":"Festival de sa F\u00e0brica de Melodies - Cultura a Sant Josep de sa Talaia","isPartOf":{"@id":"https:\/\/cultura.santjosep.org\/es\/#website"},"primaryImageOfPage":{"@id":"https:\/\/cultura.santjosep.org\/es\/agenda\/festival-de-sa-fabrica-de-melodies\/#primaryimage"},"image":{"@id":"https:\/\/cultura.santjosep.org\/es\/agenda\/festival-de-sa-fabrica-de-melodies\/#primaryimage"},"thumbnailUrl":"https:\/\/cultura.santjosep.org\/wp-content\/uploads\/2020\/12\/pere_navarro7.jpg","datePublished":"2020-12-01T11:00:28+00:00","dateModified":"2020-12-03T08:01:50+00:00","breadcrumb":{"@id":"https:\/\/cultura.santjosep.org\/es\/agenda\/festival-de-sa-fabrica-de-melodies\/#breadcrumb"},"inLanguage":"es","potentialAction":[{"@type":"ReadAction","target":["https:\/\/cultura.santjosep.org\/es\/agenda\/festival-de-sa-fabrica-de-melodies\/"]}]},{"@type":"ImageObject","inLanguage":"es","@id":"https:\/\/cultura.santjosep.org\/es\/agenda\/festival-de-sa-fabrica-de-melodies\/#primaryimage","url":"https:\/\/cultura.santjosep.org\/wp-content\/uploads\/2020\/12\/pere_navarro7.jpg","contentUrl":"https:\/\/cultura.santjosep.org\/wp-content\/uploads\/2020\/12\/pere_navarro7.jpg","width":1250,"height":800},{"@type":"BreadcrumbList","@id":"https:\/\/cultura.santjosep.org\/es\/agenda\/festival-de-sa-fabrica-de-melodies\/#breadcrumb","itemListElement":[{"@type":"ListItem","position":1,"name":"Portada","item":"https:\/\/cultura.santjosep.org\/es\/"},{"@type":"ListItem","position":2,"name":"Eventos","item":"https:\/\/cultura.santjosep.org\/agenda\/"},{"@type":"ListItem","position":3,"name":"Festival de sa F\u00e0brica de Melodies"}]},{"@type":"WebSite","@id":"https:\/\/cultura.santjosep.org\/es\/#website","url":"https:\/\/cultura.santjosep.org\/es\/","name":"Cultura a Sant Josep de sa Talaia","description":"","publisher":{"@id":"https:\/\/cultura.santjosep.org\/es\/#organization"},"potentialAction":[{"@type":"SearchAction","target":{"@type":"EntryPoint","urlTemplate":"https:\/\/cultura.santjosep.org\/es\/?s={search_term_string}"},"query-input":{"@type":"PropertyValueSpecification","valueRequired":true,"valueName":"search_term_string"}}],"inLanguage":"es"},{"@type":"Organization","@id":"https:\/\/cultura.santjosep.org\/es\/#organization","name":"Ajuntament de Sant Josep de sa Talaia","url":"https:\/\/cultura.santjosep.org\/es\/","logo":{"@type":"ImageObject","inLanguage":"es","@id":"https:\/\/cultura.santjosep.org\/es\/#\/schema\/logo\/image\/","url":"https:\/\/cultura.santjosep.org\/wp-content\/uploads\/2020\/10\/logocolor.jpg","contentUrl":"https:\/\/cultura.santjosep.org\/wp-content\/uploads\/2020\/10\/logocolor.jpg","width":250,"height":98,"caption":"Ajuntament de Sant Josep de sa Talaia"},"image":{"@id":"https:\/\/cultura.santjosep.org\/es\/#\/schema\/logo\/image\/"},"sameAs":["https:\/\/www.facebook.com\/Ajuntament-de-Sant-Josep-de-sa-Talaia-197541666931354\/","https:\/\/x.com\/DeTalaia","https:\/\/www.instagram.com\/sant_josep_de_sa_talaia\/"]}]}},"_links":{"self":[{"href":"https:\/\/cultura.santjosep.org\/es\/wp-json\/wp\/v2\/tribe_events\/4549","targetHints":{"allow":["GET"]}}],"collection":[{"href":"https:\/\/cultura.santjosep.org\/es\/wp-json\/wp\/v2\/tribe_events"}],"about":[{"href":"https:\/\/cultura.santjosep.org\/es\/wp-json\/wp\/v2\/types\/tribe_events"}],"author":[{"embeddable":true,"href":"https:\/\/cultura.santjosep.org\/es\/wp-json\/wp\/v2\/users\/1"}],"version-history":[{"count":0,"href":"https:\/\/cultura.santjosep.org\/es\/wp-json\/wp\/v2\/tribe_events\/4549\/revisions"}],"wp:featuredmedia":[{"embeddable":true,"href":"https:\/\/cultura.santjosep.org\/es\/wp-json\/wp\/v2\/media\/4285"}],"wp:attachment":[{"href":"https:\/\/cultura.santjosep.org\/es\/wp-json\/wp\/v2\/media?parent=4549"}],"wp:term":[{"taxonomy":"post_tag","embeddable":true,"href":"https:\/\/cultura.santjosep.org\/es\/wp-json\/wp\/v2\/tags?post=4549"},{"taxonomy":"tribe_events_cat","embeddable":true,"href":"https:\/\/cultura.santjosep.org\/es\/wp-json\/wp\/v2\/tribe_events_cat?post=4549"}],"curies":[{"name":"wp","href":"https:\/\/api.w.org\/{rel}","templated":true}]}}

Festival de sa Fàbrica de Melodies

<p>Primera edición del Festival Sa Fàbrica de Melodies, aglutina músicos de las cuatro islas. Son 13 artistas los que crean las melodías, que abarcan desde el folk hasta el groove, pasando por el funk y el flamenco en formato jam session.<br />
<strong><br />
Músicos participantes:</strong><br />
ANNA FERRER y su banda (Menorca)<br />
LLORENÇ BARCELÓ y su banda (Mallorca/Eivissa)<br />
JULIA COLOM y TONI VAQUER (Mallorca)<br />
ERMANNO PANTA y BANDA ZEITUN (Formentera)<br />
OMAR ALCAIDE y su banda (Eivissa)<br />
PERE NAVARRO · FRANCO BOTTO · CARLOS CASTILLO<br />
En Can Jeroni. Imprescindible reserva en la web de Cultura.<br />
Reproducción en vivo en el Facebook del Ayuntamiento de Sant Josep.</p>
<p><em>En base a la normativa que con motivo del COVID-19 regula la realización de actividades culturales en espacios cerrados y al aire libre, se aplicaran las normas oportunas de control de asistencia y de segurridad e higiene vigentes en la fecha de la actividad.</em></p>

<p>Primera edición del Festival Sa Fàbrica de Melodies, aglutina músicos de las cuatro islas. Son 13 artistas los que crean las melodías, que abarcan desde el folk hasta el groove, &hellip; </p>
<p class="link-more"><a href="https://cultura.santjosep.org/es/agenda/festival-de-sa-fabrica-de-melodies/" class="more-link">Seguir leyendo<span class="screen-reader-text"> «Festival de sa Fàbrica de Melodies»</span></a></p>

<!-- This site is optimized with the Yoast SEO plugin v26.6 - https://yoast.com/wordpress/plugins/seo/ -->
<title>Festival de sa Fàbrica de Melodies - Cultura a Sant Josep de sa Talaia</title>
<meta name="robots" content="index, follow, max-snippet:-1, max-image-preview:large, max-video-preview:-1" />
<link rel="canonical" href="https://cultura.santjosep.org/es/agenda/festival-de-sa-fabrica-de-melodies/" />
<meta property="og:locale" content="es_ES" />
<meta property="og:type" content="article" />
<meta property="og:title" content="Festival de sa Fàbrica de Melodies - Cultura a Sant Josep de sa Talaia" />
<meta property="og:description" content="Primera edición del Festival Sa Fàbrica de Melodies, aglutina músicos de las cuatro islas. Son 13 artistas los que crean las melodías, que abarcan desde el folk hasta el groove, &hellip; Seguir leyendo «Festival de sa Fàbrica de Melodies»" />
<meta property="og:url" content="https://cultura.santjosep.org/es/agenda/festival-de-sa-fabrica-de-melodies/" />
<meta property="og:site_name" content="Cultura a Sant Josep de sa Talaia" />
<meta property="article:publisher" content="https://www.facebook.com/Ajuntament-de-Sant-Josep-de-sa-Talaia-197541666931354/" />
<meta property="article:modified_time" content="2020-12-03T08:01:50+00:00" />
<meta property="og:image" content="https://cultura.santjosep.org/wp-content/uploads/2020/12/pere_navarro7.jpg" />
	<meta property="og:image:width" content="1250" />
	<meta property="og:image:height" content="800" />
	<meta property="og:image:type" content="image/jpeg" />
<meta name="twitter:card" content="summary_large_image" />
<meta name="twitter:site" content="@DeTalaia" />
<meta name="twitter:label1" content="Tiempo de lectura" />
	<meta name="twitter:data1" content="1 minuto" />
<script type="application/ld+json" class="yoast-schema-graph">{"@context":"https://schema.org","@graph":[{"@type":"WebPage","@id":"https://cultura.santjosep.org/es/agenda/festival-de-sa-fabrica-de-melodies/","url":"https://cultura.santjosep.org/es/agenda/festival-de-sa-fabrica-de-melodies/","name":"Festival de sa Fàbrica de Melodies - Cultura a Sant Josep de sa Talaia","isPartOf":{"@id":"https://cultura.santjosep.org/es/#website"},"primaryImageOfPage":{"@id":"https://cultura.santjosep.org/es/agenda/festival-de-sa-fabrica-de-melodies/#primaryimage"},"image":{"@id":"https://cultura.santjosep.org/es/agenda/festival-de-sa-fabrica-de-melodies/#primaryimage"},"thumbnailUrl":"https://cultura.santjosep.org/wp-content/uploads/2020/12/pere_navarro7.jpg","datePublished":"2020-12-01T11:00:28+00:00","dateModified":"2020-12-03T08:01:50+00:00","breadcrumb":{"@id":"https://cultura.santjosep.org/es/agenda/festival-de-sa-fabrica-de-melodies/#breadcrumb"},"inLanguage":"es","potentialAction":[{"@type":"ReadAction","target":["https://cultura.santjosep.org/es/agenda/festival-de-sa-fabrica-de-melodies/"]}]},{"@type":"ImageObject","inLanguage":"es","@id":"https://cultura.santjosep.org/es/agenda/festival-de-sa-fabrica-de-melodies/#primaryimage","url":"https://cultura.santjosep.org/wp-content/uploads/2020/12/pere_navarro7.jpg","contentUrl":"https://cultura.santjosep.org/wp-content/uploads/2020/12/pere_navarro7.jpg","width":1250,"height":800},{"@type":"BreadcrumbList","@id":"https://cultura.santjosep.org/es/agenda/festival-de-sa-fabrica-de-melodies/#breadcrumb","itemListElement":[{"@type":"ListItem","position":1,"name":"Portada","item":"https://cultura.santjosep.org/es/"},{"@type":"ListItem","position":2,"name":"Eventos","item":"https://cultura.santjosep.org/agenda/"},{"@type":"ListItem","position":3,"name":"Festival de sa Fàbrica de Melodies"}]},{"@type":"WebSite","@id":"https://cultura.santjosep.org/es/#website","url":"https://cultura.santjosep.org/es/","name":"Cultura a Sant Josep de sa Talaia","description":"","publisher":{"@id":"https://cultura.santjosep.org/es/#organization"},"potentialAction":[{"@type":"SearchAction","target":{"@type":"EntryPoint","urlTemplate":"https://cultura.santjosep.org/es/?s={search_term_string}"},"query-input":{"@type":"PropertyValueSpecification","valueRequired":true,"valueName":"search_term_string"}}],"inLanguage":"es"},{"@type":"Organization","@id":"https://cultura.santjosep.org/es/#organization","name":"Ajuntament de Sant Josep de sa Talaia","url":"https://cultura.santjosep.org/es/","logo":{"@type":"ImageObject","inLanguage":"es","@id":"https://cultura.santjosep.org/es/#/schema/logo/image/","url":"https://cultura.santjosep.org/wp-content/uploads/2020/10/logocolor.jpg","contentUrl":"https://cultura.santjosep.org/wp-content/uploads/2020/10/logocolor.jpg","width":250,"height":98,"caption":"Ajuntament de Sant Josep de sa Talaia"},"image":{"@id":"https://cultura.santjosep.org/es/#/schema/logo/image/"},"sameAs":["https://www.facebook.com/Ajuntament-de-Sant-Josep-de-sa-Talaia-197541666931354/","https://x.com/DeTalaia","https://www.instagram.com/sant_josep_de_sa_talaia/"]}]}</script>
<!-- / Yoast SEO plugin. -->

Festival de sa Fàbrica de Melodies - Cultura a Sant Josep de sa Talaia

Primera edición del Festival Sa Fàbrica de Melodies, aglutina músicos de las cuatro islas. Son 13 artistas los que crean las melodías, que abarcan desde el folk hasta el groove, &hellip; Seguir leyendo «Festival de sa Fàbrica de Melodies»
