{"id":4792,"date":"2020-12-04T12:30:37","date_gmt":"2020-12-04T11:30:37","guid":{"rendered":"https:\/\/cultura.santjosep.org\/agenda\/iii-concurs-infantil-de-postals-de-nadal-llegim-el-nadal\/"},"modified":"2020-12-04T12:31:24","modified_gmt":"2020-12-04T11:31:24","slug":"iii-concurso-infantil-de-postales-de-navidad-llegim-el-nadal","status":"publish","type":"tribe_events","link":"https:\/\/cultura.santjosep.org\/es\/agenda\/iii-concurso-infantil-de-postales-de-navidad-llegim-el-nadal\/","title":{"rendered":"III Concurso infantil de postales de navidad \u00abLlegim el nadal\u00bb"},"content":{"rendered":"<p>Para ni\u00f1os de 6 a 12 a\u00f1os. M\u00e1s informaci\u00f3n en el tel. 971 34 86 30 o en el correu biblioteca.caladebou@santjosep.org<br \/>\nOrganiza la biblioteca de Cala de Bou.<\/p>\n","protected":false},"excerpt":{"rendered":"<p>Para ni\u00f1os de 6 a 12 a\u00f1os. M\u00e1s informaci\u00f3n en el tel. 971 34 86 30 o en el correu biblioteca.caladebou@santjosep.org Organiza la biblioteca de Cala de Bou.<\/p>\n","protected":false},"author":1,"featured_media":4336,"template":"","meta":{"_tribe_events_status":"","_tribe_events_status_reason":"","_tribe_events_is_hybrid":"","_tribe_events_is_virtual":"","_tribe_events_virtual_video_source":"","_tribe_events_virtual_embed_video":"","_tribe_events_virtual_linked_button_text":"","_tribe_events_virtual_linked_button":"","_tribe_events_virtual_show_embed_at":"","_tribe_events_virtual_show_embed_to":[],"_tribe_events_virtual_show_on_event":"","_tribe_events_virtual_show_on_views":"","_tribe_events_virtual_url":"","footnotes":""},"tags":[],"tribe_events_cat":[65,32],"class_list":["post-4792","tribe_events","type-tribe_events","status-publish","has-post-thumbnail","hentry","tribe_events_cat-cala-de-bou-pueblo","tribe_events_cat-concursos","cat_cala-de-bou-pueblo","cat_concursos","entry"],"yoast_head":"<!-- This site is optimized with the Yoast SEO plugin v26.6 - https:\/\/yoast.com\/wordpress\/plugins\/seo\/ -->\n<title>III Concurso infantil de postales de navidad &quot;Llegim el nadal&quot; - Cultura a Sant Josep de sa Talaia<\/title>\n<meta name=\"robots\" content=\"index, follow, max-snippet:-1, max-image-preview:large, max-video-preview:-1\" \/>\n<link rel=\"canonical\" href=\"https:\/\/cultura.santjosep.org\/es\/agenda\/iii-concurso-infantil-de-postales-de-navidad-llegim-el-nadal\/\" \/>\n<meta property=\"og:locale\" content=\"es_ES\" \/>\n<meta property=\"og:type\" content=\"article\" \/>\n<meta property=\"og:title\" content=\"III Concurso infantil de postales de navidad &quot;Llegim el nadal&quot; - Cultura a Sant Josep de sa Talaia\" \/>\n<meta property=\"og:description\" content=\"Para ni\u00f1os de 6 a 12 a\u00f1os. M\u00e1s informaci\u00f3n en el tel. 971 34 86 30 o en el correu biblioteca.caladebou@santjosep.org Organiza la biblioteca de Cala de Bou.\" \/>\n<meta property=\"og:url\" content=\"https:\/\/cultura.santjosep.org\/es\/agenda\/iii-concurso-infantil-de-postales-de-navidad-llegim-el-nadal\/\" \/>\n<meta property=\"og:site_name\" content=\"Cultura a Sant Josep de sa Talaia\" \/>\n<meta property=\"article:publisher\" content=\"https:\/\/www.facebook.com\/Ajuntament-de-Sant-Josep-de-sa-Talaia-197541666931354\/\" \/>\n<meta property=\"article:modified_time\" content=\"2020-12-04T11:31:24+00:00\" \/>\n<meta property=\"og:image\" content=\"https:\/\/cultura.santjosep.org\/wp-content\/uploads\/2020\/12\/Festes-Nadal-Sant-Josep-2020.png\" \/>\n\t<meta property=\"og:image:width\" content=\"981\" \/>\n\t<meta property=\"og:image:height\" content=\"775\" \/>\n\t<meta property=\"og:image:type\" content=\"image\/png\" \/>\n<meta name=\"twitter:card\" content=\"summary_large_image\" \/>\n<meta name=\"twitter:site\" content=\"@DeTalaia\" \/>\n<script type=\"application\/ld+json\" class=\"yoast-schema-graph\">{\"@context\":\"https:\/\/schema.org\",\"@graph\":[{\"@type\":\"WebPage\",\"@id\":\"https:\/\/cultura.santjosep.org\/es\/agenda\/iii-concurso-infantil-de-postales-de-navidad-llegim-el-nadal\/\",\"url\":\"https:\/\/cultura.santjosep.org\/es\/agenda\/iii-concurso-infantil-de-postales-de-navidad-llegim-el-nadal\/\",\"name\":\"III Concurso infantil de postales de navidad \\\"Llegim el nadal\\\" - Cultura a Sant Josep de sa Talaia\",\"isPartOf\":{\"@id\":\"https:\/\/cultura.santjosep.org\/es\/#website\"},\"primaryImageOfPage\":{\"@id\":\"https:\/\/cultura.santjosep.org\/es\/agenda\/iii-concurso-infantil-de-postales-de-navidad-llegim-el-nadal\/#primaryimage\"},\"image\":{\"@id\":\"https:\/\/cultura.santjosep.org\/es\/agenda\/iii-concurso-infantil-de-postales-de-navidad-llegim-el-nadal\/#primaryimage\"},\"thumbnailUrl\":\"https:\/\/cultura.santjosep.org\/wp-content\/uploads\/2020\/12\/Festes-Nadal-Sant-Josep-2020.png\",\"datePublished\":\"2020-12-04T11:30:37+00:00\",\"dateModified\":\"2020-12-04T11:31:24+00:00\",\"breadcrumb\":{\"@id\":\"https:\/\/cultura.santjosep.org\/es\/agenda\/iii-concurso-infantil-de-postales-de-navidad-llegim-el-nadal\/#breadcrumb\"},\"inLanguage\":\"es\",\"potentialAction\":[{\"@type\":\"ReadAction\",\"target\":[\"https:\/\/cultura.santjosep.org\/es\/agenda\/iii-concurso-infantil-de-postales-de-navidad-llegim-el-nadal\/\"]}]},{\"@type\":\"ImageObject\",\"inLanguage\":\"es\",\"@id\":\"https:\/\/cultura.santjosep.org\/es\/agenda\/iii-concurso-infantil-de-postales-de-navidad-llegim-el-nadal\/#primaryimage\",\"url\":\"https:\/\/cultura.santjosep.org\/wp-content\/uploads\/2020\/12\/Festes-Nadal-Sant-Josep-2020.png\",\"contentUrl\":\"https:\/\/cultura.santjosep.org\/wp-content\/uploads\/2020\/12\/Festes-Nadal-Sant-Josep-2020.png\",\"width\":981,\"height\":775},{\"@type\":\"BreadcrumbList\",\"@id\":\"https:\/\/cultura.santjosep.org\/es\/agenda\/iii-concurso-infantil-de-postales-de-navidad-llegim-el-nadal\/#breadcrumb\",\"itemListElement\":[{\"@type\":\"ListItem\",\"position\":1,\"name\":\"Portada\",\"item\":\"https:\/\/cultura.santjosep.org\/es\/\"},{\"@type\":\"ListItem\",\"position\":2,\"name\":\"Eventos\",\"item\":\"https:\/\/cultura.santjosep.org\/agenda\/\"},{\"@type\":\"ListItem\",\"position\":3,\"name\":\"III Concurso infantil de postales de navidad \u00abLlegim el nadal\u00bb\"}]},{\"@type\":\"WebSite\",\"@id\":\"https:\/\/cultura.santjosep.org\/es\/#website\",\"url\":\"https:\/\/cultura.santjosep.org\/es\/\",\"name\":\"Cultura a Sant Josep de sa Talaia\",\"description\":\"\",\"publisher\":{\"@id\":\"https:\/\/cultura.santjosep.org\/es\/#organization\"},\"potentialAction\":[{\"@type\":\"SearchAction\",\"target\":{\"@type\":\"EntryPoint\",\"urlTemplate\":\"https:\/\/cultura.santjosep.org\/es\/?s={search_term_string}\"},\"query-input\":{\"@type\":\"PropertyValueSpecification\",\"valueRequired\":true,\"valueName\":\"search_term_string\"}}],\"inLanguage\":\"es\"},{\"@type\":\"Organization\",\"@id\":\"https:\/\/cultura.santjosep.org\/es\/#organization\",\"name\":\"Ajuntament de Sant Josep de sa Talaia\",\"url\":\"https:\/\/cultura.santjosep.org\/es\/\",\"logo\":{\"@type\":\"ImageObject\",\"inLanguage\":\"es\",\"@id\":\"https:\/\/cultura.santjosep.org\/es\/#\/schema\/logo\/image\/\",\"url\":\"https:\/\/cultura.santjosep.org\/wp-content\/uploads\/2020\/10\/logocolor.jpg\",\"contentUrl\":\"https:\/\/cultura.santjosep.org\/wp-content\/uploads\/2020\/10\/logocolor.jpg\",\"width\":250,\"height\":98,\"caption\":\"Ajuntament de Sant Josep de sa Talaia\"},\"image\":{\"@id\":\"https:\/\/cultura.santjosep.org\/es\/#\/schema\/logo\/image\/\"},\"sameAs\":[\"https:\/\/www.facebook.com\/Ajuntament-de-Sant-Josep-de-sa-Talaia-197541666931354\/\",\"https:\/\/x.com\/DeTalaia\",\"https:\/\/www.instagram.com\/sant_josep_de_sa_talaia\/\"]}]}<\/script>\n<!-- \/ Yoast SEO plugin. -->","yoast_head_json":{"title":"III Concurso infantil de postales de navidad \"Llegim el nadal\" - Cultura a Sant Josep de sa Talaia","robots":{"index":"index","follow":"follow","max-snippet":"max-snippet:-1","max-image-preview":"max-image-preview:large","max-video-preview":"max-video-preview:-1"},"canonical":"https:\/\/cultura.santjosep.org\/es\/agenda\/iii-concurso-infantil-de-postales-de-navidad-llegim-el-nadal\/","og_locale":"es_ES","og_type":"article","og_title":"III Concurso infantil de postales de navidad \"Llegim el nadal\" - Cultura a Sant Josep de sa Talaia","og_description":"Para ni\u00f1os de 6 a 12 a\u00f1os. M\u00e1s informaci\u00f3n en el tel. 971 34 86 30 o en el correu biblioteca.caladebou@santjosep.org Organiza la biblioteca de Cala de Bou.","og_url":"https:\/\/cultura.santjosep.org\/es\/agenda\/iii-concurso-infantil-de-postales-de-navidad-llegim-el-nadal\/","og_site_name":"Cultura a Sant Josep de sa Talaia","article_publisher":"https:\/\/www.facebook.com\/Ajuntament-de-Sant-Josep-de-sa-Talaia-197541666931354\/","article_modified_time":"2020-12-04T11:31:24+00:00","og_image":[{"width":981,"height":775,"url":"https:\/\/cultura.santjosep.org\/wp-content\/uploads\/2020\/12\/Festes-Nadal-Sant-Josep-2020.png","type":"image\/png"}],"twitter_card":"summary_large_image","twitter_site":"@DeTalaia","schema":{"@context":"https:\/\/schema.org","@graph":[{"@type":"WebPage","@id":"https:\/\/cultura.santjosep.org\/es\/agenda\/iii-concurso-infantil-de-postales-de-navidad-llegim-el-nadal\/","url":"https:\/\/cultura.santjosep.org\/es\/agenda\/iii-concurso-infantil-de-postales-de-navidad-llegim-el-nadal\/","name":"III Concurso infantil de postales de navidad \"Llegim el nadal\" - Cultura a Sant Josep de sa Talaia","isPartOf":{"@id":"https:\/\/cultura.santjosep.org\/es\/#website"},"primaryImageOfPage":{"@id":"https:\/\/cultura.santjosep.org\/es\/agenda\/iii-concurso-infantil-de-postales-de-navidad-llegim-el-nadal\/#primaryimage"},"image":{"@id":"https:\/\/cultura.santjosep.org\/es\/agenda\/iii-concurso-infantil-de-postales-de-navidad-llegim-el-nadal\/#primaryimage"},"thumbnailUrl":"https:\/\/cultura.santjosep.org\/wp-content\/uploads\/2020\/12\/Festes-Nadal-Sant-Josep-2020.png","datePublished":"2020-12-04T11:30:37+00:00","dateModified":"2020-12-04T11:31:24+00:00","breadcrumb":{"@id":"https:\/\/cultura.santjosep.org\/es\/agenda\/iii-concurso-infantil-de-postales-de-navidad-llegim-el-nadal\/#breadcrumb"},"inLanguage":"es","potentialAction":[{"@type":"ReadAction","target":["https:\/\/cultura.santjosep.org\/es\/agenda\/iii-concurso-infantil-de-postales-de-navidad-llegim-el-nadal\/"]}]},{"@type":"ImageObject","inLanguage":"es","@id":"https:\/\/cultura.santjosep.org\/es\/agenda\/iii-concurso-infantil-de-postales-de-navidad-llegim-el-nadal\/#primaryimage","url":"https:\/\/cultura.santjosep.org\/wp-content\/uploads\/2020\/12\/Festes-Nadal-Sant-Josep-2020.png","contentUrl":"https:\/\/cultura.santjosep.org\/wp-content\/uploads\/2020\/12\/Festes-Nadal-Sant-Josep-2020.png","width":981,"height":775},{"@type":"BreadcrumbList","@id":"https:\/\/cultura.santjosep.org\/es\/agenda\/iii-concurso-infantil-de-postales-de-navidad-llegim-el-nadal\/#breadcrumb","itemListElement":[{"@type":"ListItem","position":1,"name":"Portada","item":"https:\/\/cultura.santjosep.org\/es\/"},{"@type":"ListItem","position":2,"name":"Eventos","item":"https:\/\/cultura.santjosep.org\/agenda\/"},{"@type":"ListItem","position":3,"name":"III Concurso infantil de postales de navidad \u00abLlegim el nadal\u00bb"}]},{"@type":"WebSite","@id":"https:\/\/cultura.santjosep.org\/es\/#website","url":"https:\/\/cultura.santjosep.org\/es\/","name":"Cultura a Sant Josep de sa Talaia","description":"","publisher":{"@id":"https:\/\/cultura.santjosep.org\/es\/#organization"},"potentialAction":[{"@type":"SearchAction","target":{"@type":"EntryPoint","urlTemplate":"https:\/\/cultura.santjosep.org\/es\/?s={search_term_string}"},"query-input":{"@type":"PropertyValueSpecification","valueRequired":true,"valueName":"search_term_string"}}],"inLanguage":"es"},{"@type":"Organization","@id":"https:\/\/cultura.santjosep.org\/es\/#organization","name":"Ajuntament de Sant Josep de sa Talaia","url":"https:\/\/cultura.santjosep.org\/es\/","logo":{"@type":"ImageObject","inLanguage":"es","@id":"https:\/\/cultura.santjosep.org\/es\/#\/schema\/logo\/image\/","url":"https:\/\/cultura.santjosep.org\/wp-content\/uploads\/2020\/10\/logocolor.jpg","contentUrl":"https:\/\/cultura.santjosep.org\/wp-content\/uploads\/2020\/10\/logocolor.jpg","width":250,"height":98,"caption":"Ajuntament de Sant Josep de sa Talaia"},"image":{"@id":"https:\/\/cultura.santjosep.org\/es\/#\/schema\/logo\/image\/"},"sameAs":["https:\/\/www.facebook.com\/Ajuntament-de-Sant-Josep-de-sa-Talaia-197541666931354\/","https:\/\/x.com\/DeTalaia","https:\/\/www.instagram.com\/sant_josep_de_sa_talaia\/"]}]}},"_links":{"self":[{"href":"https:\/\/cultura.santjosep.org\/es\/wp-json\/wp\/v2\/tribe_events\/4792","targetHints":{"allow":["GET"]}}],"collection":[{"href":"https:\/\/cultura.santjosep.org\/es\/wp-json\/wp\/v2\/tribe_events"}],"about":[{"href":"https:\/\/cultura.santjosep.org\/es\/wp-json\/wp\/v2\/types\/tribe_events"}],"author":[{"embeddable":true,"href":"https:\/\/cultura.santjosep.org\/es\/wp-json\/wp\/v2\/users\/1"}],"version-history":[{"count":0,"href":"https:\/\/cultura.santjosep.org\/es\/wp-json\/wp\/v2\/tribe_events\/4792\/revisions"}],"wp:featuredmedia":[{"embeddable":true,"href":"https:\/\/cultura.santjosep.org\/es\/wp-json\/wp\/v2\/media\/4336"}],"wp:attachment":[{"href":"https:\/\/cultura.santjosep.org\/es\/wp-json\/wp\/v2\/media?parent=4792"}],"wp:term":[{"taxonomy":"post_tag","embeddable":true,"href":"https:\/\/cultura.santjosep.org\/es\/wp-json\/wp\/v2\/tags?post=4792"},{"taxonomy":"tribe_events_cat","embeddable":true,"href":"https:\/\/cultura.santjosep.org\/es\/wp-json\/wp\/v2\/tribe_events_cat?post=4792"}],"curies":[{"name":"wp","href":"https:\/\/api.w.org\/{rel}","templated":true}]}}

<p>Para niños de 6 a 12 años. Más información en el tel. 971 34 86 30 o en el correu biblioteca.caladebou@santjosep.org<br />
Organiza la biblioteca de Cala de Bou.</p>

<p>Para niños de 6 a 12 años. Más información en el tel. 971 34 86 30 o en el correu biblioteca.caladebou@santjosep.org Organiza la biblioteca de Cala de Bou.</p>

<!-- This site is optimized with the Yoast SEO plugin v26.6 - https://yoast.com/wordpress/plugins/seo/ -->
<title>III Concurso infantil de postales de navidad &quot;Llegim el nadal&quot; - Cultura a Sant Josep de sa Talaia</title>
<meta name="robots" content="index, follow, max-snippet:-1, max-image-preview:large, max-video-preview:-1" />
<link rel="canonical" href="https://cultura.santjosep.org/es/agenda/iii-concurso-infantil-de-postales-de-navidad-llegim-el-nadal/" />
<meta property="og:locale" content="es_ES" />
<meta property="og:type" content="article" />
<meta property="og:title" content="III Concurso infantil de postales de navidad &quot;Llegim el nadal&quot; - Cultura a Sant Josep de sa Talaia" />
<meta property="og:description" content="Para niños de 6 a 12 años. Más información en el tel. 971 34 86 30 o en el correu biblioteca.caladebou@santjosep.org Organiza la biblioteca de Cala de Bou." />
<meta property="og:url" content="https://cultura.santjosep.org/es/agenda/iii-concurso-infantil-de-postales-de-navidad-llegim-el-nadal/" />
<meta property="og:site_name" content="Cultura a Sant Josep de sa Talaia" />
<meta property="article:publisher" content="https://www.facebook.com/Ajuntament-de-Sant-Josep-de-sa-Talaia-197541666931354/" />
<meta property="article:modified_time" content="2020-12-04T11:31:24+00:00" />
<meta property="og:image" content="https://cultura.santjosep.org/wp-content/uploads/2020/12/Festes-Nadal-Sant-Josep-2020.png" />
	<meta property="og:image:width" content="981" />
	<meta property="og:image:height" content="775" />
	<meta property="og:image:type" content="image/png" />
<meta name="twitter:card" content="summary_large_image" />
<meta name="twitter:site" content="@DeTalaia" />
<script type="application/ld+json" class="yoast-schema-graph">{"@context":"https://schema.org","@graph":[{"@type":"WebPage","@id":"https://cultura.santjosep.org/es/agenda/iii-concurso-infantil-de-postales-de-navidad-llegim-el-nadal/","url":"https://cultura.santjosep.org/es/agenda/iii-concurso-infantil-de-postales-de-navidad-llegim-el-nadal/","name":"III Concurso infantil de postales de navidad \"Llegim el nadal\" - Cultura a Sant Josep de sa Talaia","isPartOf":{"@id":"https://cultura.santjosep.org/es/#website"},"primaryImageOfPage":{"@id":"https://cultura.santjosep.org/es/agenda/iii-concurso-infantil-de-postales-de-navidad-llegim-el-nadal/#primaryimage"},"image":{"@id":"https://cultura.santjosep.org/es/agenda/iii-concurso-infantil-de-postales-de-navidad-llegim-el-nadal/#primaryimage"},"thumbnailUrl":"https://cultura.santjosep.org/wp-content/uploads/2020/12/Festes-Nadal-Sant-Josep-2020.png","datePublished":"2020-12-04T11:30:37+00:00","dateModified":"2020-12-04T11:31:24+00:00","breadcrumb":{"@id":"https://cultura.santjosep.org/es/agenda/iii-concurso-infantil-de-postales-de-navidad-llegim-el-nadal/#breadcrumb"},"inLanguage":"es","potentialAction":[{"@type":"ReadAction","target":["https://cultura.santjosep.org/es/agenda/iii-concurso-infantil-de-postales-de-navidad-llegim-el-nadal/"]}]},{"@type":"ImageObject","inLanguage":"es","@id":"https://cultura.santjosep.org/es/agenda/iii-concurso-infantil-de-postales-de-navidad-llegim-el-nadal/#primaryimage","url":"https://cultura.santjosep.org/wp-content/uploads/2020/12/Festes-Nadal-Sant-Josep-2020.png","contentUrl":"https://cultura.santjosep.org/wp-content/uploads/2020/12/Festes-Nadal-Sant-Josep-2020.png","width":981,"height":775},{"@type":"BreadcrumbList","@id":"https://cultura.santjosep.org/es/agenda/iii-concurso-infantil-de-postales-de-navidad-llegim-el-nadal/#breadcrumb","itemListElement":[{"@type":"ListItem","position":1,"name":"Portada","item":"https://cultura.santjosep.org/es/"},{"@type":"ListItem","position":2,"name":"Eventos","item":"https://cultura.santjosep.org/agenda/"},{"@type":"ListItem","position":3,"name":"III Concurso infantil de postales de navidad «Llegim el nadal»"}]},{"@type":"WebSite","@id":"https://cultura.santjosep.org/es/#website","url":"https://cultura.santjosep.org/es/","name":"Cultura a Sant Josep de sa Talaia","description":"","publisher":{"@id":"https://cultura.santjosep.org/es/#organization"},"potentialAction":[{"@type":"SearchAction","target":{"@type":"EntryPoint","urlTemplate":"https://cultura.santjosep.org/es/?s={search_term_string}"},"query-input":{"@type":"PropertyValueSpecification","valueRequired":true,"valueName":"search_term_string"}}],"inLanguage":"es"},{"@type":"Organization","@id":"https://cultura.santjosep.org/es/#organization","name":"Ajuntament de Sant Josep de sa Talaia","url":"https://cultura.santjosep.org/es/","logo":{"@type":"ImageObject","inLanguage":"es","@id":"https://cultura.santjosep.org/es/#/schema/logo/image/","url":"https://cultura.santjosep.org/wp-content/uploads/2020/10/logocolor.jpg","contentUrl":"https://cultura.santjosep.org/wp-content/uploads/2020/10/logocolor.jpg","width":250,"height":98,"caption":"Ajuntament de Sant Josep de sa Talaia"},"image":{"@id":"https://cultura.santjosep.org/es/#/schema/logo/image/"},"sameAs":["https://www.facebook.com/Ajuntament-de-Sant-Josep-de-sa-Talaia-197541666931354/","https://x.com/DeTalaia","https://www.instagram.com/sant_josep_de_sa_talaia/"]}]}</script>
<!-- / Yoast SEO plugin. -->

Para niños de 6 a 12 años. Más información en el tel. 971 34 86 30 o en el correu biblioteca.caladebou@santjosep.org Organiza la biblioteca de Cala de Bou.
