{"id":5688,"date":"2021-03-08T12:17:15","date_gmt":"2021-03-08T11:17:15","guid":{"rendered":"https:\/\/cultura.santjosep.org\/agenda\/diada-ute-es-vedra\/"},"modified":"2021-03-23T11:45:56","modified_gmt":"2021-03-23T10:45:56","slug":"fiesta-ute-es-vedra","status":"publish","type":"tribe_events","link":"https:\/\/cultura.santjosep.org\/es\/agenda\/fiesta-ute-es-vedra\/","title":{"rendered":"Diada UTE Es Vedr\u00e0"},"content":{"rendered":"<p>Diada UTE Es Vedr\u00e0. Fiestas de Sant Josep, actividad para los jugadores desde la escuela de f\u00fatbol hasta categor\u00eda Alev\u00edn. Durante el descanso se har\u00e1 una exhibici\u00f3n de gimnasia r\u00edtmica de la UE Sant Josep. Campo de f\u00fatbol de s&#8217;Arenest. Lo organiza la UE Sant Josep.<\/p>\n","protected":false},"excerpt":{"rendered":"<p>Diada UTE Es Vedr\u00e0. Fiestas de Sant Josep, actividad para los jugadores desde la escuela de f\u00fatbol hasta categor\u00eda Alev\u00edn. Durante el descanso se har\u00e1 una exhibici\u00f3n de gimnasia r\u00edtmica &hellip; <\/p>\n<p class=\"link-more\"><a href=\"https:\/\/cultura.santjosep.org\/es\/agenda\/fiesta-ute-es-vedra\/\" class=\"more-link\">Seguir leyendo<span class=\"screen-reader-text\"> \u00abDiada UTE Es Vedr\u00e0\u00bb<\/span><\/a><\/p>\n","protected":false},"author":1,"featured_media":5685,"template":"","meta":{"_tribe_events_status":"","_tribe_events_status_reason":"","_tribe_events_is_hybrid":"","_tribe_events_is_virtual":"","_tribe_events_virtual_video_source":"","_tribe_events_virtual_embed_video":"","_tribe_events_virtual_linked_button_text":"","_tribe_events_virtual_linked_button":"","_tribe_events_virtual_show_embed_at":"","_tribe_events_virtual_show_embed_to":[],"_tribe_events_virtual_show_on_event":"","_tribe_events_virtual_show_on_views":"","_tribe_events_virtual_url":"","footnotes":""},"tags":[],"tribe_events_cat":[67],"class_list":["post-5688","tribe_events","type-tribe_events","status-publish","has-post-thumbnail","hentry","tribe_events_cat-deportes","cat_deportes","entry"],"yoast_head":"<!-- This site is optimized with the Yoast SEO plugin v26.6 - https:\/\/yoast.com\/wordpress\/plugins\/seo\/ -->\n<title>Diada UTE Es Vedr\u00e0 - Cultura a Sant Josep de sa Talaia<\/title>\n<meta name=\"robots\" content=\"index, follow, max-snippet:-1, max-image-preview:large, max-video-preview:-1\" \/>\n<link rel=\"canonical\" href=\"https:\/\/cultura.santjosep.org\/es\/agenda\/fiesta-ute-es-vedra\/\" \/>\n<meta property=\"og:locale\" content=\"es_ES\" \/>\n<meta property=\"og:type\" content=\"article\" \/>\n<meta property=\"og:title\" content=\"Diada UTE Es Vedr\u00e0 - Cultura a Sant Josep de sa Talaia\" \/>\n<meta property=\"og:description\" content=\"Diada UTE Es Vedr\u00e0. Fiestas de Sant Josep, actividad para los jugadores desde la escuela de f\u00fatbol hasta categor\u00eda Alev\u00edn. Durante el descanso se har\u00e1 una exhibici\u00f3n de gimnasia r\u00edtmica &hellip; Seguir leyendo \u00abDiada UTE Es Vedr\u00e0\u00bb\" \/>\n<meta property=\"og:url\" content=\"https:\/\/cultura.santjosep.org\/es\/agenda\/fiesta-ute-es-vedra\/\" \/>\n<meta property=\"og:site_name\" content=\"Cultura a Sant Josep de sa Talaia\" \/>\n<meta property=\"article:publisher\" content=\"https:\/\/www.facebook.com\/Ajuntament-de-Sant-Josep-de-sa-Talaia-197541666931354\/\" \/>\n<meta property=\"article:modified_time\" content=\"2021-03-23T10:45:56+00:00\" \/>\n<meta property=\"og:image\" content=\"https:\/\/cultura.santjosep.org\/wp-content\/uploads\/2021\/03\/Captura-de-pantalla-2021-03-08-a-las-12.16.52.png\" \/>\n\t<meta property=\"og:image:width\" content=\"1000\" \/>\n\t<meta property=\"og:image:height\" content=\"715\" \/>\n\t<meta property=\"og:image:type\" content=\"image\/png\" \/>\n<meta name=\"twitter:card\" content=\"summary_large_image\" \/>\n<meta name=\"twitter:site\" content=\"@DeTalaia\" \/>\n<script type=\"application\/ld+json\" class=\"yoast-schema-graph\">{\"@context\":\"https:\/\/schema.org\",\"@graph\":[{\"@type\":\"WebPage\",\"@id\":\"https:\/\/cultura.santjosep.org\/es\/agenda\/fiesta-ute-es-vedra\/\",\"url\":\"https:\/\/cultura.santjosep.org\/es\/agenda\/fiesta-ute-es-vedra\/\",\"name\":\"Diada UTE Es Vedr\u00e0 - Cultura a Sant Josep de sa Talaia\",\"isPartOf\":{\"@id\":\"https:\/\/cultura.santjosep.org\/es\/#website\"},\"primaryImageOfPage\":{\"@id\":\"https:\/\/cultura.santjosep.org\/es\/agenda\/fiesta-ute-es-vedra\/#primaryimage\"},\"image\":{\"@id\":\"https:\/\/cultura.santjosep.org\/es\/agenda\/fiesta-ute-es-vedra\/#primaryimage\"},\"thumbnailUrl\":\"https:\/\/cultura.santjosep.org\/wp-content\/uploads\/2021\/03\/Captura-de-pantalla-2021-03-08-a-las-12.16.52.png\",\"datePublished\":\"2021-03-08T11:17:15+00:00\",\"dateModified\":\"2021-03-23T10:45:56+00:00\",\"breadcrumb\":{\"@id\":\"https:\/\/cultura.santjosep.org\/es\/agenda\/fiesta-ute-es-vedra\/#breadcrumb\"},\"inLanguage\":\"es\",\"potentialAction\":[{\"@type\":\"ReadAction\",\"target\":[\"https:\/\/cultura.santjosep.org\/es\/agenda\/fiesta-ute-es-vedra\/\"]}]},{\"@type\":\"ImageObject\",\"inLanguage\":\"es\",\"@id\":\"https:\/\/cultura.santjosep.org\/es\/agenda\/fiesta-ute-es-vedra\/#primaryimage\",\"url\":\"https:\/\/cultura.santjosep.org\/wp-content\/uploads\/2021\/03\/Captura-de-pantalla-2021-03-08-a-las-12.16.52.png\",\"contentUrl\":\"https:\/\/cultura.santjosep.org\/wp-content\/uploads\/2021\/03\/Captura-de-pantalla-2021-03-08-a-las-12.16.52.png\",\"width\":1000,\"height\":715},{\"@type\":\"BreadcrumbList\",\"@id\":\"https:\/\/cultura.santjosep.org\/es\/agenda\/fiesta-ute-es-vedra\/#breadcrumb\",\"itemListElement\":[{\"@type\":\"ListItem\",\"position\":1,\"name\":\"Portada\",\"item\":\"https:\/\/cultura.santjosep.org\/es\/\"},{\"@type\":\"ListItem\",\"position\":2,\"name\":\"Eventos\",\"item\":\"https:\/\/cultura.santjosep.org\/agenda\/\"},{\"@type\":\"ListItem\",\"position\":3,\"name\":\"Diada UTE Es Vedr\u00e0\"}]},{\"@type\":\"WebSite\",\"@id\":\"https:\/\/cultura.santjosep.org\/es\/#website\",\"url\":\"https:\/\/cultura.santjosep.org\/es\/\",\"name\":\"Cultura a Sant Josep de sa Talaia\",\"description\":\"\",\"publisher\":{\"@id\":\"https:\/\/cultura.santjosep.org\/es\/#organization\"},\"potentialAction\":[{\"@type\":\"SearchAction\",\"target\":{\"@type\":\"EntryPoint\",\"urlTemplate\":\"https:\/\/cultura.santjosep.org\/es\/?s={search_term_string}\"},\"query-input\":{\"@type\":\"PropertyValueSpecification\",\"valueRequired\":true,\"valueName\":\"search_term_string\"}}],\"inLanguage\":\"es\"},{\"@type\":\"Organization\",\"@id\":\"https:\/\/cultura.santjosep.org\/es\/#organization\",\"name\":\"Ajuntament de Sant Josep de sa Talaia\",\"url\":\"https:\/\/cultura.santjosep.org\/es\/\",\"logo\":{\"@type\":\"ImageObject\",\"inLanguage\":\"es\",\"@id\":\"https:\/\/cultura.santjosep.org\/es\/#\/schema\/logo\/image\/\",\"url\":\"https:\/\/cultura.santjosep.org\/wp-content\/uploads\/2020\/10\/logocolor.jpg\",\"contentUrl\":\"https:\/\/cultura.santjosep.org\/wp-content\/uploads\/2020\/10\/logocolor.jpg\",\"width\":250,\"height\":98,\"caption\":\"Ajuntament de Sant Josep de sa Talaia\"},\"image\":{\"@id\":\"https:\/\/cultura.santjosep.org\/es\/#\/schema\/logo\/image\/\"},\"sameAs\":[\"https:\/\/www.facebook.com\/Ajuntament-de-Sant-Josep-de-sa-Talaia-197541666931354\/\",\"https:\/\/x.com\/DeTalaia\",\"https:\/\/www.instagram.com\/sant_josep_de_sa_talaia\/\"]}]}<\/script>\n<!-- \/ Yoast SEO plugin. -->","yoast_head_json":{"title":"Diada UTE Es Vedr\u00e0 - Cultura a Sant Josep de sa Talaia","robots":{"index":"index","follow":"follow","max-snippet":"max-snippet:-1","max-image-preview":"max-image-preview:large","max-video-preview":"max-video-preview:-1"},"canonical":"https:\/\/cultura.santjosep.org\/es\/agenda\/fiesta-ute-es-vedra\/","og_locale":"es_ES","og_type":"article","og_title":"Diada UTE Es Vedr\u00e0 - Cultura a Sant Josep de sa Talaia","og_description":"Diada UTE Es Vedr\u00e0. Fiestas de Sant Josep, actividad para los jugadores desde la escuela de f\u00fatbol hasta categor\u00eda Alev\u00edn. Durante el descanso se har\u00e1 una exhibici\u00f3n de gimnasia r\u00edtmica &hellip; Seguir leyendo \u00abDiada UTE Es Vedr\u00e0\u00bb","og_url":"https:\/\/cultura.santjosep.org\/es\/agenda\/fiesta-ute-es-vedra\/","og_site_name":"Cultura a Sant Josep de sa Talaia","article_publisher":"https:\/\/www.facebook.com\/Ajuntament-de-Sant-Josep-de-sa-Talaia-197541666931354\/","article_modified_time":"2021-03-23T10:45:56+00:00","og_image":[{"width":1000,"height":715,"url":"https:\/\/cultura.santjosep.org\/wp-content\/uploads\/2021\/03\/Captura-de-pantalla-2021-03-08-a-las-12.16.52.png","type":"image\/png"}],"twitter_card":"summary_large_image","twitter_site":"@DeTalaia","schema":{"@context":"https:\/\/schema.org","@graph":[{"@type":"WebPage","@id":"https:\/\/cultura.santjosep.org\/es\/agenda\/fiesta-ute-es-vedra\/","url":"https:\/\/cultura.santjosep.org\/es\/agenda\/fiesta-ute-es-vedra\/","name":"Diada UTE Es Vedr\u00e0 - Cultura a Sant Josep de sa Talaia","isPartOf":{"@id":"https:\/\/cultura.santjosep.org\/es\/#website"},"primaryImageOfPage":{"@id":"https:\/\/cultura.santjosep.org\/es\/agenda\/fiesta-ute-es-vedra\/#primaryimage"},"image":{"@id":"https:\/\/cultura.santjosep.org\/es\/agenda\/fiesta-ute-es-vedra\/#primaryimage"},"thumbnailUrl":"https:\/\/cultura.santjosep.org\/wp-content\/uploads\/2021\/03\/Captura-de-pantalla-2021-03-08-a-las-12.16.52.png","datePublished":"2021-03-08T11:17:15+00:00","dateModified":"2021-03-23T10:45:56+00:00","breadcrumb":{"@id":"https:\/\/cultura.santjosep.org\/es\/agenda\/fiesta-ute-es-vedra\/#breadcrumb"},"inLanguage":"es","potentialAction":[{"@type":"ReadAction","target":["https:\/\/cultura.santjosep.org\/es\/agenda\/fiesta-ute-es-vedra\/"]}]},{"@type":"ImageObject","inLanguage":"es","@id":"https:\/\/cultura.santjosep.org\/es\/agenda\/fiesta-ute-es-vedra\/#primaryimage","url":"https:\/\/cultura.santjosep.org\/wp-content\/uploads\/2021\/03\/Captura-de-pantalla-2021-03-08-a-las-12.16.52.png","contentUrl":"https:\/\/cultura.santjosep.org\/wp-content\/uploads\/2021\/03\/Captura-de-pantalla-2021-03-08-a-las-12.16.52.png","width":1000,"height":715},{"@type":"BreadcrumbList","@id":"https:\/\/cultura.santjosep.org\/es\/agenda\/fiesta-ute-es-vedra\/#breadcrumb","itemListElement":[{"@type":"ListItem","position":1,"name":"Portada","item":"https:\/\/cultura.santjosep.org\/es\/"},{"@type":"ListItem","position":2,"name":"Eventos","item":"https:\/\/cultura.santjosep.org\/agenda\/"},{"@type":"ListItem","position":3,"name":"Diada UTE Es Vedr\u00e0"}]},{"@type":"WebSite","@id":"https:\/\/cultura.santjosep.org\/es\/#website","url":"https:\/\/cultura.santjosep.org\/es\/","name":"Cultura a Sant Josep de sa Talaia","description":"","publisher":{"@id":"https:\/\/cultura.santjosep.org\/es\/#organization"},"potentialAction":[{"@type":"SearchAction","target":{"@type":"EntryPoint","urlTemplate":"https:\/\/cultura.santjosep.org\/es\/?s={search_term_string}"},"query-input":{"@type":"PropertyValueSpecification","valueRequired":true,"valueName":"search_term_string"}}],"inLanguage":"es"},{"@type":"Organization","@id":"https:\/\/cultura.santjosep.org\/es\/#organization","name":"Ajuntament de Sant Josep de sa Talaia","url":"https:\/\/cultura.santjosep.org\/es\/","logo":{"@type":"ImageObject","inLanguage":"es","@id":"https:\/\/cultura.santjosep.org\/es\/#\/schema\/logo\/image\/","url":"https:\/\/cultura.santjosep.org\/wp-content\/uploads\/2020\/10\/logocolor.jpg","contentUrl":"https:\/\/cultura.santjosep.org\/wp-content\/uploads\/2020\/10\/logocolor.jpg","width":250,"height":98,"caption":"Ajuntament de Sant Josep de sa Talaia"},"image":{"@id":"https:\/\/cultura.santjosep.org\/es\/#\/schema\/logo\/image\/"},"sameAs":["https:\/\/www.facebook.com\/Ajuntament-de-Sant-Josep-de-sa-Talaia-197541666931354\/","https:\/\/x.com\/DeTalaia","https:\/\/www.instagram.com\/sant_josep_de_sa_talaia\/"]}]}},"_links":{"self":[{"href":"https:\/\/cultura.santjosep.org\/es\/wp-json\/wp\/v2\/tribe_events\/5688","targetHints":{"allow":["GET"]}}],"collection":[{"href":"https:\/\/cultura.santjosep.org\/es\/wp-json\/wp\/v2\/tribe_events"}],"about":[{"href":"https:\/\/cultura.santjosep.org\/es\/wp-json\/wp\/v2\/types\/tribe_events"}],"author":[{"embeddable":true,"href":"https:\/\/cultura.santjosep.org\/es\/wp-json\/wp\/v2\/users\/1"}],"version-history":[{"count":0,"href":"https:\/\/cultura.santjosep.org\/es\/wp-json\/wp\/v2\/tribe_events\/5688\/revisions"}],"wp:featuredmedia":[{"embeddable":true,"href":"https:\/\/cultura.santjosep.org\/es\/wp-json\/wp\/v2\/media\/5685"}],"wp:attachment":[{"href":"https:\/\/cultura.santjosep.org\/es\/wp-json\/wp\/v2\/media?parent=5688"}],"wp:term":[{"taxonomy":"post_tag","embeddable":true,"href":"https:\/\/cultura.santjosep.org\/es\/wp-json\/wp\/v2\/tags?post=5688"},{"taxonomy":"tribe_events_cat","embeddable":true,"href":"https:\/\/cultura.santjosep.org\/es\/wp-json\/wp\/v2\/tribe_events_cat?post=5688"}],"curies":[{"name":"wp","href":"https:\/\/api.w.org\/{rel}","templated":true}]}}

Diada UTE Es Vedrà

<p>Diada UTE Es Vedrà. Fiestas de Sant Josep, actividad para los jugadores desde la escuela de fútbol hasta categoría Alevín. Durante el descanso se hará una exhibición de gimnasia rítmica de la UE Sant Josep. Campo de fútbol de s&#8217;Arenest. Lo organiza la UE Sant Josep.</p>

<p>Diada UTE Es Vedrà. Fiestas de Sant Josep, actividad para los jugadores desde la escuela de fútbol hasta categoría Alevín. Durante el descanso se hará una exhibición de gimnasia rítmica &hellip; </p>
<p class="link-more"><a href="https://cultura.santjosep.org/es/agenda/fiesta-ute-es-vedra/" class="more-link">Seguir leyendo<span class="screen-reader-text"> «Diada UTE Es Vedrà»</span></a></p>

<!-- This site is optimized with the Yoast SEO plugin v26.6 - https://yoast.com/wordpress/plugins/seo/ -->
<title>Diada UTE Es Vedrà - Cultura a Sant Josep de sa Talaia</title>
<meta name="robots" content="index, follow, max-snippet:-1, max-image-preview:large, max-video-preview:-1" />
<link rel="canonical" href="https://cultura.santjosep.org/es/agenda/fiesta-ute-es-vedra/" />
<meta property="og:locale" content="es_ES" />
<meta property="og:type" content="article" />
<meta property="og:title" content="Diada UTE Es Vedrà - Cultura a Sant Josep de sa Talaia" />
<meta property="og:description" content="Diada UTE Es Vedrà. Fiestas de Sant Josep, actividad para los jugadores desde la escuela de fútbol hasta categoría Alevín. Durante el descanso se hará una exhibición de gimnasia rítmica &hellip; Seguir leyendo «Diada UTE Es Vedrà»" />
<meta property="og:url" content="https://cultura.santjosep.org/es/agenda/fiesta-ute-es-vedra/" />
<meta property="og:site_name" content="Cultura a Sant Josep de sa Talaia" />
<meta property="article:publisher" content="https://www.facebook.com/Ajuntament-de-Sant-Josep-de-sa-Talaia-197541666931354/" />
<meta property="article:modified_time" content="2021-03-23T10:45:56+00:00" />
<meta property="og:image" content="https://cultura.santjosep.org/wp-content/uploads/2021/03/Captura-de-pantalla-2021-03-08-a-las-12.16.52.png" />
	<meta property="og:image:width" content="1000" />
	<meta property="og:image:height" content="715" />
	<meta property="og:image:type" content="image/png" />
<meta name="twitter:card" content="summary_large_image" />
<meta name="twitter:site" content="@DeTalaia" />
<script type="application/ld+json" class="yoast-schema-graph">{"@context":"https://schema.org","@graph":[{"@type":"WebPage","@id":"https://cultura.santjosep.org/es/agenda/fiesta-ute-es-vedra/","url":"https://cultura.santjosep.org/es/agenda/fiesta-ute-es-vedra/","name":"Diada UTE Es Vedrà - Cultura a Sant Josep de sa Talaia","isPartOf":{"@id":"https://cultura.santjosep.org/es/#website"},"primaryImageOfPage":{"@id":"https://cultura.santjosep.org/es/agenda/fiesta-ute-es-vedra/#primaryimage"},"image":{"@id":"https://cultura.santjosep.org/es/agenda/fiesta-ute-es-vedra/#primaryimage"},"thumbnailUrl":"https://cultura.santjosep.org/wp-content/uploads/2021/03/Captura-de-pantalla-2021-03-08-a-las-12.16.52.png","datePublished":"2021-03-08T11:17:15+00:00","dateModified":"2021-03-23T10:45:56+00:00","breadcrumb":{"@id":"https://cultura.santjosep.org/es/agenda/fiesta-ute-es-vedra/#breadcrumb"},"inLanguage":"es","potentialAction":[{"@type":"ReadAction","target":["https://cultura.santjosep.org/es/agenda/fiesta-ute-es-vedra/"]}]},{"@type":"ImageObject","inLanguage":"es","@id":"https://cultura.santjosep.org/es/agenda/fiesta-ute-es-vedra/#primaryimage","url":"https://cultura.santjosep.org/wp-content/uploads/2021/03/Captura-de-pantalla-2021-03-08-a-las-12.16.52.png","contentUrl":"https://cultura.santjosep.org/wp-content/uploads/2021/03/Captura-de-pantalla-2021-03-08-a-las-12.16.52.png","width":1000,"height":715},{"@type":"BreadcrumbList","@id":"https://cultura.santjosep.org/es/agenda/fiesta-ute-es-vedra/#breadcrumb","itemListElement":[{"@type":"ListItem","position":1,"name":"Portada","item":"https://cultura.santjosep.org/es/"},{"@type":"ListItem","position":2,"name":"Eventos","item":"https://cultura.santjosep.org/agenda/"},{"@type":"ListItem","position":3,"name":"Diada UTE Es Vedrà"}]},{"@type":"WebSite","@id":"https://cultura.santjosep.org/es/#website","url":"https://cultura.santjosep.org/es/","name":"Cultura a Sant Josep de sa Talaia","description":"","publisher":{"@id":"https://cultura.santjosep.org/es/#organization"},"potentialAction":[{"@type":"SearchAction","target":{"@type":"EntryPoint","urlTemplate":"https://cultura.santjosep.org/es/?s={search_term_string}"},"query-input":{"@type":"PropertyValueSpecification","valueRequired":true,"valueName":"search_term_string"}}],"inLanguage":"es"},{"@type":"Organization","@id":"https://cultura.santjosep.org/es/#organization","name":"Ajuntament de Sant Josep de sa Talaia","url":"https://cultura.santjosep.org/es/","logo":{"@type":"ImageObject","inLanguage":"es","@id":"https://cultura.santjosep.org/es/#/schema/logo/image/","url":"https://cultura.santjosep.org/wp-content/uploads/2020/10/logocolor.jpg","contentUrl":"https://cultura.santjosep.org/wp-content/uploads/2020/10/logocolor.jpg","width":250,"height":98,"caption":"Ajuntament de Sant Josep de sa Talaia"},"image":{"@id":"https://cultura.santjosep.org/es/#/schema/logo/image/"},"sameAs":["https://www.facebook.com/Ajuntament-de-Sant-Josep-de-sa-Talaia-197541666931354/","https://x.com/DeTalaia","https://www.instagram.com/sant_josep_de_sa_talaia/"]}]}</script>
<!-- / Yoast SEO plugin. -->

Diada UTE Es Vedrà - Cultura a Sant Josep de sa Talaia

Diada UTE Es Vedrà. Fiestas de Sant Josep, actividad para los jugadores desde la escuela de fútbol hasta categoría Alevín. Durante el descanso se hará una exhibición de gimnasia rítmica &hellip; Seguir leyendo «Diada UTE Es Vedrà»
