{"id":6091,"date":"2021-04-09T13:25:26","date_gmt":"2021-04-09T11:25:26","guid":{"rendered":"https:\/\/cultura.santjosep.org\/agenda\/concurs-de-dibuix-infantil-festes-de-santjordi\/"},"modified":"2021-04-09T13:27:15","modified_gmt":"2021-04-09T11:27:15","slug":"concurso-de-dibujo-infanti-festes-de-santjordi","status":"publish","type":"tribe_events","link":"https:\/\/cultura.santjosep.org\/es\/agenda\/concurso-de-dibujo-infanti-festes-de-santjordi\/","title":{"rendered":"Concurso de dibujo infanti \u00abFestes de Sant Jordi\u00bb"},"content":{"rendered":"<p>Concurso de dibujo infantil \u00abFiestas de Sant Jordi\u00bb. Dibujo de estilo libre con tem\u00e1tica Fiestas de Sant Jordi.<br \/>\nCategor\u00edas de participaci\u00f3n: hasta 5 a\u00f1os, de 6 a 8 a\u00f1os, de 9 a 12 a\u00f1os y de 13 a\u00f1os adelante.<br \/>\nLos trabajos se podr\u00e1n presentar hasta el d\u00eda 23 de abril mediante el correo <a href=\"mailto:info@gfsantjordi.org\">info@gfsantjordi.org<\/a>.<br \/>\nLos ganadores se dar\u00e1n a conocer mediante las redes sociales del <strong>Grup Folkl\u00f3ric San Jorge de sus Salinas<\/strong>.<br \/>\nLo organiza el Grup Folkl\u00f3ric San Jorge de sus Salinas.<\/p>\n","protected":false},"excerpt":{"rendered":"<p>Concurso de dibujo infantil \u00abFiestas de Sant Jordi\u00bb. Dibujo de estilo libre con tem\u00e1tica Fiestas de Sant Jordi. Categor\u00edas de participaci\u00f3n: hasta 5 a\u00f1os, de 6 a 8 a\u00f1os, de &hellip; <\/p>\n<p class=\"link-more\"><a href=\"https:\/\/cultura.santjosep.org\/es\/agenda\/concurso-de-dibujo-infanti-festes-de-santjordi\/\" class=\"more-link\">Seguir leyendo<span class=\"screen-reader-text\"> \u00abConcurso de dibujo infanti \u00abFestes de Sant Jordi\u00bb\u00bb<\/span><\/a><\/p>\n","protected":false},"author":1,"featured_media":6077,"template":"","meta":{"_tribe_events_status":"","_tribe_events_status_reason":"","_tribe_events_is_hybrid":"","_tribe_events_is_virtual":"","_tribe_events_virtual_video_source":"","_tribe_events_virtual_embed_video":"","_tribe_events_virtual_linked_button_text":"","_tribe_events_virtual_linked_button":"","_tribe_events_virtual_show_embed_at":"","_tribe_events_virtual_show_embed_to":[],"_tribe_events_virtual_show_on_event":"","_tribe_events_virtual_show_on_views":"","_tribe_events_virtual_url":"","footnotes":""},"tags":[],"tribe_events_cat":[],"class_list":["post-6091","tribe_events","type-tribe_events","status-publish","has-post-thumbnail","hentry","entry"],"yoast_head":"<!-- This site is optimized with the Yoast SEO plugin v26.6 - https:\/\/yoast.com\/wordpress\/plugins\/seo\/ -->\n<title>Concurso de dibujo infanti &quot;Festes de Sant Jordi&quot; - Cultura a Sant Josep de sa Talaia<\/title>\n<meta name=\"robots\" content=\"index, follow, max-snippet:-1, max-image-preview:large, max-video-preview:-1\" \/>\n<link rel=\"canonical\" href=\"https:\/\/cultura.santjosep.org\/es\/agenda\/concurso-de-dibujo-infanti-festes-de-santjordi\/\" \/>\n<meta property=\"og:locale\" content=\"es_ES\" \/>\n<meta property=\"og:type\" content=\"article\" \/>\n<meta property=\"og:title\" content=\"Concurso de dibujo infanti &quot;Festes de Sant Jordi&quot; - Cultura a Sant Josep de sa Talaia\" \/>\n<meta property=\"og:description\" content=\"Concurso de dibujo infantil \u00abFiestas de Sant Jordi\u00bb. Dibujo de estilo libre con tem\u00e1tica Fiestas de Sant Jordi. Categor\u00edas de participaci\u00f3n: hasta 5 a\u00f1os, de 6 a 8 a\u00f1os, de &hellip; Seguir leyendo \u00abConcurso de dibujo infanti \u00abFestes de Sant Jordi\u00bb\u00bb\" \/>\n<meta property=\"og:url\" content=\"https:\/\/cultura.santjosep.org\/es\/agenda\/concurso-de-dibujo-infanti-festes-de-santjordi\/\" \/>\n<meta property=\"og:site_name\" content=\"Cultura a Sant Josep de sa Talaia\" \/>\n<meta property=\"article:publisher\" content=\"https:\/\/www.facebook.com\/Ajuntament-de-Sant-Josep-de-sa-Talaia-197541666931354\/\" \/>\n<meta property=\"article:modified_time\" content=\"2021-04-09T11:27:15+00:00\" \/>\n<meta property=\"og:image\" content=\"https:\/\/cultura.santjosep.org\/wp-content\/uploads\/2021\/04\/Mesa-de-trabajo-71.png\" \/>\n\t<meta property=\"og:image:width\" content=\"713\" \/>\n\t<meta property=\"og:image:height\" content=\"513\" \/>\n\t<meta property=\"og:image:type\" content=\"image\/png\" \/>\n<meta name=\"twitter:card\" content=\"summary_large_image\" \/>\n<meta name=\"twitter:site\" content=\"@DeTalaia\" \/>\n<script type=\"application\/ld+json\" class=\"yoast-schema-graph\">{\"@context\":\"https:\/\/schema.org\",\"@graph\":[{\"@type\":\"WebPage\",\"@id\":\"https:\/\/cultura.santjosep.org\/es\/agenda\/concurso-de-dibujo-infanti-festes-de-santjordi\/\",\"url\":\"https:\/\/cultura.santjosep.org\/es\/agenda\/concurso-de-dibujo-infanti-festes-de-santjordi\/\",\"name\":\"Concurso de dibujo infanti \\\"Festes de Sant Jordi\\\" - Cultura a Sant Josep de sa Talaia\",\"isPartOf\":{\"@id\":\"https:\/\/cultura.santjosep.org\/es\/#website\"},\"primaryImageOfPage\":{\"@id\":\"https:\/\/cultura.santjosep.org\/es\/agenda\/concurso-de-dibujo-infanti-festes-de-santjordi\/#primaryimage\"},\"image\":{\"@id\":\"https:\/\/cultura.santjosep.org\/es\/agenda\/concurso-de-dibujo-infanti-festes-de-santjordi\/#primaryimage\"},\"thumbnailUrl\":\"https:\/\/cultura.santjosep.org\/wp-content\/uploads\/2021\/04\/Mesa-de-trabajo-71.png\",\"datePublished\":\"2021-04-09T11:25:26+00:00\",\"dateModified\":\"2021-04-09T11:27:15+00:00\",\"breadcrumb\":{\"@id\":\"https:\/\/cultura.santjosep.org\/es\/agenda\/concurso-de-dibujo-infanti-festes-de-santjordi\/#breadcrumb\"},\"inLanguage\":\"es\",\"potentialAction\":[{\"@type\":\"ReadAction\",\"target\":[\"https:\/\/cultura.santjosep.org\/es\/agenda\/concurso-de-dibujo-infanti-festes-de-santjordi\/\"]}]},{\"@type\":\"ImageObject\",\"inLanguage\":\"es\",\"@id\":\"https:\/\/cultura.santjosep.org\/es\/agenda\/concurso-de-dibujo-infanti-festes-de-santjordi\/#primaryimage\",\"url\":\"https:\/\/cultura.santjosep.org\/wp-content\/uploads\/2021\/04\/Mesa-de-trabajo-71.png\",\"contentUrl\":\"https:\/\/cultura.santjosep.org\/wp-content\/uploads\/2021\/04\/Mesa-de-trabajo-71.png\",\"width\":713,\"height\":513},{\"@type\":\"BreadcrumbList\",\"@id\":\"https:\/\/cultura.santjosep.org\/es\/agenda\/concurso-de-dibujo-infanti-festes-de-santjordi\/#breadcrumb\",\"itemListElement\":[{\"@type\":\"ListItem\",\"position\":1,\"name\":\"Portada\",\"item\":\"https:\/\/cultura.santjosep.org\/es\/\"},{\"@type\":\"ListItem\",\"position\":2,\"name\":\"Eventos\",\"item\":\"https:\/\/cultura.santjosep.org\/agenda\/\"},{\"@type\":\"ListItem\",\"position\":3,\"name\":\"Concurso de dibujo infanti \u00abFestes de Sant Jordi\u00bb\"}]},{\"@type\":\"WebSite\",\"@id\":\"https:\/\/cultura.santjosep.org\/es\/#website\",\"url\":\"https:\/\/cultura.santjosep.org\/es\/\",\"name\":\"Cultura a Sant Josep de sa Talaia\",\"description\":\"\",\"publisher\":{\"@id\":\"https:\/\/cultura.santjosep.org\/es\/#organization\"},\"potentialAction\":[{\"@type\":\"SearchAction\",\"target\":{\"@type\":\"EntryPoint\",\"urlTemplate\":\"https:\/\/cultura.santjosep.org\/es\/?s={search_term_string}\"},\"query-input\":{\"@type\":\"PropertyValueSpecification\",\"valueRequired\":true,\"valueName\":\"search_term_string\"}}],\"inLanguage\":\"es\"},{\"@type\":\"Organization\",\"@id\":\"https:\/\/cultura.santjosep.org\/es\/#organization\",\"name\":\"Ajuntament de Sant Josep de sa Talaia\",\"url\":\"https:\/\/cultura.santjosep.org\/es\/\",\"logo\":{\"@type\":\"ImageObject\",\"inLanguage\":\"es\",\"@id\":\"https:\/\/cultura.santjosep.org\/es\/#\/schema\/logo\/image\/\",\"url\":\"https:\/\/cultura.santjosep.org\/wp-content\/uploads\/2020\/10\/logocolor.jpg\",\"contentUrl\":\"https:\/\/cultura.santjosep.org\/wp-content\/uploads\/2020\/10\/logocolor.jpg\",\"width\":250,\"height\":98,\"caption\":\"Ajuntament de Sant Josep de sa Talaia\"},\"image\":{\"@id\":\"https:\/\/cultura.santjosep.org\/es\/#\/schema\/logo\/image\/\"},\"sameAs\":[\"https:\/\/www.facebook.com\/Ajuntament-de-Sant-Josep-de-sa-Talaia-197541666931354\/\",\"https:\/\/x.com\/DeTalaia\",\"https:\/\/www.instagram.com\/sant_josep_de_sa_talaia\/\"]}]}<\/script>\n<!-- \/ Yoast SEO plugin. -->","yoast_head_json":{"title":"Concurso de dibujo infanti \"Festes de Sant Jordi\" - Cultura a Sant Josep de sa Talaia","robots":{"index":"index","follow":"follow","max-snippet":"max-snippet:-1","max-image-preview":"max-image-preview:large","max-video-preview":"max-video-preview:-1"},"canonical":"https:\/\/cultura.santjosep.org\/es\/agenda\/concurso-de-dibujo-infanti-festes-de-santjordi\/","og_locale":"es_ES","og_type":"article","og_title":"Concurso de dibujo infanti \"Festes de Sant Jordi\" - Cultura a Sant Josep de sa Talaia","og_description":"Concurso de dibujo infantil \u00abFiestas de Sant Jordi\u00bb. Dibujo de estilo libre con tem\u00e1tica Fiestas de Sant Jordi. Categor\u00edas de participaci\u00f3n: hasta 5 a\u00f1os, de 6 a 8 a\u00f1os, de &hellip; Seguir leyendo \u00abConcurso de dibujo infanti \u00abFestes de Sant Jordi\u00bb\u00bb","og_url":"https:\/\/cultura.santjosep.org\/es\/agenda\/concurso-de-dibujo-infanti-festes-de-santjordi\/","og_site_name":"Cultura a Sant Josep de sa Talaia","article_publisher":"https:\/\/www.facebook.com\/Ajuntament-de-Sant-Josep-de-sa-Talaia-197541666931354\/","article_modified_time":"2021-04-09T11:27:15+00:00","og_image":[{"width":713,"height":513,"url":"https:\/\/cultura.santjosep.org\/wp-content\/uploads\/2021\/04\/Mesa-de-trabajo-71.png","type":"image\/png"}],"twitter_card":"summary_large_image","twitter_site":"@DeTalaia","schema":{"@context":"https:\/\/schema.org","@graph":[{"@type":"WebPage","@id":"https:\/\/cultura.santjosep.org\/es\/agenda\/concurso-de-dibujo-infanti-festes-de-santjordi\/","url":"https:\/\/cultura.santjosep.org\/es\/agenda\/concurso-de-dibujo-infanti-festes-de-santjordi\/","name":"Concurso de dibujo infanti \"Festes de Sant Jordi\" - Cultura a Sant Josep de sa Talaia","isPartOf":{"@id":"https:\/\/cultura.santjosep.org\/es\/#website"},"primaryImageOfPage":{"@id":"https:\/\/cultura.santjosep.org\/es\/agenda\/concurso-de-dibujo-infanti-festes-de-santjordi\/#primaryimage"},"image":{"@id":"https:\/\/cultura.santjosep.org\/es\/agenda\/concurso-de-dibujo-infanti-festes-de-santjordi\/#primaryimage"},"thumbnailUrl":"https:\/\/cultura.santjosep.org\/wp-content\/uploads\/2021\/04\/Mesa-de-trabajo-71.png","datePublished":"2021-04-09T11:25:26+00:00","dateModified":"2021-04-09T11:27:15+00:00","breadcrumb":{"@id":"https:\/\/cultura.santjosep.org\/es\/agenda\/concurso-de-dibujo-infanti-festes-de-santjordi\/#breadcrumb"},"inLanguage":"es","potentialAction":[{"@type":"ReadAction","target":["https:\/\/cultura.santjosep.org\/es\/agenda\/concurso-de-dibujo-infanti-festes-de-santjordi\/"]}]},{"@type":"ImageObject","inLanguage":"es","@id":"https:\/\/cultura.santjosep.org\/es\/agenda\/concurso-de-dibujo-infanti-festes-de-santjordi\/#primaryimage","url":"https:\/\/cultura.santjosep.org\/wp-content\/uploads\/2021\/04\/Mesa-de-trabajo-71.png","contentUrl":"https:\/\/cultura.santjosep.org\/wp-content\/uploads\/2021\/04\/Mesa-de-trabajo-71.png","width":713,"height":513},{"@type":"BreadcrumbList","@id":"https:\/\/cultura.santjosep.org\/es\/agenda\/concurso-de-dibujo-infanti-festes-de-santjordi\/#breadcrumb","itemListElement":[{"@type":"ListItem","position":1,"name":"Portada","item":"https:\/\/cultura.santjosep.org\/es\/"},{"@type":"ListItem","position":2,"name":"Eventos","item":"https:\/\/cultura.santjosep.org\/agenda\/"},{"@type":"ListItem","position":3,"name":"Concurso de dibujo infanti \u00abFestes de Sant Jordi\u00bb"}]},{"@type":"WebSite","@id":"https:\/\/cultura.santjosep.org\/es\/#website","url":"https:\/\/cultura.santjosep.org\/es\/","name":"Cultura a Sant Josep de sa Talaia","description":"","publisher":{"@id":"https:\/\/cultura.santjosep.org\/es\/#organization"},"potentialAction":[{"@type":"SearchAction","target":{"@type":"EntryPoint","urlTemplate":"https:\/\/cultura.santjosep.org\/es\/?s={search_term_string}"},"query-input":{"@type":"PropertyValueSpecification","valueRequired":true,"valueName":"search_term_string"}}],"inLanguage":"es"},{"@type":"Organization","@id":"https:\/\/cultura.santjosep.org\/es\/#organization","name":"Ajuntament de Sant Josep de sa Talaia","url":"https:\/\/cultura.santjosep.org\/es\/","logo":{"@type":"ImageObject","inLanguage":"es","@id":"https:\/\/cultura.santjosep.org\/es\/#\/schema\/logo\/image\/","url":"https:\/\/cultura.santjosep.org\/wp-content\/uploads\/2020\/10\/logocolor.jpg","contentUrl":"https:\/\/cultura.santjosep.org\/wp-content\/uploads\/2020\/10\/logocolor.jpg","width":250,"height":98,"caption":"Ajuntament de Sant Josep de sa Talaia"},"image":{"@id":"https:\/\/cultura.santjosep.org\/es\/#\/schema\/logo\/image\/"},"sameAs":["https:\/\/www.facebook.com\/Ajuntament-de-Sant-Josep-de-sa-Talaia-197541666931354\/","https:\/\/x.com\/DeTalaia","https:\/\/www.instagram.com\/sant_josep_de_sa_talaia\/"]}]}},"_links":{"self":[{"href":"https:\/\/cultura.santjosep.org\/es\/wp-json\/wp\/v2\/tribe_events\/6091","targetHints":{"allow":["GET"]}}],"collection":[{"href":"https:\/\/cultura.santjosep.org\/es\/wp-json\/wp\/v2\/tribe_events"}],"about":[{"href":"https:\/\/cultura.santjosep.org\/es\/wp-json\/wp\/v2\/types\/tribe_events"}],"author":[{"embeddable":true,"href":"https:\/\/cultura.santjosep.org\/es\/wp-json\/wp\/v2\/users\/1"}],"version-history":[{"count":0,"href":"https:\/\/cultura.santjosep.org\/es\/wp-json\/wp\/v2\/tribe_events\/6091\/revisions"}],"wp:featuredmedia":[{"embeddable":true,"href":"https:\/\/cultura.santjosep.org\/es\/wp-json\/wp\/v2\/media\/6077"}],"wp:attachment":[{"href":"https:\/\/cultura.santjosep.org\/es\/wp-json\/wp\/v2\/media?parent=6091"}],"wp:term":[{"taxonomy":"post_tag","embeddable":true,"href":"https:\/\/cultura.santjosep.org\/es\/wp-json\/wp\/v2\/tags?post=6091"},{"taxonomy":"tribe_events_cat","embeddable":true,"href":"https:\/\/cultura.santjosep.org\/es\/wp-json\/wp\/v2\/tribe_events_cat?post=6091"}],"curies":[{"name":"wp","href":"https:\/\/api.w.org\/{rel}","templated":true}]}}

<p>Concurso de dibujo infantil «Fiestas de Sant Jordi». Dibujo de estilo libre con temática Fiestas de Sant Jordi.<br />
Categorías de participación: hasta 5 años, de 6 a 8 años, de 9 a 12 años y de 13 años adelante.<br />
Los trabajos se podrán presentar hasta el día 23 de abril mediante el correo <a href="mailto:info@gfsantjordi.org">info@gfsantjordi.org</a>.<br />
Los ganadores se darán a conocer mediante las redes sociales del <strong>Grup Folklóric San Jorge de sus Salinas</strong>.<br />
Lo organiza el Grup Folklóric San Jorge de sus Salinas.</p>

<p>Concurso de dibujo infantil «Fiestas de Sant Jordi». Dibujo de estilo libre con temática Fiestas de Sant Jordi. Categorías de participación: hasta 5 años, de 6 a 8 años, de &hellip; </p>
<p class="link-more"><a href="https://cultura.santjosep.org/es/agenda/concurso-de-dibujo-infanti-festes-de-santjordi/" class="more-link">Seguir leyendo<span class="screen-reader-text"> «Concurso de dibujo infanti «Festes de Sant Jordi»»</span></a></p>

<!-- This site is optimized with the Yoast SEO plugin v26.6 - https://yoast.com/wordpress/plugins/seo/ -->
<title>Concurso de dibujo infanti &quot;Festes de Sant Jordi&quot; - Cultura a Sant Josep de sa Talaia</title>
<meta name="robots" content="index, follow, max-snippet:-1, max-image-preview:large, max-video-preview:-1" />
<link rel="canonical" href="https://cultura.santjosep.org/es/agenda/concurso-de-dibujo-infanti-festes-de-santjordi/" />
<meta property="og:locale" content="es_ES" />
<meta property="og:type" content="article" />
<meta property="og:title" content="Concurso de dibujo infanti &quot;Festes de Sant Jordi&quot; - Cultura a Sant Josep de sa Talaia" />
<meta property="og:description" content="Concurso de dibujo infantil «Fiestas de Sant Jordi». Dibujo de estilo libre con temática Fiestas de Sant Jordi. Categorías de participación: hasta 5 años, de 6 a 8 años, de &hellip; Seguir leyendo «Concurso de dibujo infanti «Festes de Sant Jordi»»" />
<meta property="og:url" content="https://cultura.santjosep.org/es/agenda/concurso-de-dibujo-infanti-festes-de-santjordi/" />
<meta property="og:site_name" content="Cultura a Sant Josep de sa Talaia" />
<meta property="article:publisher" content="https://www.facebook.com/Ajuntament-de-Sant-Josep-de-sa-Talaia-197541666931354/" />
<meta property="article:modified_time" content="2021-04-09T11:27:15+00:00" />
<meta property="og:image" content="https://cultura.santjosep.org/wp-content/uploads/2021/04/Mesa-de-trabajo-71.png" />
	<meta property="og:image:width" content="713" />
	<meta property="og:image:height" content="513" />
	<meta property="og:image:type" content="image/png" />
<meta name="twitter:card" content="summary_large_image" />
<meta name="twitter:site" content="@DeTalaia" />
<script type="application/ld+json" class="yoast-schema-graph">{"@context":"https://schema.org","@graph":[{"@type":"WebPage","@id":"https://cultura.santjosep.org/es/agenda/concurso-de-dibujo-infanti-festes-de-santjordi/","url":"https://cultura.santjosep.org/es/agenda/concurso-de-dibujo-infanti-festes-de-santjordi/","name":"Concurso de dibujo infanti \"Festes de Sant Jordi\" - Cultura a Sant Josep de sa Talaia","isPartOf":{"@id":"https://cultura.santjosep.org/es/#website"},"primaryImageOfPage":{"@id":"https://cultura.santjosep.org/es/agenda/concurso-de-dibujo-infanti-festes-de-santjordi/#primaryimage"},"image":{"@id":"https://cultura.santjosep.org/es/agenda/concurso-de-dibujo-infanti-festes-de-santjordi/#primaryimage"},"thumbnailUrl":"https://cultura.santjosep.org/wp-content/uploads/2021/04/Mesa-de-trabajo-71.png","datePublished":"2021-04-09T11:25:26+00:00","dateModified":"2021-04-09T11:27:15+00:00","breadcrumb":{"@id":"https://cultura.santjosep.org/es/agenda/concurso-de-dibujo-infanti-festes-de-santjordi/#breadcrumb"},"inLanguage":"es","potentialAction":[{"@type":"ReadAction","target":["https://cultura.santjosep.org/es/agenda/concurso-de-dibujo-infanti-festes-de-santjordi/"]}]},{"@type":"ImageObject","inLanguage":"es","@id":"https://cultura.santjosep.org/es/agenda/concurso-de-dibujo-infanti-festes-de-santjordi/#primaryimage","url":"https://cultura.santjosep.org/wp-content/uploads/2021/04/Mesa-de-trabajo-71.png","contentUrl":"https://cultura.santjosep.org/wp-content/uploads/2021/04/Mesa-de-trabajo-71.png","width":713,"height":513},{"@type":"BreadcrumbList","@id":"https://cultura.santjosep.org/es/agenda/concurso-de-dibujo-infanti-festes-de-santjordi/#breadcrumb","itemListElement":[{"@type":"ListItem","position":1,"name":"Portada","item":"https://cultura.santjosep.org/es/"},{"@type":"ListItem","position":2,"name":"Eventos","item":"https://cultura.santjosep.org/agenda/"},{"@type":"ListItem","position":3,"name":"Concurso de dibujo infanti «Festes de Sant Jordi»"}]},{"@type":"WebSite","@id":"https://cultura.santjosep.org/es/#website","url":"https://cultura.santjosep.org/es/","name":"Cultura a Sant Josep de sa Talaia","description":"","publisher":{"@id":"https://cultura.santjosep.org/es/#organization"},"potentialAction":[{"@type":"SearchAction","target":{"@type":"EntryPoint","urlTemplate":"https://cultura.santjosep.org/es/?s={search_term_string}"},"query-input":{"@type":"PropertyValueSpecification","valueRequired":true,"valueName":"search_term_string"}}],"inLanguage":"es"},{"@type":"Organization","@id":"https://cultura.santjosep.org/es/#organization","name":"Ajuntament de Sant Josep de sa Talaia","url":"https://cultura.santjosep.org/es/","logo":{"@type":"ImageObject","inLanguage":"es","@id":"https://cultura.santjosep.org/es/#/schema/logo/image/","url":"https://cultura.santjosep.org/wp-content/uploads/2020/10/logocolor.jpg","contentUrl":"https://cultura.santjosep.org/wp-content/uploads/2020/10/logocolor.jpg","width":250,"height":98,"caption":"Ajuntament de Sant Josep de sa Talaia"},"image":{"@id":"https://cultura.santjosep.org/es/#/schema/logo/image/"},"sameAs":["https://www.facebook.com/Ajuntament-de-Sant-Josep-de-sa-Talaia-197541666931354/","https://x.com/DeTalaia","https://www.instagram.com/sant_josep_de_sa_talaia/"]}]}</script>
<!-- / Yoast SEO plugin. -->

Concurso de dibujo infantil «Fiestas de Sant Jordi». Dibujo de estilo libre con temática Fiestas de Sant Jordi. Categorías de participación: hasta 5 años, de 6 a 8 años, de &hellip; Seguir leyendo «Concurso de dibujo infanti «Festes de Sant Jordi»»
