{"id":6740,"date":"2021-06-09T09:27:58","date_gmt":"2021-06-09T07:27:58","guid":{"rendered":"https:\/\/cultura.santjosep.org\/?post_type=tribe_events&#038;p=6740"},"modified":"2021-06-21T16:19:41","modified_gmt":"2021-06-21T14:19:41","slug":"concierto-del-petit-cor-lenyor-de-la-llum","status":"publish","type":"tribe_events","link":"https:\/\/cultura.santjosep.org\/es\/agenda\/concierto-del-petit-cor-lenyor-de-la-llum\/","title":{"rendered":"Concierto del Petit Cor.  \u00abL&#8217;enyor de la llum\u00bb"},"content":{"rendered":"<p>Petit Cor es un coro de c\u00e1mara. Sus programas, con un enfoque po\u00e9tico, han viajado por todas las \u00e9pocas de la m\u00fasica occidental, desde los primeros cantos del siglo II hasta obras de compositores actuales, algunas de las cuales ha estrenado.<\/p>\n<p>Entrada limitada hasta completar aforo. <\/p>\n","protected":false},"excerpt":{"rendered":"<p>Petit Cor es un coro de c\u00e1mara. Sus programas, con un enfoque po\u00e9tico, han viajado por todas las \u00e9pocas de la m\u00fasica occidental, desde los primeros cantos del siglo II &hellip; <\/p>\n<p class=\"link-more\"><a href=\"https:\/\/cultura.santjosep.org\/es\/agenda\/concierto-del-petit-cor-lenyor-de-la-llum\/\" class=\"more-link\">Seguir leyendo<span class=\"screen-reader-text\"> \u00abConcierto del Petit Cor.  \u00abL&#8217;enyor de la llum\u00bb\u00bb<\/span><\/a><\/p>\n","protected":false},"author":1,"featured_media":6800,"template":"","meta":{"_tribe_events_status":"","_tribe_events_status_reason":"","_tribe_events_is_hybrid":"","_tribe_events_is_virtual":"","_tribe_events_virtual_video_source":"","_tribe_events_virtual_embed_video":"","_tribe_events_virtual_linked_button_text":"","_tribe_events_virtual_linked_button":"","_tribe_events_virtual_show_embed_at":"","_tribe_events_virtual_show_embed_to":[],"_tribe_events_virtual_show_on_event":"","_tribe_events_virtual_show_on_views":"","_tribe_events_virtual_url":"","footnotes":""},"tags":[],"tribe_events_cat":[31],"class_list":["post-6740","tribe_events","type-tribe_events","status-publish","has-post-thumbnail","hentry","tribe_events_cat-conciertos","cat_conciertos","entry"],"yoast_head":"<!-- This site is optimized with the Yoast SEO plugin v26.6 - https:\/\/yoast.com\/wordpress\/plugins\/seo\/ -->\n<title>Concierto del Petit Cor. &quot;L&#039;enyor de la llum&quot; - Cultura a Sant Josep de sa Talaia<\/title>\n<meta name=\"robots\" content=\"index, follow, max-snippet:-1, max-image-preview:large, max-video-preview:-1\" \/>\n<link rel=\"canonical\" href=\"https:\/\/cultura.santjosep.org\/es\/agenda\/concierto-del-petit-cor-lenyor-de-la-llum\/\" \/>\n<meta property=\"og:locale\" content=\"es_ES\" \/>\n<meta property=\"og:type\" content=\"article\" \/>\n<meta property=\"og:title\" content=\"Concierto del Petit Cor. &quot;L&#039;enyor de la llum&quot; - Cultura a Sant Josep de sa Talaia\" \/>\n<meta property=\"og:description\" content=\"Petit Cor es un coro de c\u00e1mara. Sus programas, con un enfoque po\u00e9tico, han viajado por todas las \u00e9pocas de la m\u00fasica occidental, desde los primeros cantos del siglo II &hellip; Seguir leyendo \u00abConcierto del Petit Cor. \u00abL&#8217;enyor de la llum\u00bb\u00bb\" \/>\n<meta property=\"og:url\" content=\"https:\/\/cultura.santjosep.org\/es\/agenda\/concierto-del-petit-cor-lenyor-de-la-llum\/\" \/>\n<meta property=\"og:site_name\" content=\"Cultura a Sant Josep de sa Talaia\" \/>\n<meta property=\"article:publisher\" content=\"https:\/\/www.facebook.com\/Ajuntament-de-Sant-Josep-de-sa-Talaia-197541666931354\/\" \/>\n<meta property=\"article:modified_time\" content=\"2021-06-21T14:19:41+00:00\" \/>\n<meta property=\"og:image\" content=\"https:\/\/cultura.santjosep.org\/wp-content\/uploads\/2021\/06\/2021-05-04PETITCOR-LOGO-1.png\" \/>\n\t<meta property=\"og:image:width\" content=\"1236\" \/>\n\t<meta property=\"og:image:height\" content=\"823\" \/>\n\t<meta property=\"og:image:type\" content=\"image\/png\" \/>\n<meta name=\"twitter:card\" content=\"summary_large_image\" \/>\n<meta name=\"twitter:site\" content=\"@DeTalaia\" \/>\n<script type=\"application\/ld+json\" class=\"yoast-schema-graph\">{\"@context\":\"https:\/\/schema.org\",\"@graph\":[{\"@type\":\"WebPage\",\"@id\":\"https:\/\/cultura.santjosep.org\/es\/agenda\/concierto-del-petit-cor-lenyor-de-la-llum\/\",\"url\":\"https:\/\/cultura.santjosep.org\/es\/agenda\/concierto-del-petit-cor-lenyor-de-la-llum\/\",\"name\":\"Concierto del Petit Cor. \\\"L'enyor de la llum\\\" - Cultura a Sant Josep de sa Talaia\",\"isPartOf\":{\"@id\":\"https:\/\/cultura.santjosep.org\/es\/#website\"},\"primaryImageOfPage\":{\"@id\":\"https:\/\/cultura.santjosep.org\/es\/agenda\/concierto-del-petit-cor-lenyor-de-la-llum\/#primaryimage\"},\"image\":{\"@id\":\"https:\/\/cultura.santjosep.org\/es\/agenda\/concierto-del-petit-cor-lenyor-de-la-llum\/#primaryimage\"},\"thumbnailUrl\":\"https:\/\/cultura.santjosep.org\/wp-content\/uploads\/2021\/06\/2021-05-04PETITCOR-LOGO-1.png\",\"datePublished\":\"2021-06-09T07:27:58+00:00\",\"dateModified\":\"2021-06-21T14:19:41+00:00\",\"breadcrumb\":{\"@id\":\"https:\/\/cultura.santjosep.org\/es\/agenda\/concierto-del-petit-cor-lenyor-de-la-llum\/#breadcrumb\"},\"inLanguage\":\"es\",\"potentialAction\":[{\"@type\":\"ReadAction\",\"target\":[\"https:\/\/cultura.santjosep.org\/es\/agenda\/concierto-del-petit-cor-lenyor-de-la-llum\/\"]}]},{\"@type\":\"ImageObject\",\"inLanguage\":\"es\",\"@id\":\"https:\/\/cultura.santjosep.org\/es\/agenda\/concierto-del-petit-cor-lenyor-de-la-llum\/#primaryimage\",\"url\":\"https:\/\/cultura.santjosep.org\/wp-content\/uploads\/2021\/06\/2021-05-04PETITCOR-LOGO-1.png\",\"contentUrl\":\"https:\/\/cultura.santjosep.org\/wp-content\/uploads\/2021\/06\/2021-05-04PETITCOR-LOGO-1.png\",\"width\":1236,\"height\":823},{\"@type\":\"BreadcrumbList\",\"@id\":\"https:\/\/cultura.santjosep.org\/es\/agenda\/concierto-del-petit-cor-lenyor-de-la-llum\/#breadcrumb\",\"itemListElement\":[{\"@type\":\"ListItem\",\"position\":1,\"name\":\"Portada\",\"item\":\"https:\/\/cultura.santjosep.org\/es\/\"},{\"@type\":\"ListItem\",\"position\":2,\"name\":\"Eventos\",\"item\":\"https:\/\/cultura.santjosep.org\/agenda\/\"},{\"@type\":\"ListItem\",\"position\":3,\"name\":\"Concierto del Petit Cor. \u00abL&#8217;enyor de la llum\u00bb\"}]},{\"@type\":\"WebSite\",\"@id\":\"https:\/\/cultura.santjosep.org\/es\/#website\",\"url\":\"https:\/\/cultura.santjosep.org\/es\/\",\"name\":\"Cultura a Sant Josep de sa Talaia\",\"description\":\"\",\"publisher\":{\"@id\":\"https:\/\/cultura.santjosep.org\/es\/#organization\"},\"potentialAction\":[{\"@type\":\"SearchAction\",\"target\":{\"@type\":\"EntryPoint\",\"urlTemplate\":\"https:\/\/cultura.santjosep.org\/es\/?s={search_term_string}\"},\"query-input\":{\"@type\":\"PropertyValueSpecification\",\"valueRequired\":true,\"valueName\":\"search_term_string\"}}],\"inLanguage\":\"es\"},{\"@type\":\"Organization\",\"@id\":\"https:\/\/cultura.santjosep.org\/es\/#organization\",\"name\":\"Ajuntament de Sant Josep de sa Talaia\",\"url\":\"https:\/\/cultura.santjosep.org\/es\/\",\"logo\":{\"@type\":\"ImageObject\",\"inLanguage\":\"es\",\"@id\":\"https:\/\/cultura.santjosep.org\/es\/#\/schema\/logo\/image\/\",\"url\":\"https:\/\/cultura.santjosep.org\/wp-content\/uploads\/2020\/10\/logocolor.jpg\",\"contentUrl\":\"https:\/\/cultura.santjosep.org\/wp-content\/uploads\/2020\/10\/logocolor.jpg\",\"width\":250,\"height\":98,\"caption\":\"Ajuntament de Sant Josep de sa Talaia\"},\"image\":{\"@id\":\"https:\/\/cultura.santjosep.org\/es\/#\/schema\/logo\/image\/\"},\"sameAs\":[\"https:\/\/www.facebook.com\/Ajuntament-de-Sant-Josep-de-sa-Talaia-197541666931354\/\",\"https:\/\/x.com\/DeTalaia\",\"https:\/\/www.instagram.com\/sant_josep_de_sa_talaia\/\"]}]}<\/script>\n<!-- \/ Yoast SEO plugin. -->","yoast_head_json":{"title":"Concierto del Petit Cor. \"L'enyor de la llum\" - Cultura a Sant Josep de sa Talaia","robots":{"index":"index","follow":"follow","max-snippet":"max-snippet:-1","max-image-preview":"max-image-preview:large","max-video-preview":"max-video-preview:-1"},"canonical":"https:\/\/cultura.santjosep.org\/es\/agenda\/concierto-del-petit-cor-lenyor-de-la-llum\/","og_locale":"es_ES","og_type":"article","og_title":"Concierto del Petit Cor. \"L'enyor de la llum\" - Cultura a Sant Josep de sa Talaia","og_description":"Petit Cor es un coro de c\u00e1mara. Sus programas, con un enfoque po\u00e9tico, han viajado por todas las \u00e9pocas de la m\u00fasica occidental, desde los primeros cantos del siglo II &hellip; Seguir leyendo \u00abConcierto del Petit Cor. \u00abL&#8217;enyor de la llum\u00bb\u00bb","og_url":"https:\/\/cultura.santjosep.org\/es\/agenda\/concierto-del-petit-cor-lenyor-de-la-llum\/","og_site_name":"Cultura a Sant Josep de sa Talaia","article_publisher":"https:\/\/www.facebook.com\/Ajuntament-de-Sant-Josep-de-sa-Talaia-197541666931354\/","article_modified_time":"2021-06-21T14:19:41+00:00","og_image":[{"width":1236,"height":823,"url":"https:\/\/cultura.santjosep.org\/wp-content\/uploads\/2021\/06\/2021-05-04PETITCOR-LOGO-1.png","type":"image\/png"}],"twitter_card":"summary_large_image","twitter_site":"@DeTalaia","schema":{"@context":"https:\/\/schema.org","@graph":[{"@type":"WebPage","@id":"https:\/\/cultura.santjosep.org\/es\/agenda\/concierto-del-petit-cor-lenyor-de-la-llum\/","url":"https:\/\/cultura.santjosep.org\/es\/agenda\/concierto-del-petit-cor-lenyor-de-la-llum\/","name":"Concierto del Petit Cor. \"L'enyor de la llum\" - Cultura a Sant Josep de sa Talaia","isPartOf":{"@id":"https:\/\/cultura.santjosep.org\/es\/#website"},"primaryImageOfPage":{"@id":"https:\/\/cultura.santjosep.org\/es\/agenda\/concierto-del-petit-cor-lenyor-de-la-llum\/#primaryimage"},"image":{"@id":"https:\/\/cultura.santjosep.org\/es\/agenda\/concierto-del-petit-cor-lenyor-de-la-llum\/#primaryimage"},"thumbnailUrl":"https:\/\/cultura.santjosep.org\/wp-content\/uploads\/2021\/06\/2021-05-04PETITCOR-LOGO-1.png","datePublished":"2021-06-09T07:27:58+00:00","dateModified":"2021-06-21T14:19:41+00:00","breadcrumb":{"@id":"https:\/\/cultura.santjosep.org\/es\/agenda\/concierto-del-petit-cor-lenyor-de-la-llum\/#breadcrumb"},"inLanguage":"es","potentialAction":[{"@type":"ReadAction","target":["https:\/\/cultura.santjosep.org\/es\/agenda\/concierto-del-petit-cor-lenyor-de-la-llum\/"]}]},{"@type":"ImageObject","inLanguage":"es","@id":"https:\/\/cultura.santjosep.org\/es\/agenda\/concierto-del-petit-cor-lenyor-de-la-llum\/#primaryimage","url":"https:\/\/cultura.santjosep.org\/wp-content\/uploads\/2021\/06\/2021-05-04PETITCOR-LOGO-1.png","contentUrl":"https:\/\/cultura.santjosep.org\/wp-content\/uploads\/2021\/06\/2021-05-04PETITCOR-LOGO-1.png","width":1236,"height":823},{"@type":"BreadcrumbList","@id":"https:\/\/cultura.santjosep.org\/es\/agenda\/concierto-del-petit-cor-lenyor-de-la-llum\/#breadcrumb","itemListElement":[{"@type":"ListItem","position":1,"name":"Portada","item":"https:\/\/cultura.santjosep.org\/es\/"},{"@type":"ListItem","position":2,"name":"Eventos","item":"https:\/\/cultura.santjosep.org\/agenda\/"},{"@type":"ListItem","position":3,"name":"Concierto del Petit Cor. \u00abL&#8217;enyor de la llum\u00bb"}]},{"@type":"WebSite","@id":"https:\/\/cultura.santjosep.org\/es\/#website","url":"https:\/\/cultura.santjosep.org\/es\/","name":"Cultura a Sant Josep de sa Talaia","description":"","publisher":{"@id":"https:\/\/cultura.santjosep.org\/es\/#organization"},"potentialAction":[{"@type":"SearchAction","target":{"@type":"EntryPoint","urlTemplate":"https:\/\/cultura.santjosep.org\/es\/?s={search_term_string}"},"query-input":{"@type":"PropertyValueSpecification","valueRequired":true,"valueName":"search_term_string"}}],"inLanguage":"es"},{"@type":"Organization","@id":"https:\/\/cultura.santjosep.org\/es\/#organization","name":"Ajuntament de Sant Josep de sa Talaia","url":"https:\/\/cultura.santjosep.org\/es\/","logo":{"@type":"ImageObject","inLanguage":"es","@id":"https:\/\/cultura.santjosep.org\/es\/#\/schema\/logo\/image\/","url":"https:\/\/cultura.santjosep.org\/wp-content\/uploads\/2020\/10\/logocolor.jpg","contentUrl":"https:\/\/cultura.santjosep.org\/wp-content\/uploads\/2020\/10\/logocolor.jpg","width":250,"height":98,"caption":"Ajuntament de Sant Josep de sa Talaia"},"image":{"@id":"https:\/\/cultura.santjosep.org\/es\/#\/schema\/logo\/image\/"},"sameAs":["https:\/\/www.facebook.com\/Ajuntament-de-Sant-Josep-de-sa-Talaia-197541666931354\/","https:\/\/x.com\/DeTalaia","https:\/\/www.instagram.com\/sant_josep_de_sa_talaia\/"]}]}},"_links":{"self":[{"href":"https:\/\/cultura.santjosep.org\/es\/wp-json\/wp\/v2\/tribe_events\/6740","targetHints":{"allow":["GET"]}}],"collection":[{"href":"https:\/\/cultura.santjosep.org\/es\/wp-json\/wp\/v2\/tribe_events"}],"about":[{"href":"https:\/\/cultura.santjosep.org\/es\/wp-json\/wp\/v2\/types\/tribe_events"}],"author":[{"embeddable":true,"href":"https:\/\/cultura.santjosep.org\/es\/wp-json\/wp\/v2\/users\/1"}],"version-history":[{"count":0,"href":"https:\/\/cultura.santjosep.org\/es\/wp-json\/wp\/v2\/tribe_events\/6740\/revisions"}],"wp:featuredmedia":[{"embeddable":true,"href":"https:\/\/cultura.santjosep.org\/es\/wp-json\/wp\/v2\/media\/6800"}],"wp:attachment":[{"href":"https:\/\/cultura.santjosep.org\/es\/wp-json\/wp\/v2\/media?parent=6740"}],"wp:term":[{"taxonomy":"post_tag","embeddable":true,"href":"https:\/\/cultura.santjosep.org\/es\/wp-json\/wp\/v2\/tags?post=6740"},{"taxonomy":"tribe_events_cat","embeddable":true,"href":"https:\/\/cultura.santjosep.org\/es\/wp-json\/wp\/v2\/tribe_events_cat?post=6740"}],"curies":[{"name":"wp","href":"https:\/\/api.w.org\/{rel}","templated":true}]}}

<p>Petit Cor es un coro de cámara. Sus programas, con un enfoque poético, han viajado por todas las épocas de la música occidental, desde los primeros cantos del siglo II hasta obras de compositores actuales, algunas de las cuales ha estrenado.</p>
<p>Entrada limitada hasta completar aforo. </p>

<p>Petit Cor es un coro de cámara. Sus programas, con un enfoque poético, han viajado por todas las épocas de la música occidental, desde los primeros cantos del siglo II &hellip; </p>
<p class="link-more"><a href="https://cultura.santjosep.org/es/agenda/concierto-del-petit-cor-lenyor-de-la-llum/" class="more-link">Seguir leyendo<span class="screen-reader-text"> «Concierto del Petit Cor.  «L&#8217;enyor de la llum»»</span></a></p>

<!-- This site is optimized with the Yoast SEO plugin v26.6 - https://yoast.com/wordpress/plugins/seo/ -->
<title>Concierto del Petit Cor. &quot;L&#039;enyor de la llum&quot; - Cultura a Sant Josep de sa Talaia</title>
<meta name="robots" content="index, follow, max-snippet:-1, max-image-preview:large, max-video-preview:-1" />
<link rel="canonical" href="https://cultura.santjosep.org/es/agenda/concierto-del-petit-cor-lenyor-de-la-llum/" />
<meta property="og:locale" content="es_ES" />
<meta property="og:type" content="article" />
<meta property="og:title" content="Concierto del Petit Cor. &quot;L&#039;enyor de la llum&quot; - Cultura a Sant Josep de sa Talaia" />
<meta property="og:description" content="Petit Cor es un coro de cámara. Sus programas, con un enfoque poético, han viajado por todas las épocas de la música occidental, desde los primeros cantos del siglo II &hellip; Seguir leyendo «Concierto del Petit Cor. «L&#8217;enyor de la llum»»" />
<meta property="og:url" content="https://cultura.santjosep.org/es/agenda/concierto-del-petit-cor-lenyor-de-la-llum/" />
<meta property="og:site_name" content="Cultura a Sant Josep de sa Talaia" />
<meta property="article:publisher" content="https://www.facebook.com/Ajuntament-de-Sant-Josep-de-sa-Talaia-197541666931354/" />
<meta property="article:modified_time" content="2021-06-21T14:19:41+00:00" />
<meta property="og:image" content="https://cultura.santjosep.org/wp-content/uploads/2021/06/2021-05-04PETITCOR-LOGO-1.png" />
	<meta property="og:image:width" content="1236" />
	<meta property="og:image:height" content="823" />
	<meta property="og:image:type" content="image/png" />
<meta name="twitter:card" content="summary_large_image" />
<meta name="twitter:site" content="@DeTalaia" />
<script type="application/ld+json" class="yoast-schema-graph">{"@context":"https://schema.org","@graph":[{"@type":"WebPage","@id":"https://cultura.santjosep.org/es/agenda/concierto-del-petit-cor-lenyor-de-la-llum/","url":"https://cultura.santjosep.org/es/agenda/concierto-del-petit-cor-lenyor-de-la-llum/","name":"Concierto del Petit Cor. \"L'enyor de la llum\" - Cultura a Sant Josep de sa Talaia","isPartOf":{"@id":"https://cultura.santjosep.org/es/#website"},"primaryImageOfPage":{"@id":"https://cultura.santjosep.org/es/agenda/concierto-del-petit-cor-lenyor-de-la-llum/#primaryimage"},"image":{"@id":"https://cultura.santjosep.org/es/agenda/concierto-del-petit-cor-lenyor-de-la-llum/#primaryimage"},"thumbnailUrl":"https://cultura.santjosep.org/wp-content/uploads/2021/06/2021-05-04PETITCOR-LOGO-1.png","datePublished":"2021-06-09T07:27:58+00:00","dateModified":"2021-06-21T14:19:41+00:00","breadcrumb":{"@id":"https://cultura.santjosep.org/es/agenda/concierto-del-petit-cor-lenyor-de-la-llum/#breadcrumb"},"inLanguage":"es","potentialAction":[{"@type":"ReadAction","target":["https://cultura.santjosep.org/es/agenda/concierto-del-petit-cor-lenyor-de-la-llum/"]}]},{"@type":"ImageObject","inLanguage":"es","@id":"https://cultura.santjosep.org/es/agenda/concierto-del-petit-cor-lenyor-de-la-llum/#primaryimage","url":"https://cultura.santjosep.org/wp-content/uploads/2021/06/2021-05-04PETITCOR-LOGO-1.png","contentUrl":"https://cultura.santjosep.org/wp-content/uploads/2021/06/2021-05-04PETITCOR-LOGO-1.png","width":1236,"height":823},{"@type":"BreadcrumbList","@id":"https://cultura.santjosep.org/es/agenda/concierto-del-petit-cor-lenyor-de-la-llum/#breadcrumb","itemListElement":[{"@type":"ListItem","position":1,"name":"Portada","item":"https://cultura.santjosep.org/es/"},{"@type":"ListItem","position":2,"name":"Eventos","item":"https://cultura.santjosep.org/agenda/"},{"@type":"ListItem","position":3,"name":"Concierto del Petit Cor. «L&#8217;enyor de la llum»"}]},{"@type":"WebSite","@id":"https://cultura.santjosep.org/es/#website","url":"https://cultura.santjosep.org/es/","name":"Cultura a Sant Josep de sa Talaia","description":"","publisher":{"@id":"https://cultura.santjosep.org/es/#organization"},"potentialAction":[{"@type":"SearchAction","target":{"@type":"EntryPoint","urlTemplate":"https://cultura.santjosep.org/es/?s={search_term_string}"},"query-input":{"@type":"PropertyValueSpecification","valueRequired":true,"valueName":"search_term_string"}}],"inLanguage":"es"},{"@type":"Organization","@id":"https://cultura.santjosep.org/es/#organization","name":"Ajuntament de Sant Josep de sa Talaia","url":"https://cultura.santjosep.org/es/","logo":{"@type":"ImageObject","inLanguage":"es","@id":"https://cultura.santjosep.org/es/#/schema/logo/image/","url":"https://cultura.santjosep.org/wp-content/uploads/2020/10/logocolor.jpg","contentUrl":"https://cultura.santjosep.org/wp-content/uploads/2020/10/logocolor.jpg","width":250,"height":98,"caption":"Ajuntament de Sant Josep de sa Talaia"},"image":{"@id":"https://cultura.santjosep.org/es/#/schema/logo/image/"},"sameAs":["https://www.facebook.com/Ajuntament-de-Sant-Josep-de-sa-Talaia-197541666931354/","https://x.com/DeTalaia","https://www.instagram.com/sant_josep_de_sa_talaia/"]}]}</script>
<!-- / Yoast SEO plugin. -->

Petit Cor es un coro de cámara. Sus programas, con un enfoque poético, han viajado por todas las épocas de la música occidental, desde los primeros cantos del siglo II &hellip; Seguir leyendo «Concierto del Petit Cor. «L&#8217;enyor de la llum»»
