{"id":9152,"date":"2021-11-09T12:42:10","date_gmt":"2021-11-09T11:42:10","guid":{"rendered":"https:\/\/cultura.santjosep.org\/agenda\/excursio-passes-sota-la-lluna-plena\/"},"modified":"2021-11-09T15:15:34","modified_gmt":"2021-11-09T14:15:34","slug":"excursion-paseo-bajo-la-luna-llena","status":"publish","type":"tribe_events","link":"https:\/\/cultura.santjosep.org\/es\/agenda\/excursion-paseo-bajo-la-luna-llena\/","title":{"rendered":"Excursi\u00f3n: \u00abPaseo bajo la luna llena\u00bb"},"content":{"rendered":"<p><strong>Visita guiada pel litoral de Platges de Comte amb la llum de la Lluna plena<\/strong> per con\u00e8ixer els principals valors ambientals de les Reserves naturals.<\/p>\n<p>Per a p\u00fablic general. \u00c9s necess\u00e0ria la inscripci\u00f3 pr\u00e8via en l\u00ednia. Activitat gratu\u00efta.<\/p>\n<p><span style=\"color: #ff0000;\"><a style=\"color: #ff0000;\" href=\"https:\/\/docs.google.com\/forms\/d\/1_VoXgBIdWnso-AIi3aUrC1QZwe2qv49IajQuysA11go\/closedform\" target=\"_blank\" rel=\"noopener\">Formulari d&#8217;inscripci\u00f3n<\/a><\/span><\/p>\n","protected":false},"excerpt":{"rendered":"<p>Visita guiada pel litoral de Platges de Comte amb la llum de la Lluna plena per con\u00e8ixer els principals valors ambientals de les Reserves naturals. Per a p\u00fablic general. \u00c9s &hellip; <\/p>\n<p class=\"link-more\"><a href=\"https:\/\/cultura.santjosep.org\/es\/agenda\/excursion-paseo-bajo-la-luna-llena\/\" class=\"more-link\">Seguir leyendo<span class=\"screen-reader-text\"> \u00abExcursi\u00f3n: \u00abPaseo bajo la luna llena\u00bb\u00bb<\/span><\/a><\/p>\n","protected":false},"author":1,"featured_media":9150,"template":"","meta":{"_tribe_events_status":"","_tribe_events_status_reason":"","_tribe_events_is_hybrid":"","_tribe_events_is_virtual":"","_tribe_events_virtual_video_source":"","_tribe_events_virtual_embed_video":"","_tribe_events_virtual_linked_button_text":"","_tribe_events_virtual_linked_button":"","_tribe_events_virtual_show_embed_at":"","_tribe_events_virtual_show_embed_to":[],"_tribe_events_virtual_show_on_event":"","_tribe_events_virtual_show_on_views":"","_tribe_events_virtual_url":"","footnotes":""},"tags":[],"tribe_events_cat":[102],"class_list":["post-9152","tribe_events","type-tribe_events","status-publish","has-post-thumbnail","hentry","tribe_events_cat-excursions-es","cat_excursions-es","entry"],"yoast_head":"<!-- This site is optimized with the Yoast SEO plugin v26.6 - https:\/\/yoast.com\/wordpress\/plugins\/seo\/ -->\n<title>Excursi\u00f3n: &quot;Paseo bajo la luna llena&quot; - Cultura a Sant Josep de sa Talaia<\/title>\n<meta name=\"robots\" content=\"index, follow, max-snippet:-1, max-image-preview:large, max-video-preview:-1\" \/>\n<link rel=\"canonical\" href=\"https:\/\/cultura.santjosep.org\/es\/agenda\/excursion-paseo-bajo-la-luna-llena\/\" \/>\n<meta property=\"og:locale\" content=\"es_ES\" \/>\n<meta property=\"og:type\" content=\"article\" \/>\n<meta property=\"og:title\" content=\"Excursi\u00f3n: &quot;Paseo bajo la luna llena&quot; - Cultura a Sant Josep de sa Talaia\" \/>\n<meta property=\"og:description\" content=\"Visita guiada pel litoral de Platges de Comte amb la llum de la Lluna plena per con\u00e8ixer els principals valors ambientals de les Reserves naturals. Per a p\u00fablic general. \u00c9s &hellip; Seguir leyendo \u00abExcursi\u00f3n: \u00abPaseo bajo la luna llena\u00bb\u00bb\" \/>\n<meta property=\"og:url\" content=\"https:\/\/cultura.santjosep.org\/es\/agenda\/excursion-paseo-bajo-la-luna-llena\/\" \/>\n<meta property=\"og:site_name\" content=\"Cultura a Sant Josep de sa Talaia\" \/>\n<meta property=\"article:publisher\" content=\"https:\/\/www.facebook.com\/Ajuntament-de-Sant-Josep-de-sa-Talaia-197541666931354\/\" \/>\n<meta property=\"article:modified_time\" content=\"2021-11-09T14:15:34+00:00\" \/>\n<meta property=\"og:image\" content=\"https:\/\/cultura.santjosep.org\/wp-content\/uploads\/2021\/11\/llunaplena.png\" \/>\n\t<meta property=\"og:image:width\" content=\"940\" \/>\n\t<meta property=\"og:image:height\" content=\"788\" \/>\n\t<meta property=\"og:image:type\" content=\"image\/png\" \/>\n<meta name=\"twitter:card\" content=\"summary_large_image\" \/>\n<meta name=\"twitter:site\" content=\"@DeTalaia\" \/>\n<meta name=\"twitter:label1\" content=\"Tiempo de lectura\" \/>\n\t<meta name=\"twitter:data1\" content=\"1 minuto\" \/>\n<script type=\"application\/ld+json\" class=\"yoast-schema-graph\">{\"@context\":\"https:\/\/schema.org\",\"@graph\":[{\"@type\":\"WebPage\",\"@id\":\"https:\/\/cultura.santjosep.org\/es\/agenda\/excursion-paseo-bajo-la-luna-llena\/\",\"url\":\"https:\/\/cultura.santjosep.org\/es\/agenda\/excursion-paseo-bajo-la-luna-llena\/\",\"name\":\"Excursi\u00f3n: \\\"Paseo bajo la luna llena\\\" - Cultura a Sant Josep de sa Talaia\",\"isPartOf\":{\"@id\":\"https:\/\/cultura.santjosep.org\/es\/#website\"},\"primaryImageOfPage\":{\"@id\":\"https:\/\/cultura.santjosep.org\/es\/agenda\/excursion-paseo-bajo-la-luna-llena\/#primaryimage\"},\"image\":{\"@id\":\"https:\/\/cultura.santjosep.org\/es\/agenda\/excursion-paseo-bajo-la-luna-llena\/#primaryimage\"},\"thumbnailUrl\":\"https:\/\/cultura.santjosep.org\/wp-content\/uploads\/2021\/11\/llunaplena.png\",\"datePublished\":\"2021-11-09T11:42:10+00:00\",\"dateModified\":\"2021-11-09T14:15:34+00:00\",\"breadcrumb\":{\"@id\":\"https:\/\/cultura.santjosep.org\/es\/agenda\/excursion-paseo-bajo-la-luna-llena\/#breadcrumb\"},\"inLanguage\":\"es\",\"potentialAction\":[{\"@type\":\"ReadAction\",\"target\":[\"https:\/\/cultura.santjosep.org\/es\/agenda\/excursion-paseo-bajo-la-luna-llena\/\"]}]},{\"@type\":\"ImageObject\",\"inLanguage\":\"es\",\"@id\":\"https:\/\/cultura.santjosep.org\/es\/agenda\/excursion-paseo-bajo-la-luna-llena\/#primaryimage\",\"url\":\"https:\/\/cultura.santjosep.org\/wp-content\/uploads\/2021\/11\/llunaplena.png\",\"contentUrl\":\"https:\/\/cultura.santjosep.org\/wp-content\/uploads\/2021\/11\/llunaplena.png\",\"width\":940,\"height\":788},{\"@type\":\"BreadcrumbList\",\"@id\":\"https:\/\/cultura.santjosep.org\/es\/agenda\/excursion-paseo-bajo-la-luna-llena\/#breadcrumb\",\"itemListElement\":[{\"@type\":\"ListItem\",\"position\":1,\"name\":\"Portada\",\"item\":\"https:\/\/cultura.santjosep.org\/es\/\"},{\"@type\":\"ListItem\",\"position\":2,\"name\":\"Eventos\",\"item\":\"https:\/\/cultura.santjosep.org\/agenda\/\"},{\"@type\":\"ListItem\",\"position\":3,\"name\":\"Excursi\u00f3n: \u00abPaseo bajo la luna llena\u00bb\"}]},{\"@type\":\"WebSite\",\"@id\":\"https:\/\/cultura.santjosep.org\/es\/#website\",\"url\":\"https:\/\/cultura.santjosep.org\/es\/\",\"name\":\"Cultura a Sant Josep de sa Talaia\",\"description\":\"\",\"publisher\":{\"@id\":\"https:\/\/cultura.santjosep.org\/es\/#organization\"},\"potentialAction\":[{\"@type\":\"SearchAction\",\"target\":{\"@type\":\"EntryPoint\",\"urlTemplate\":\"https:\/\/cultura.santjosep.org\/es\/?s={search_term_string}\"},\"query-input\":{\"@type\":\"PropertyValueSpecification\",\"valueRequired\":true,\"valueName\":\"search_term_string\"}}],\"inLanguage\":\"es\"},{\"@type\":\"Organization\",\"@id\":\"https:\/\/cultura.santjosep.org\/es\/#organization\",\"name\":\"Ajuntament de Sant Josep de sa Talaia\",\"url\":\"https:\/\/cultura.santjosep.org\/es\/\",\"logo\":{\"@type\":\"ImageObject\",\"inLanguage\":\"es\",\"@id\":\"https:\/\/cultura.santjosep.org\/es\/#\/schema\/logo\/image\/\",\"url\":\"https:\/\/cultura.santjosep.org\/wp-content\/uploads\/2020\/10\/logocolor.jpg\",\"contentUrl\":\"https:\/\/cultura.santjosep.org\/wp-content\/uploads\/2020\/10\/logocolor.jpg\",\"width\":250,\"height\":98,\"caption\":\"Ajuntament de Sant Josep de sa Talaia\"},\"image\":{\"@id\":\"https:\/\/cultura.santjosep.org\/es\/#\/schema\/logo\/image\/\"},\"sameAs\":[\"https:\/\/www.facebook.com\/Ajuntament-de-Sant-Josep-de-sa-Talaia-197541666931354\/\",\"https:\/\/x.com\/DeTalaia\",\"https:\/\/www.instagram.com\/sant_josep_de_sa_talaia\/\"]}]}<\/script>\n<!-- \/ Yoast SEO plugin. -->","yoast_head_json":{"title":"Excursi\u00f3n: \"Paseo bajo la luna llena\" - Cultura a Sant Josep de sa Talaia","robots":{"index":"index","follow":"follow","max-snippet":"max-snippet:-1","max-image-preview":"max-image-preview:large","max-video-preview":"max-video-preview:-1"},"canonical":"https:\/\/cultura.santjosep.org\/es\/agenda\/excursion-paseo-bajo-la-luna-llena\/","og_locale":"es_ES","og_type":"article","og_title":"Excursi\u00f3n: \"Paseo bajo la luna llena\" - Cultura a Sant Josep de sa Talaia","og_description":"Visita guiada pel litoral de Platges de Comte amb la llum de la Lluna plena per con\u00e8ixer els principals valors ambientals de les Reserves naturals. Per a p\u00fablic general. \u00c9s &hellip; Seguir leyendo \u00abExcursi\u00f3n: \u00abPaseo bajo la luna llena\u00bb\u00bb","og_url":"https:\/\/cultura.santjosep.org\/es\/agenda\/excursion-paseo-bajo-la-luna-llena\/","og_site_name":"Cultura a Sant Josep de sa Talaia","article_publisher":"https:\/\/www.facebook.com\/Ajuntament-de-Sant-Josep-de-sa-Talaia-197541666931354\/","article_modified_time":"2021-11-09T14:15:34+00:00","og_image":[{"width":940,"height":788,"url":"https:\/\/cultura.santjosep.org\/wp-content\/uploads\/2021\/11\/llunaplena.png","type":"image\/png"}],"twitter_card":"summary_large_image","twitter_site":"@DeTalaia","twitter_misc":{"Tiempo de lectura":"1 minuto"},"schema":{"@context":"https:\/\/schema.org","@graph":[{"@type":"WebPage","@id":"https:\/\/cultura.santjosep.org\/es\/agenda\/excursion-paseo-bajo-la-luna-llena\/","url":"https:\/\/cultura.santjosep.org\/es\/agenda\/excursion-paseo-bajo-la-luna-llena\/","name":"Excursi\u00f3n: \"Paseo bajo la luna llena\" - Cultura a Sant Josep de sa Talaia","isPartOf":{"@id":"https:\/\/cultura.santjosep.org\/es\/#website"},"primaryImageOfPage":{"@id":"https:\/\/cultura.santjosep.org\/es\/agenda\/excursion-paseo-bajo-la-luna-llena\/#primaryimage"},"image":{"@id":"https:\/\/cultura.santjosep.org\/es\/agenda\/excursion-paseo-bajo-la-luna-llena\/#primaryimage"},"thumbnailUrl":"https:\/\/cultura.santjosep.org\/wp-content\/uploads\/2021\/11\/llunaplena.png","datePublished":"2021-11-09T11:42:10+00:00","dateModified":"2021-11-09T14:15:34+00:00","breadcrumb":{"@id":"https:\/\/cultura.santjosep.org\/es\/agenda\/excursion-paseo-bajo-la-luna-llena\/#breadcrumb"},"inLanguage":"es","potentialAction":[{"@type":"ReadAction","target":["https:\/\/cultura.santjosep.org\/es\/agenda\/excursion-paseo-bajo-la-luna-llena\/"]}]},{"@type":"ImageObject","inLanguage":"es","@id":"https:\/\/cultura.santjosep.org\/es\/agenda\/excursion-paseo-bajo-la-luna-llena\/#primaryimage","url":"https:\/\/cultura.santjosep.org\/wp-content\/uploads\/2021\/11\/llunaplena.png","contentUrl":"https:\/\/cultura.santjosep.org\/wp-content\/uploads\/2021\/11\/llunaplena.png","width":940,"height":788},{"@type":"BreadcrumbList","@id":"https:\/\/cultura.santjosep.org\/es\/agenda\/excursion-paseo-bajo-la-luna-llena\/#breadcrumb","itemListElement":[{"@type":"ListItem","position":1,"name":"Portada","item":"https:\/\/cultura.santjosep.org\/es\/"},{"@type":"ListItem","position":2,"name":"Eventos","item":"https:\/\/cultura.santjosep.org\/agenda\/"},{"@type":"ListItem","position":3,"name":"Excursi\u00f3n: \u00abPaseo bajo la luna llena\u00bb"}]},{"@type":"WebSite","@id":"https:\/\/cultura.santjosep.org\/es\/#website","url":"https:\/\/cultura.santjosep.org\/es\/","name":"Cultura a Sant Josep de sa Talaia","description":"","publisher":{"@id":"https:\/\/cultura.santjosep.org\/es\/#organization"},"potentialAction":[{"@type":"SearchAction","target":{"@type":"EntryPoint","urlTemplate":"https:\/\/cultura.santjosep.org\/es\/?s={search_term_string}"},"query-input":{"@type":"PropertyValueSpecification","valueRequired":true,"valueName":"search_term_string"}}],"inLanguage":"es"},{"@type":"Organization","@id":"https:\/\/cultura.santjosep.org\/es\/#organization","name":"Ajuntament de Sant Josep de sa Talaia","url":"https:\/\/cultura.santjosep.org\/es\/","logo":{"@type":"ImageObject","inLanguage":"es","@id":"https:\/\/cultura.santjosep.org\/es\/#\/schema\/logo\/image\/","url":"https:\/\/cultura.santjosep.org\/wp-content\/uploads\/2020\/10\/logocolor.jpg","contentUrl":"https:\/\/cultura.santjosep.org\/wp-content\/uploads\/2020\/10\/logocolor.jpg","width":250,"height":98,"caption":"Ajuntament de Sant Josep de sa Talaia"},"image":{"@id":"https:\/\/cultura.santjosep.org\/es\/#\/schema\/logo\/image\/"},"sameAs":["https:\/\/www.facebook.com\/Ajuntament-de-Sant-Josep-de-sa-Talaia-197541666931354\/","https:\/\/x.com\/DeTalaia","https:\/\/www.instagram.com\/sant_josep_de_sa_talaia\/"]}]}},"_links":{"self":[{"href":"https:\/\/cultura.santjosep.org\/es\/wp-json\/wp\/v2\/tribe_events\/9152","targetHints":{"allow":["GET"]}}],"collection":[{"href":"https:\/\/cultura.santjosep.org\/es\/wp-json\/wp\/v2\/tribe_events"}],"about":[{"href":"https:\/\/cultura.santjosep.org\/es\/wp-json\/wp\/v2\/types\/tribe_events"}],"author":[{"embeddable":true,"href":"https:\/\/cultura.santjosep.org\/es\/wp-json\/wp\/v2\/users\/1"}],"version-history":[{"count":0,"href":"https:\/\/cultura.santjosep.org\/es\/wp-json\/wp\/v2\/tribe_events\/9152\/revisions"}],"wp:featuredmedia":[{"embeddable":true,"href":"https:\/\/cultura.santjosep.org\/es\/wp-json\/wp\/v2\/media\/9150"}],"wp:attachment":[{"href":"https:\/\/cultura.santjosep.org\/es\/wp-json\/wp\/v2\/media?parent=9152"}],"wp:term":[{"taxonomy":"post_tag","embeddable":true,"href":"https:\/\/cultura.santjosep.org\/es\/wp-json\/wp\/v2\/tags?post=9152"},{"taxonomy":"tribe_events_cat","embeddable":true,"href":"https:\/\/cultura.santjosep.org\/es\/wp-json\/wp\/v2\/tribe_events_cat?post=9152"}],"curies":[{"name":"wp","href":"https:\/\/api.w.org\/{rel}","templated":true}]}}

Excursión: «Paseo bajo la luna llena»

<p><strong>Visita guiada pel litoral de Platges de Comte amb la llum de la Lluna plena</strong> per conèixer els principals valors ambientals de les Reserves naturals.</p>
<p>Per a públic general. És necessària la inscripció prèvia en línia. Activitat gratuïta.</p>
<p><span style="color: #ff0000;"><a style="color: #ff0000;" href="https://docs.google.com/forms/d/1_VoXgBIdWnso-AIi3aUrC1QZwe2qv49IajQuysA11go/closedform" target="_blank" rel="noopener">Formulari d&#8217;inscripción</a></span></p>

<p>Visita guiada pel litoral de Platges de Comte amb la llum de la Lluna plena per conèixer els principals valors ambientals de les Reserves naturals. Per a públic general. És &hellip; </p>
<p class="link-more"><a href="https://cultura.santjosep.org/es/agenda/excursion-paseo-bajo-la-luna-llena/" class="more-link">Seguir leyendo<span class="screen-reader-text"> «Excursión: «Paseo bajo la luna llena»»</span></a></p>

<!-- This site is optimized with the Yoast SEO plugin v26.6 - https://yoast.com/wordpress/plugins/seo/ -->
<title>Excursión: &quot;Paseo bajo la luna llena&quot; - Cultura a Sant Josep de sa Talaia</title>
<meta name="robots" content="index, follow, max-snippet:-1, max-image-preview:large, max-video-preview:-1" />
<link rel="canonical" href="https://cultura.santjosep.org/es/agenda/excursion-paseo-bajo-la-luna-llena/" />
<meta property="og:locale" content="es_ES" />
<meta property="og:type" content="article" />
<meta property="og:title" content="Excursión: &quot;Paseo bajo la luna llena&quot; - Cultura a Sant Josep de sa Talaia" />
<meta property="og:description" content="Visita guiada pel litoral de Platges de Comte amb la llum de la Lluna plena per conèixer els principals valors ambientals de les Reserves naturals. Per a públic general. És &hellip; Seguir leyendo «Excursión: «Paseo bajo la luna llena»»" />
<meta property="og:url" content="https://cultura.santjosep.org/es/agenda/excursion-paseo-bajo-la-luna-llena/" />
<meta property="og:site_name" content="Cultura a Sant Josep de sa Talaia" />
<meta property="article:publisher" content="https://www.facebook.com/Ajuntament-de-Sant-Josep-de-sa-Talaia-197541666931354/" />
<meta property="article:modified_time" content="2021-11-09T14:15:34+00:00" />
<meta property="og:image" content="https://cultura.santjosep.org/wp-content/uploads/2021/11/llunaplena.png" />
	<meta property="og:image:width" content="940" />
	<meta property="og:image:height" content="788" />
	<meta property="og:image:type" content="image/png" />
<meta name="twitter:card" content="summary_large_image" />
<meta name="twitter:site" content="@DeTalaia" />
<meta name="twitter:label1" content="Tiempo de lectura" />
	<meta name="twitter:data1" content="1 minuto" />
<script type="application/ld+json" class="yoast-schema-graph">{"@context":"https://schema.org","@graph":[{"@type":"WebPage","@id":"https://cultura.santjosep.org/es/agenda/excursion-paseo-bajo-la-luna-llena/","url":"https://cultura.santjosep.org/es/agenda/excursion-paseo-bajo-la-luna-llena/","name":"Excursión: \"Paseo bajo la luna llena\" - Cultura a Sant Josep de sa Talaia","isPartOf":{"@id":"https://cultura.santjosep.org/es/#website"},"primaryImageOfPage":{"@id":"https://cultura.santjosep.org/es/agenda/excursion-paseo-bajo-la-luna-llena/#primaryimage"},"image":{"@id":"https://cultura.santjosep.org/es/agenda/excursion-paseo-bajo-la-luna-llena/#primaryimage"},"thumbnailUrl":"https://cultura.santjosep.org/wp-content/uploads/2021/11/llunaplena.png","datePublished":"2021-11-09T11:42:10+00:00","dateModified":"2021-11-09T14:15:34+00:00","breadcrumb":{"@id":"https://cultura.santjosep.org/es/agenda/excursion-paseo-bajo-la-luna-llena/#breadcrumb"},"inLanguage":"es","potentialAction":[{"@type":"ReadAction","target":["https://cultura.santjosep.org/es/agenda/excursion-paseo-bajo-la-luna-llena/"]}]},{"@type":"ImageObject","inLanguage":"es","@id":"https://cultura.santjosep.org/es/agenda/excursion-paseo-bajo-la-luna-llena/#primaryimage","url":"https://cultura.santjosep.org/wp-content/uploads/2021/11/llunaplena.png","contentUrl":"https://cultura.santjosep.org/wp-content/uploads/2021/11/llunaplena.png","width":940,"height":788},{"@type":"BreadcrumbList","@id":"https://cultura.santjosep.org/es/agenda/excursion-paseo-bajo-la-luna-llena/#breadcrumb","itemListElement":[{"@type":"ListItem","position":1,"name":"Portada","item":"https://cultura.santjosep.org/es/"},{"@type":"ListItem","position":2,"name":"Eventos","item":"https://cultura.santjosep.org/agenda/"},{"@type":"ListItem","position":3,"name":"Excursión: «Paseo bajo la luna llena»"}]},{"@type":"WebSite","@id":"https://cultura.santjosep.org/es/#website","url":"https://cultura.santjosep.org/es/","name":"Cultura a Sant Josep de sa Talaia","description":"","publisher":{"@id":"https://cultura.santjosep.org/es/#organization"},"potentialAction":[{"@type":"SearchAction","target":{"@type":"EntryPoint","urlTemplate":"https://cultura.santjosep.org/es/?s={search_term_string}"},"query-input":{"@type":"PropertyValueSpecification","valueRequired":true,"valueName":"search_term_string"}}],"inLanguage":"es"},{"@type":"Organization","@id":"https://cultura.santjosep.org/es/#organization","name":"Ajuntament de Sant Josep de sa Talaia","url":"https://cultura.santjosep.org/es/","logo":{"@type":"ImageObject","inLanguage":"es","@id":"https://cultura.santjosep.org/es/#/schema/logo/image/","url":"https://cultura.santjosep.org/wp-content/uploads/2020/10/logocolor.jpg","contentUrl":"https://cultura.santjosep.org/wp-content/uploads/2020/10/logocolor.jpg","width":250,"height":98,"caption":"Ajuntament de Sant Josep de sa Talaia"},"image":{"@id":"https://cultura.santjosep.org/es/#/schema/logo/image/"},"sameAs":["https://www.facebook.com/Ajuntament-de-Sant-Josep-de-sa-Talaia-197541666931354/","https://x.com/DeTalaia","https://www.instagram.com/sant_josep_de_sa_talaia/"]}]}</script>
<!-- / Yoast SEO plugin. -->

Excursión: "Paseo bajo la luna llena" - Cultura a Sant Josep de sa Talaia

Visita guiada pel litoral de Platges de Comte amb la llum de la Lluna plena per conèixer els principals valors ambientals de les Reserves naturals. Per a públic general. És &hellip; Seguir leyendo «Excursión: «Paseo bajo la luna llena»»
