{"id":9543,"date":"2021-12-02T14:04:34","date_gmt":"2021-12-02T13:04:34","guid":{"rendered":"https:\/\/cultura.santjosep.org\/agenda\/concert-dhomes-cor-de-sant-agusti\/"},"modified":"2021-12-02T14:58:17","modified_gmt":"2021-12-02T13:58:17","slug":"concert-dhomes-cor-de-sant-agusti","status":"publish","type":"tribe_events","link":"https:\/\/cultura.santjosep.org\/es\/agenda\/concert-dhomes-cor-de-sant-agusti\/","title":{"rendered":"Concert d&#8217;homes &#8211; Cor de Sant Agust\u00ed"},"content":{"rendered":"<p>20.15 h Concert d&#8217;homes, el Cor de Sant Agust\u00ed convida a joves solistes i Un Parell de Tres. A l&#8217;esgl\u00e9sia de Sant Agust\u00ed.<\/p>\n<p>Ho organitza Cor de Sant Agust\u00ed<\/p>\n","protected":false},"excerpt":{"rendered":"<p>20.15 h Concert d&#8217;homes, el Cor de Sant Agust\u00ed convida a joves solistes i Un Parell de Tres. A l&#8217;esgl\u00e9sia de Sant Agust\u00ed. Ho organitza Cor de Sant Agust\u00ed<\/p>\n","protected":false},"author":1,"featured_media":8068,"template":"","meta":{"_tribe_events_status":"","_tribe_events_status_reason":"","_tribe_events_is_hybrid":"","_tribe_events_is_virtual":"","_tribe_events_virtual_video_source":"","_tribe_events_virtual_embed_video":"","_tribe_events_virtual_linked_button_text":"","_tribe_events_virtual_linked_button":"","_tribe_events_virtual_show_embed_at":"","_tribe_events_virtual_show_embed_to":[],"_tribe_events_virtual_show_on_event":"","_tribe_events_virtual_show_on_views":"","_tribe_events_virtual_url":"","footnotes":""},"tags":[],"tribe_events_cat":[],"class_list":["post-9543","tribe_events","type-tribe_events","status-publish","has-post-thumbnail","hentry","entry"],"yoast_head":"<!-- This site is optimized with the Yoast SEO plugin v26.6 - https:\/\/yoast.com\/wordpress\/plugins\/seo\/ -->\n<title>Concert d&#039;homes - Cor de Sant Agust\u00ed - Cultura a Sant Josep de sa Talaia<\/title>\n<meta name=\"robots\" content=\"index, follow, max-snippet:-1, max-image-preview:large, max-video-preview:-1\" \/>\n<link rel=\"canonical\" href=\"https:\/\/cultura.santjosep.org\/es\/agenda\/concert-dhomes-cor-de-sant-agusti\/\" \/>\n<meta property=\"og:locale\" content=\"es_ES\" \/>\n<meta property=\"og:type\" content=\"article\" \/>\n<meta property=\"og:title\" content=\"Concert d&#039;homes - Cor de Sant Agust\u00ed - Cultura a Sant Josep de sa Talaia\" \/>\n<meta property=\"og:description\" content=\"20.15 h Concert d&#8217;homes, el Cor de Sant Agust\u00ed convida a joves solistes i Un Parell de Tres. A l&#8217;esgl\u00e9sia de Sant Agust\u00ed. Ho organitza Cor de Sant Agust\u00ed\" \/>\n<meta property=\"og:url\" content=\"https:\/\/cultura.santjosep.org\/es\/agenda\/concert-dhomes-cor-de-sant-agusti\/\" \/>\n<meta property=\"og:site_name\" content=\"Cultura a Sant Josep de sa Talaia\" \/>\n<meta property=\"article:publisher\" content=\"https:\/\/www.facebook.com\/Ajuntament-de-Sant-Josep-de-sa-Talaia-197541666931354\/\" \/>\n<meta property=\"article:modified_time\" content=\"2021-12-02T13:58:17+00:00\" \/>\n<meta property=\"og:image\" content=\"https:\/\/cultura.santjosep.org\/wp-content\/uploads\/2021\/10\/iglesiasantagusti_IMG_4103_1200-x-800.jpg\" \/>\n\t<meta property=\"og:image:width\" content=\"1200\" \/>\n\t<meta property=\"og:image:height\" content=\"800\" \/>\n\t<meta property=\"og:image:type\" content=\"image\/jpeg\" \/>\n<meta name=\"twitter:card\" content=\"summary_large_image\" \/>\n<meta name=\"twitter:site\" content=\"@DeTalaia\" \/>\n<meta name=\"twitter:label1\" content=\"Tiempo de lectura\" \/>\n\t<meta name=\"twitter:data1\" content=\"1 minuto\" \/>\n<script type=\"application\/ld+json\" class=\"yoast-schema-graph\">{\"@context\":\"https:\/\/schema.org\",\"@graph\":[{\"@type\":\"WebPage\",\"@id\":\"https:\/\/cultura.santjosep.org\/es\/agenda\/concert-dhomes-cor-de-sant-agusti\/\",\"url\":\"https:\/\/cultura.santjosep.org\/es\/agenda\/concert-dhomes-cor-de-sant-agusti\/\",\"name\":\"Concert d'homes - Cor de Sant Agust\u00ed - Cultura a Sant Josep de sa Talaia\",\"isPartOf\":{\"@id\":\"https:\/\/cultura.santjosep.org\/es\/#website\"},\"primaryImageOfPage\":{\"@id\":\"https:\/\/cultura.santjosep.org\/es\/agenda\/concert-dhomes-cor-de-sant-agusti\/#primaryimage\"},\"image\":{\"@id\":\"https:\/\/cultura.santjosep.org\/es\/agenda\/concert-dhomes-cor-de-sant-agusti\/#primaryimage\"},\"thumbnailUrl\":\"https:\/\/cultura.santjosep.org\/wp-content\/uploads\/2021\/10\/iglesiasantagusti_IMG_4103_1200-x-800.jpg\",\"datePublished\":\"2021-12-02T13:04:34+00:00\",\"dateModified\":\"2021-12-02T13:58:17+00:00\",\"breadcrumb\":{\"@id\":\"https:\/\/cultura.santjosep.org\/es\/agenda\/concert-dhomes-cor-de-sant-agusti\/#breadcrumb\"},\"inLanguage\":\"es\",\"potentialAction\":[{\"@type\":\"ReadAction\",\"target\":[\"https:\/\/cultura.santjosep.org\/es\/agenda\/concert-dhomes-cor-de-sant-agusti\/\"]}]},{\"@type\":\"ImageObject\",\"inLanguage\":\"es\",\"@id\":\"https:\/\/cultura.santjosep.org\/es\/agenda\/concert-dhomes-cor-de-sant-agusti\/#primaryimage\",\"url\":\"https:\/\/cultura.santjosep.org\/wp-content\/uploads\/2021\/10\/iglesiasantagusti_IMG_4103_1200-x-800.jpg\",\"contentUrl\":\"https:\/\/cultura.santjosep.org\/wp-content\/uploads\/2021\/10\/iglesiasantagusti_IMG_4103_1200-x-800.jpg\",\"width\":1200,\"height\":800},{\"@type\":\"BreadcrumbList\",\"@id\":\"https:\/\/cultura.santjosep.org\/es\/agenda\/concert-dhomes-cor-de-sant-agusti\/#breadcrumb\",\"itemListElement\":[{\"@type\":\"ListItem\",\"position\":1,\"name\":\"Portada\",\"item\":\"https:\/\/cultura.santjosep.org\/es\/\"},{\"@type\":\"ListItem\",\"position\":2,\"name\":\"Eventos\",\"item\":\"https:\/\/cultura.santjosep.org\/agenda\/\"},{\"@type\":\"ListItem\",\"position\":3,\"name\":\"Concert d&#8217;homes &#8211; Cor de Sant Agust\u00ed\"}]},{\"@type\":\"WebSite\",\"@id\":\"https:\/\/cultura.santjosep.org\/es\/#website\",\"url\":\"https:\/\/cultura.santjosep.org\/es\/\",\"name\":\"Cultura a Sant Josep de sa Talaia\",\"description\":\"\",\"publisher\":{\"@id\":\"https:\/\/cultura.santjosep.org\/es\/#organization\"},\"potentialAction\":[{\"@type\":\"SearchAction\",\"target\":{\"@type\":\"EntryPoint\",\"urlTemplate\":\"https:\/\/cultura.santjosep.org\/es\/?s={search_term_string}\"},\"query-input\":{\"@type\":\"PropertyValueSpecification\",\"valueRequired\":true,\"valueName\":\"search_term_string\"}}],\"inLanguage\":\"es\"},{\"@type\":\"Organization\",\"@id\":\"https:\/\/cultura.santjosep.org\/es\/#organization\",\"name\":\"Ajuntament de Sant Josep de sa Talaia\",\"url\":\"https:\/\/cultura.santjosep.org\/es\/\",\"logo\":{\"@type\":\"ImageObject\",\"inLanguage\":\"es\",\"@id\":\"https:\/\/cultura.santjosep.org\/es\/#\/schema\/logo\/image\/\",\"url\":\"https:\/\/cultura.santjosep.org\/wp-content\/uploads\/2020\/10\/logocolor.jpg\",\"contentUrl\":\"https:\/\/cultura.santjosep.org\/wp-content\/uploads\/2020\/10\/logocolor.jpg\",\"width\":250,\"height\":98,\"caption\":\"Ajuntament de Sant Josep de sa Talaia\"},\"image\":{\"@id\":\"https:\/\/cultura.santjosep.org\/es\/#\/schema\/logo\/image\/\"},\"sameAs\":[\"https:\/\/www.facebook.com\/Ajuntament-de-Sant-Josep-de-sa-Talaia-197541666931354\/\",\"https:\/\/x.com\/DeTalaia\",\"https:\/\/www.instagram.com\/sant_josep_de_sa_talaia\/\"]}]}<\/script>\n<!-- \/ Yoast SEO plugin. -->","yoast_head_json":{"title":"Concert d'homes - Cor de Sant Agust\u00ed - Cultura a Sant Josep de sa Talaia","robots":{"index":"index","follow":"follow","max-snippet":"max-snippet:-1","max-image-preview":"max-image-preview:large","max-video-preview":"max-video-preview:-1"},"canonical":"https:\/\/cultura.santjosep.org\/es\/agenda\/concert-dhomes-cor-de-sant-agusti\/","og_locale":"es_ES","og_type":"article","og_title":"Concert d'homes - Cor de Sant Agust\u00ed - Cultura a Sant Josep de sa Talaia","og_description":"20.15 h Concert d&#8217;homes, el Cor de Sant Agust\u00ed convida a joves solistes i Un Parell de Tres. A l&#8217;esgl\u00e9sia de Sant Agust\u00ed. Ho organitza Cor de Sant Agust\u00ed","og_url":"https:\/\/cultura.santjosep.org\/es\/agenda\/concert-dhomes-cor-de-sant-agusti\/","og_site_name":"Cultura a Sant Josep de sa Talaia","article_publisher":"https:\/\/www.facebook.com\/Ajuntament-de-Sant-Josep-de-sa-Talaia-197541666931354\/","article_modified_time":"2021-12-02T13:58:17+00:00","og_image":[{"width":1200,"height":800,"url":"https:\/\/cultura.santjosep.org\/wp-content\/uploads\/2021\/10\/iglesiasantagusti_IMG_4103_1200-x-800.jpg","type":"image\/jpeg"}],"twitter_card":"summary_large_image","twitter_site":"@DeTalaia","twitter_misc":{"Tiempo de lectura":"1 minuto"},"schema":{"@context":"https:\/\/schema.org","@graph":[{"@type":"WebPage","@id":"https:\/\/cultura.santjosep.org\/es\/agenda\/concert-dhomes-cor-de-sant-agusti\/","url":"https:\/\/cultura.santjosep.org\/es\/agenda\/concert-dhomes-cor-de-sant-agusti\/","name":"Concert d'homes - Cor de Sant Agust\u00ed - Cultura a Sant Josep de sa Talaia","isPartOf":{"@id":"https:\/\/cultura.santjosep.org\/es\/#website"},"primaryImageOfPage":{"@id":"https:\/\/cultura.santjosep.org\/es\/agenda\/concert-dhomes-cor-de-sant-agusti\/#primaryimage"},"image":{"@id":"https:\/\/cultura.santjosep.org\/es\/agenda\/concert-dhomes-cor-de-sant-agusti\/#primaryimage"},"thumbnailUrl":"https:\/\/cultura.santjosep.org\/wp-content\/uploads\/2021\/10\/iglesiasantagusti_IMG_4103_1200-x-800.jpg","datePublished":"2021-12-02T13:04:34+00:00","dateModified":"2021-12-02T13:58:17+00:00","breadcrumb":{"@id":"https:\/\/cultura.santjosep.org\/es\/agenda\/concert-dhomes-cor-de-sant-agusti\/#breadcrumb"},"inLanguage":"es","potentialAction":[{"@type":"ReadAction","target":["https:\/\/cultura.santjosep.org\/es\/agenda\/concert-dhomes-cor-de-sant-agusti\/"]}]},{"@type":"ImageObject","inLanguage":"es","@id":"https:\/\/cultura.santjosep.org\/es\/agenda\/concert-dhomes-cor-de-sant-agusti\/#primaryimage","url":"https:\/\/cultura.santjosep.org\/wp-content\/uploads\/2021\/10\/iglesiasantagusti_IMG_4103_1200-x-800.jpg","contentUrl":"https:\/\/cultura.santjosep.org\/wp-content\/uploads\/2021\/10\/iglesiasantagusti_IMG_4103_1200-x-800.jpg","width":1200,"height":800},{"@type":"BreadcrumbList","@id":"https:\/\/cultura.santjosep.org\/es\/agenda\/concert-dhomes-cor-de-sant-agusti\/#breadcrumb","itemListElement":[{"@type":"ListItem","position":1,"name":"Portada","item":"https:\/\/cultura.santjosep.org\/es\/"},{"@type":"ListItem","position":2,"name":"Eventos","item":"https:\/\/cultura.santjosep.org\/agenda\/"},{"@type":"ListItem","position":3,"name":"Concert d&#8217;homes &#8211; Cor de Sant Agust\u00ed"}]},{"@type":"WebSite","@id":"https:\/\/cultura.santjosep.org\/es\/#website","url":"https:\/\/cultura.santjosep.org\/es\/","name":"Cultura a Sant Josep de sa Talaia","description":"","publisher":{"@id":"https:\/\/cultura.santjosep.org\/es\/#organization"},"potentialAction":[{"@type":"SearchAction","target":{"@type":"EntryPoint","urlTemplate":"https:\/\/cultura.santjosep.org\/es\/?s={search_term_string}"},"query-input":{"@type":"PropertyValueSpecification","valueRequired":true,"valueName":"search_term_string"}}],"inLanguage":"es"},{"@type":"Organization","@id":"https:\/\/cultura.santjosep.org\/es\/#organization","name":"Ajuntament de Sant Josep de sa Talaia","url":"https:\/\/cultura.santjosep.org\/es\/","logo":{"@type":"ImageObject","inLanguage":"es","@id":"https:\/\/cultura.santjosep.org\/es\/#\/schema\/logo\/image\/","url":"https:\/\/cultura.santjosep.org\/wp-content\/uploads\/2020\/10\/logocolor.jpg","contentUrl":"https:\/\/cultura.santjosep.org\/wp-content\/uploads\/2020\/10\/logocolor.jpg","width":250,"height":98,"caption":"Ajuntament de Sant Josep de sa Talaia"},"image":{"@id":"https:\/\/cultura.santjosep.org\/es\/#\/schema\/logo\/image\/"},"sameAs":["https:\/\/www.facebook.com\/Ajuntament-de-Sant-Josep-de-sa-Talaia-197541666931354\/","https:\/\/x.com\/DeTalaia","https:\/\/www.instagram.com\/sant_josep_de_sa_talaia\/"]}]}},"_links":{"self":[{"href":"https:\/\/cultura.santjosep.org\/es\/wp-json\/wp\/v2\/tribe_events\/9543","targetHints":{"allow":["GET"]}}],"collection":[{"href":"https:\/\/cultura.santjosep.org\/es\/wp-json\/wp\/v2\/tribe_events"}],"about":[{"href":"https:\/\/cultura.santjosep.org\/es\/wp-json\/wp\/v2\/types\/tribe_events"}],"author":[{"embeddable":true,"href":"https:\/\/cultura.santjosep.org\/es\/wp-json\/wp\/v2\/users\/1"}],"version-history":[{"count":0,"href":"https:\/\/cultura.santjosep.org\/es\/wp-json\/wp\/v2\/tribe_events\/9543\/revisions"}],"wp:featuredmedia":[{"embeddable":true,"href":"https:\/\/cultura.santjosep.org\/es\/wp-json\/wp\/v2\/media\/8068"}],"wp:attachment":[{"href":"https:\/\/cultura.santjosep.org\/es\/wp-json\/wp\/v2\/media?parent=9543"}],"wp:term":[{"taxonomy":"post_tag","embeddable":true,"href":"https:\/\/cultura.santjosep.org\/es\/wp-json\/wp\/v2\/tags?post=9543"},{"taxonomy":"tribe_events_cat","embeddable":true,"href":"https:\/\/cultura.santjosep.org\/es\/wp-json\/wp\/v2\/tribe_events_cat?post=9543"}],"curies":[{"name":"wp","href":"https:\/\/api.w.org\/{rel}","templated":true}]}}

Concert d&#8217;homes &#8211; Cor de Sant Agustí

<p>20.15 h Concert d&#8217;homes, el Cor de Sant Agustí convida a joves solistes i Un Parell de Tres. A l&#8217;església de Sant Agustí.</p>
<p>Ho organitza Cor de Sant Agustí</p>

<p>20.15 h Concert d&#8217;homes, el Cor de Sant Agustí convida a joves solistes i Un Parell de Tres. A l&#8217;església de Sant Agustí. Ho organitza Cor de Sant Agustí</p>

<!-- This site is optimized with the Yoast SEO plugin v26.6 - https://yoast.com/wordpress/plugins/seo/ -->
<title>Concert d&#039;homes - Cor de Sant Agustí - Cultura a Sant Josep de sa Talaia</title>
<meta name="robots" content="index, follow, max-snippet:-1, max-image-preview:large, max-video-preview:-1" />
<link rel="canonical" href="https://cultura.santjosep.org/es/agenda/concert-dhomes-cor-de-sant-agusti/" />
<meta property="og:locale" content="es_ES" />
<meta property="og:type" content="article" />
<meta property="og:title" content="Concert d&#039;homes - Cor de Sant Agustí - Cultura a Sant Josep de sa Talaia" />
<meta property="og:description" content="20.15 h Concert d&#8217;homes, el Cor de Sant Agustí convida a joves solistes i Un Parell de Tres. A l&#8217;església de Sant Agustí. Ho organitza Cor de Sant Agustí" />
<meta property="og:url" content="https://cultura.santjosep.org/es/agenda/concert-dhomes-cor-de-sant-agusti/" />
<meta property="og:site_name" content="Cultura a Sant Josep de sa Talaia" />
<meta property="article:publisher" content="https://www.facebook.com/Ajuntament-de-Sant-Josep-de-sa-Talaia-197541666931354/" />
<meta property="article:modified_time" content="2021-12-02T13:58:17+00:00" />
<meta property="og:image" content="https://cultura.santjosep.org/wp-content/uploads/2021/10/iglesiasantagusti_IMG_4103_1200-x-800.jpg" />
	<meta property="og:image:width" content="1200" />
	<meta property="og:image:height" content="800" />
	<meta property="og:image:type" content="image/jpeg" />
<meta name="twitter:card" content="summary_large_image" />
<meta name="twitter:site" content="@DeTalaia" />
<meta name="twitter:label1" content="Tiempo de lectura" />
	<meta name="twitter:data1" content="1 minuto" />
<script type="application/ld+json" class="yoast-schema-graph">{"@context":"https://schema.org","@graph":[{"@type":"WebPage","@id":"https://cultura.santjosep.org/es/agenda/concert-dhomes-cor-de-sant-agusti/","url":"https://cultura.santjosep.org/es/agenda/concert-dhomes-cor-de-sant-agusti/","name":"Concert d'homes - Cor de Sant Agustí - Cultura a Sant Josep de sa Talaia","isPartOf":{"@id":"https://cultura.santjosep.org/es/#website"},"primaryImageOfPage":{"@id":"https://cultura.santjosep.org/es/agenda/concert-dhomes-cor-de-sant-agusti/#primaryimage"},"image":{"@id":"https://cultura.santjosep.org/es/agenda/concert-dhomes-cor-de-sant-agusti/#primaryimage"},"thumbnailUrl":"https://cultura.santjosep.org/wp-content/uploads/2021/10/iglesiasantagusti_IMG_4103_1200-x-800.jpg","datePublished":"2021-12-02T13:04:34+00:00","dateModified":"2021-12-02T13:58:17+00:00","breadcrumb":{"@id":"https://cultura.santjosep.org/es/agenda/concert-dhomes-cor-de-sant-agusti/#breadcrumb"},"inLanguage":"es","potentialAction":[{"@type":"ReadAction","target":["https://cultura.santjosep.org/es/agenda/concert-dhomes-cor-de-sant-agusti/"]}]},{"@type":"ImageObject","inLanguage":"es","@id":"https://cultura.santjosep.org/es/agenda/concert-dhomes-cor-de-sant-agusti/#primaryimage","url":"https://cultura.santjosep.org/wp-content/uploads/2021/10/iglesiasantagusti_IMG_4103_1200-x-800.jpg","contentUrl":"https://cultura.santjosep.org/wp-content/uploads/2021/10/iglesiasantagusti_IMG_4103_1200-x-800.jpg","width":1200,"height":800},{"@type":"BreadcrumbList","@id":"https://cultura.santjosep.org/es/agenda/concert-dhomes-cor-de-sant-agusti/#breadcrumb","itemListElement":[{"@type":"ListItem","position":1,"name":"Portada","item":"https://cultura.santjosep.org/es/"},{"@type":"ListItem","position":2,"name":"Eventos","item":"https://cultura.santjosep.org/agenda/"},{"@type":"ListItem","position":3,"name":"Concert d&#8217;homes &#8211; Cor de Sant Agustí"}]},{"@type":"WebSite","@id":"https://cultura.santjosep.org/es/#website","url":"https://cultura.santjosep.org/es/","name":"Cultura a Sant Josep de sa Talaia","description":"","publisher":{"@id":"https://cultura.santjosep.org/es/#organization"},"potentialAction":[{"@type":"SearchAction","target":{"@type":"EntryPoint","urlTemplate":"https://cultura.santjosep.org/es/?s={search_term_string}"},"query-input":{"@type":"PropertyValueSpecification","valueRequired":true,"valueName":"search_term_string"}}],"inLanguage":"es"},{"@type":"Organization","@id":"https://cultura.santjosep.org/es/#organization","name":"Ajuntament de Sant Josep de sa Talaia","url":"https://cultura.santjosep.org/es/","logo":{"@type":"ImageObject","inLanguage":"es","@id":"https://cultura.santjosep.org/es/#/schema/logo/image/","url":"https://cultura.santjosep.org/wp-content/uploads/2020/10/logocolor.jpg","contentUrl":"https://cultura.santjosep.org/wp-content/uploads/2020/10/logocolor.jpg","width":250,"height":98,"caption":"Ajuntament de Sant Josep de sa Talaia"},"image":{"@id":"https://cultura.santjosep.org/es/#/schema/logo/image/"},"sameAs":["https://www.facebook.com/Ajuntament-de-Sant-Josep-de-sa-Talaia-197541666931354/","https://x.com/DeTalaia","https://www.instagram.com/sant_josep_de_sa_talaia/"]}]}</script>
<!-- / Yoast SEO plugin. -->

Concert d'homes - Cor de Sant Agustí - Cultura a Sant Josep de sa Talaia

20.15 h Concert d&#8217;homes, el Cor de Sant Agustí convida a joves solistes i Un Parell de Tres. A l&#8217;església de Sant Agustí. Ho organitza Cor de Sant Agustí
